57.141.6.6 - - [30/Mar/2026:01:55:57 +0000] "GET /media_category-sitemap.xml?fileloc=/home/tourplannerslank/public_html/wp-content/backuply/backuply_backup_log.php&path=/home/tourplannerslank/public_html/wp-content/backuply HTTP/2" 200 25182 "-" "meta-externalagent/1.1 (+https://developers.facebook.com/docs/sharing/webmasters/crawler)"
57.141.6.38 - - [30/Mar/2026:01:55:57 +0000] "GET /media_category-sitemap.xml?fileloc=/home/tourplannerslank/public_html/wp-includes/js/wp-api.js&path=/home/tourplannerslank/public_html/wp-includes/js HTTP/2" 200 62210 "-" "meta-externalagent/1.1 (+https://developers.facebook.com/docs/sharing/webmasters/crawler)"
57.141.6.20 - - [30/Mar/2026:01:55:57 +0000] "GET /media_category-sitemap.xml?fileloc=/home/tourplannerslank/public_html/wp-includes/js/wpdialog.min.js&path=/home/tourplannerslank/public_html/wp-includes/js HTTP/2" 200 12885 "-" "meta-externalagent/1.1 (+https://developers.facebook.com/docs/sharing/webmasters/crawler)"
57.141.6.27 - - [30/Mar/2026:01:55:59 +0000] "GET /media_category-sitemap.xml?fileloc=/home/tourplannerslank/public_html/wp-includes/js/quicktags.js&path=/home/tourplannerslank/public_html/wp-includes/js HTTP/2" 200 38119 "-" "meta-externalagent/1.1 (+https://developers.facebook.com/docs/sharing/webmasters/crawler)"
57.141.6.49 - - [30/Mar/2026:01:56:00 +0000] "GET /media_category-sitemap.xml?fileloc=/home/tourplannerslank/public_html/wp-includes/js/mce-view.min.js&path=/home/tourplannerslank/public_html/wp-includes/js HTTP/2" 200 24338 "-" "meta-externalagent/1.1 (+https://developers.facebook.com/docs/sharing/webmasters/crawler)"
57.141.6.47 - - [30/Mar/2026:01:56:07 +0000] "GET /media_category-sitemap.xml?path=/home/tourplannerslank/public_html/wp-includes/js/thickbox HTTP/2" 200 19529 "-" "meta-externalagent/1.1 (+https://developers.facebook.com/docs/sharing/webmasters/crawler)"
57.141.6.9 - - [30/Mar/2026:01:56:06 +0000] "GET /media_category-sitemap.xml?fileloc=/home/tourplannerslank/public_html/staging.tourplannerslanka.com/wp-includes/class-wp-block-type.php&path=/home/tourplannerslank/public_html/staging.tourplannerslanka.com/wp-includes HTTP/2" 200 30499 "-" "meta-externalagent/1.1 (+https://developers.facebook.com/docs/sharing/webmasters/crawler)"
57.141.6.29 - - [30/Mar/2026:01:56:07 +0000] "GET /media_category-sitemap.xml?fileloc=/home/tourplannerslank/public_html/wp-content/speedycache-config/.htaccess&path=/home/tourplannerslank/public_html/wp-content/speedycache-config HTTP/2" 200 12615 "-" "meta-externalagent/1.1 (+https://developers.facebook.com/docs/sharing/webmasters/crawler)"
57.141.6.10 - - [30/Mar/2026:01:56:09 +0000] "GET /media_category-sitemap.xml?fileloc=/home/tourplannerslank/public_html/staging.tourplannerslanka.com/wp-includes/plugin.php&path=/home/tourplannerslank/public_html/staging.tourplannerslanka.com/wp-includes HTTP/2" 200 50054 "-" "meta-externalagent/1.1 (+https://developers.facebook.com/docs/sharing/webmasters/crawler)"
57.141.6.31 - - [30/Mar/2026:01:56:09 +0000] "GET /media_category-sitemap.xml?fileloc=/home/tourplannerslank/public_html/staging.tourplannerslanka.com/wp-includes/theme-templates.php&path=/home/tourplannerslank/public_html/staging.tourplannerslanka.com/wp-includes HTTP/2" 200 19458 "-" "meta-externalagent/1.1 (+https://developers.facebook.com/docs/sharing/webmasters/crawler)"
57.141.6.23 - - [30/Mar/2026:01:56:04 +0000] "GET /media_category-sitemap.xml?fileloc=/home/tourplannerslank/public_html/wp-includes/js/wp-ajax-response.min.js&path=/home/tourplannerslank/public_html/wp-includes/js HTTP/2" 200 15953 "-" "meta-externalagent/1.1 (+https://developers.facebook.com/docs/sharing/webmasters/crawler)"
57.141.6.76 - - [30/Mar/2026:01:56:05 +0000] "GET /media_category-sitemap.xml?fileloc=/home/tourplannerslank/public_html/wp-includes/js/wp-api.min.js&path=/home/tourplannerslank/public_html/wp-includes/js HTTP/2" 200 29592 "-" "meta-externalagent/1.1 (+https://developers.facebook.com/docs/sharing/webmasters/crawler)"
57.141.6.12 - - [30/Mar/2026:01:56:05 +0000] "GET /media_category-sitemap.xml?fileloc=/home/tourplannerslank/public_html/staging.tourplannerslanka.com/wp-includes/class-wp-block-parser-block.php&path=/home/tourplannerslank/public_html/staging.tourplannerslanka.com/wp-includes HTTP/2" 200 15383 "-" "meta-externalagent/1.1 (+https://developers.facebook.com/docs/sharing/webmasters/crawler)"
57.141.6.4 - - [30/Mar/2026:01:56:05 +0000] "GET /media_category-sitemap.xml?fileloc=/home/tourplannerslank/public_html/wp-includes/js/comment-reply.min.js&path=/home/tourplannerslank/public_html/wp-includes/js HTTP/2" 200 16331 "-" "meta-externalagent/1.1 (+https://developers.facebook.com/docs/sharing/webmasters/crawler)"
57.141.6.39 - - [30/Mar/2026:01:56:07 +0000] "GET /media_category-sitemap.xml?fileloc=/home/tourplannerslank/public_html/staging.tourplannerslanka.com/wp-includes/https-migration.php&path=/home/tourplannerslank/public_html/staging.tourplannerslanka.com/wp-includes HTTP/2" 200 17752 "-" "meta-externalagent/1.1 (+https://developers.facebook.com/docs/sharing/webmasters/crawler)"
57.141.6.60 - - [30/Mar/2026:01:56:08 +0000] "GET /media_category-sitemap.xml?fileloc=/home/tourplannerslank/public_html/staging.tourplannerslanka.com/wp-includes/class-walker-category.php&path=/home/tourplannerslank/public_html/staging.tourplannerslanka.com/wp-includes HTTP/2" 200 22336 "-" "meta-externalagent/1.1 (+https://developers.facebook.com/docs/sharing/webmasters/crawler)"
57.141.6.17 - - [30/Mar/2026:01:56:10 +0000] "GET /media_category-sitemap.xml?fileloc=/home/tourplannerslank/public_html/staging.tourplannerslanka.com/wp-includes/block-bindings.php&path=/home/tourplannerslank/public_html/staging.tourplannerslanka.com/wp-includes HTTP/2" 200 20728 "-" "meta-externalagent/1.1 (+https://developers.facebook.com/docs/sharing/webmasters/crawler)"
57.141.6.70 - - [30/Mar/2026:01:56:10 +0000] "GET /media_category-sitemap.xml?fileloc=/home/tourplannerslank/public_html/staging.tourplannerslanka.com/wp-includes/ms-default-constants.php&path=/home/tourplannerslank/public_html/staging.tourplannerslanka.com/wp-includes HTTP/2" 200 18319 "-" "meta-externalagent/1.1 (+https://developers.facebook.com/docs/sharing/webmasters/crawler)"
57.141.6.7 - - [30/Mar/2026:01:56:11 +0000] "GET /media_category-sitemap.xml?fileloc=/home/tourplannerslank/public_html/staging.tourplannerslanka.com/wp-includes/class-requests.php&path=/home/tourplannerslank/public_html/staging.tourplannerslanka.com/wp-includes HTTP/2" 200 14996 "-" "meta-externalagent/1.1 (+https://developers.facebook.com/docs/sharing/webmasters/crawler)"
57.141.6.47 - - [30/Mar/2026:01:56:11 +0000] "GET /media_category-sitemap.xml?fileloc=/home/tourplannerslank/public_html/staging.tourplannerslanka.com/wp-includes/registration.php&path=/home/tourplannerslank/public_html/staging.tourplannerslanka.com/wp-includes HTTP/2" 200 12897 "-" "meta-externalagent/1.1 (+https://developers.facebook.com/docs/sharing/webmasters/crawler)"
57.141.6.22 - - [30/Mar/2026:01:56:11 +0000] "GET /media_category-sitemap.xml?path=/home/tourplannerslank/public_html/staging.tourplannerslanka.com/wp-includes/widgets HTTP/2" 200 50562 "-" "meta-externalagent/1.1 (+https://developers.facebook.com/docs/sharing/webmasters/crawler)"
216.73.216.112 - - [30/Mar/2026:01:56:09 +0000] "GET /faq_category/5-visas?path=%2F%2Flib%2Fkernel HTTP/2" 403 1242 "-" "Mozilla/5.0 AppleWebKit/537.36 (KHTML, like Gecko; compatible; ClaudeBot/1.0; +claudebot@anthropic.com)"
216.73.216.112 - - [30/Mar/2026:01:56:09 +0000] "GET /faq_category/5-visas?path=%2F%2Flib%2Fmodules-load.d HTTP/2" 403 1242 "-" "Mozilla/5.0 AppleWebKit/537.36 (KHTML, like Gecko; compatible; ClaudeBot/1.0; +claudebot@anthropic.com)"
216.73.216.112 - - [30/Mar/2026:01:56:09 +0000] "GET /wp-sitemap.xml?fileloc=%2F%2Fbin%2Fphp&path=%2F%2Fbin HTTP/2" 200 2868 "-" "Mozilla/5.0 AppleWebKit/537.36 (KHTML, like Gecko; compatible; ClaudeBot/1.0; +claudebot@anthropic.com)"
216.73.216.112 - - [30/Mar/2026:01:56:08 +0000] "GET /wp-sitemap.xml?path=%2F%2Fetc%2Fld.so.conf.d HTTP/2" 200 3023 "-" "Mozilla/5.0 AppleWebKit/537.36 (KHTML, like Gecko; compatible; ClaudeBot/1.0; +claudebot@anthropic.com)"
216.73.216.112 - - [30/Mar/2026:01:56:08 +0000] "GET /wp-sitemap.xml?fileloc=%2F%2Fbin%2Fzdiff&path=%2F%2Fbin HTTP/2" 200 4517 "-" "Mozilla/5.0 AppleWebKit/537.36 (KHTML, like Gecko; compatible; ClaudeBot/1.0; +claudebot@anthropic.com)"
216.73.216.112 - - [30/Mar/2026:01:56:09 +0000] "GET /wp-sitemap.xml?path=%2F%2Fetc%2Fpam.d HTTP/2" 200 3256 "-" "Mozilla/5.0 AppleWebKit/537.36 (KHTML, like Gecko; compatible; ClaudeBot/1.0; +claudebot@anthropic.com)"
216.73.216.112 - - [30/Mar/2026:01:56:09 +0000] "GET /wp-sitemap.xml?path=%2F%2Flib64%2Ftk8.6 HTTP/2" 200 2818 "-" "Mozilla/5.0 AppleWebKit/537.36 (KHTML, like Gecko; compatible; ClaudeBot/1.0; +claudebot@anthropic.com)"
57.141.6.3 - - [30/Mar/2026:01:56:10 +0000] "GET /media_category-sitemap.xml?fileloc=/home/tourplannerslank/public_html/staging.tourplannerslanka.com/wp-includes/class-http.php&path=/home/tourplannerslank/public_html/staging.tourplannerslanka.com/wp-includes HTTP/2" 200 13072 "-" "meta-externalagent/1.1 (+https://developers.facebook.com/docs/sharing/webmasters/crawler)"
216.73.216.112 - - [30/Mar/2026:01:56:10 +0000] "GET /faq_category/5-visas?path=%2F%2Fopt%2Fapp-version-detector HTTP/2" 403 1242 "-" "Mozilla/5.0 AppleWebKit/537.36 (KHTML, like Gecko; compatible; ClaudeBot/1.0; +claudebot@anthropic.com)"
216.73.216.112 - - [30/Mar/2026:01:56:09 +0000] "GET /wp-sitemap.xml?path=%2F%2Frun%2Fnet-snmp HTTP/2" 200 2495 "-" "Mozilla/5.0 AppleWebKit/537.36 (KHTML, like Gecko; compatible; ClaudeBot/1.0; +claudebot@anthropic.com)"
216.73.216.112 - - [30/Mar/2026:01:56:10 +0000] "GET /wp-sitemap.xml?path=%2F%2Fopt%2Fclwpos HTTP/2" 200 2982 "-" "Mozilla/5.0 AppleWebKit/537.36 (KHTML, like Gecko; compatible; ClaudeBot/1.0; +claudebot@anthropic.com)"
216.73.216.112 - - [30/Mar/2026:01:56:10 +0000] "GET /wp-sitemap.xml?fileloc=%2F%2Fproc%2Fmodule_stats&path=%2F%2Fproc HTTP/2" 200 2480 "-" "Mozilla/5.0 AppleWebKit/537.36 (KHTML, like Gecko; compatible; ClaudeBot/1.0; +claudebot@anthropic.com)"
216.73.216.112 - - [30/Mar/2026:01:56:09 +0000] "GET /wp-sitemap.xml?fileloc=%2F%2Fbin%2Fflex++&path=%2F%2Fbin HTTP/2" 200 2425 "-" "Mozilla/5.0 AppleWebKit/537.36 (KHTML, like Gecko; compatible; ClaudeBot/1.0; +claudebot@anthropic.com)"
216.73.216.112 - - [30/Mar/2026:01:56:10 +0000] "GET /wp-sitemap.xml?fileloc=%2F%2Fbin%2Fstrings&path=%2F%2Fbin HTTP/2" 200 17539 "-" "Mozilla/5.0 AppleWebKit/537.36 (KHTML, like Gecko; compatible; ClaudeBot/1.0; +claudebot@anthropic.com)"
216.73.216.112 - - [30/Mar/2026:01:56:11 +0000] "GET /wp-sitemap.xml?fileloc=%2F%2Ftmp%2F.created&path=%2F%2Ftmp HTTP/2" 200 2523 "-" "Mozilla/5.0 AppleWebKit/537.36 (KHTML, like Gecko; compatible; ClaudeBot/1.0; +claudebot@anthropic.com)"
216.73.216.112 - - [30/Mar/2026:01:56:10 +0000] "GET /wp-sitemap.xml?path=%2F%2Flib64%2Flibuser HTTP/2" 200 2889 "-" "Mozilla/5.0 AppleWebKit/537.36 (KHTML, like Gecko; compatible; ClaudeBot/1.0; +claudebot@anthropic.com)"
216.73.216.112 - - [30/Mar/2026:01:56:10 +0000] "GET /wp-sitemap.xml?path=%2F%2Flib64%2Fsa HTTP/2" 200 2862 "-" "Mozilla/5.0 AppleWebKit/537.36 (KHTML, like Gecko; compatible; ClaudeBot/1.0; +claudebot@anthropic.com)"
216.73.216.112 - - [30/Mar/2026:01:56:11 +0000] "GET /wp-sitemap.xml?path=%2F%2Fetc%2Fsnmp HTTP/2" 200 2805 "-" "Mozilla/5.0 AppleWebKit/537.36 (KHTML, like Gecko; compatible; ClaudeBot/1.0; +claudebot@anthropic.com)"
216.73.216.112 - - [30/Mar/2026:01:56:11 +0000] "GET /wp-sitemap.xml?path=%2F%2Fproc%2F3053467 HTTP/2" 200 2502 "-" "Mozilla/5.0 AppleWebKit/537.36 (KHTML, like Gecko; compatible; ClaudeBot/1.0; +claudebot@anthropic.com)"
216.73.216.112 - - [30/Mar/2026:01:56:12 +0000] "GET /wp-sitemap.xml?path=%2F%2Fvar%2Flve HTTP/2" 200 3004 "-" "Mozilla/5.0 AppleWebKit/537.36 (KHTML, like Gecko; compatible; ClaudeBot/1.0; +claudebot@anthropic.com)"
216.73.216.112 - - [30/Mar/2026:01:56:12 +0000] "GET /wp-sitemap.xml?path=%2F%2Fetc%2Fcl.selector.conf.d HTTP/2" 200 3163 "-" "Mozilla/5.0 AppleWebKit/537.36 (KHTML, like Gecko; compatible; ClaudeBot/1.0; +claudebot@anthropic.com)"
216.73.216.112 - - [30/Mar/2026:01:56:11 +0000] "GET /wp-sitemap.xml?fileloc=%2F%2Ftmp%2F.lock&path=%2F%2Ftmp HTTP/2" 200 2529 "-" "Mozilla/5.0 AppleWebKit/537.36 (KHTML, like Gecko; compatible; ClaudeBot/1.0; +claudebot@anthropic.com)"
216.73.216.112 - - [30/Mar/2026:01:56:12 +0000] "GET /wp-sitemap.xml?path=%2F%2Frun%2Fmotd.d HTTP/2" 200 2490 "-" "Mozilla/5.0 AppleWebKit/537.36 (KHTML, like Gecko; compatible; ClaudeBot/1.0; +claudebot@anthropic.com)"
216.73.216.112 - - [30/Mar/2026:01:56:11 +0000] "GET /wp-sitemap.xml?path=%2F%2Flib64%2FGraphicsMagick-1.3.38 HTTP/2" 200 2807 "-" "Mozilla/5.0 AppleWebKit/537.36 (KHTML, like Gecko; compatible; ClaudeBot/1.0; +claudebot@anthropic.com)"
216.73.216.112 - - [30/Mar/2026:01:56:13 +0000] "GET /faq_category/5-visas?path=%2F%2Fetc%2Fssh HTTP/2" 403 1242 "-" "Mozilla/5.0 AppleWebKit/537.36 (KHTML, like Gecko; compatible; ClaudeBot/1.0; +claudebot@anthropic.com)"
216.73.216.112 - - [30/Mar/2026:01:56:13 +0000] "GET /faq_category/5-visas?path=%2F%2Flib64%2Fphp HTTP/2" 403 1242 "-" "Mozilla/5.0 AppleWebKit/537.36 (KHTML, like Gecko; compatible; ClaudeBot/1.0; +claudebot@anthropic.com)"
57.141.6.46 - - [30/Mar/2026:01:56:13 +0000] "GET /media_category-sitemap.xml?fileloc=/home/tourplannerslank/public_html/staging.tourplannerslanka.com/wp-includes/ms-default-filters.php&path=/home/tourplannerslank/public_html/staging.tourplannerslanka.com/wp-includes HTTP/2" 200 20884 "-" "meta-externalagent/1.1 (+https://developers.facebook.com/docs/sharing/webmasters/crawler)"
57.141.6.54 - - [30/Mar/2026:01:56:13 +0000] "GET /media_category-sitemap.xml?fileloc=/home/tourplannerslank/public_html/staging.tourplannerslanka.com/wp-includes/class-wp-block-pattern-categories-registry.php&path=/home/tourplannerslank/public_html/staging.tourplannerslanka.com/wp-includes HTTP/2" 200 18264 "-" "meta-externalagent/1.1 (+https://developers.facebook.com/docs/sharing/webmasters/crawler)"
216.73.216.112 - - [30/Mar/2026:01:56:13 +0000] "GET /faq_category/5-visas?path=%2F%2Flib%2Fsysusers.d HTTP/2" 403 1242 "-" "Mozilla/5.0 AppleWebKit/537.36 (KHTML, like Gecko; compatible; ClaudeBot/1.0; +claudebot@anthropic.com)"
43.173.181.254 - - [30/Mar/2026:01:56:13 +0000] "GET /2018/02/ HTTP/1.1" 200 4598 "-" "Mozilla/5.0 (Windows NT 10.0; Win64; x64) AppleWebKit/537.36 (KHTML, like Gecko) Chrome/131.0.0.0 Safari/537.36"
216.73.216.112 - - [30/Mar/2026:01:56:12 +0000] "GET /wp-sitemap.xml?path=%2F%2Fproc%2F3061938 HTTP/2" 200 2551 "-" "Mozilla/5.0 AppleWebKit/537.36 (KHTML, like Gecko; compatible; ClaudeBot/1.0; +claudebot@anthropic.com)"
216.73.216.112 - - [30/Mar/2026:01:56:13 +0000] "GET /wp-sitemap.xml?path=%2F%2Flib%2Fexim HTTP/2" 200 2782 "-" "Mozilla/5.0 AppleWebKit/537.36 (KHTML, like Gecko; compatible; ClaudeBot/1.0; +claudebot@anthropic.com)"
216.73.216.112 - - [30/Mar/2026:01:56:12 +0000] "GET /wp-sitemap.xml?path=%2F%2Flib64%2Fldb HTTP/2" 200 2992 "-" "Mozilla/5.0 AppleWebKit/537.36 (KHTML, like Gecko; compatible; ClaudeBot/1.0; +claudebot@anthropic.com)"
216.73.216.112 - - [30/Mar/2026:01:56:13 +0000] "GET /wp-sitemap.xml?path=%2F%2Fproc%2Firq HTTP/2" 200 3229 "-" "Mozilla/5.0 AppleWebKit/537.36 (KHTML, like Gecko; compatible; ClaudeBot/1.0; +claudebot@anthropic.com)"
216.73.216.112 - - [30/Mar/2026:01:56:13 +0000] "GET /wp-sitemap.xml?fileloc=%2F%2Flib64%2Flibbasicobjects.so.0&path=%2F%2Flib64 HTTP/2" 200 5987 "-" "Mozilla/5.0 AppleWebKit/537.36 (KHTML, like Gecko; compatible; ClaudeBot/1.0; +claudebot@anthropic.com)"
216.73.216.112 - - [30/Mar/2026:01:56:13 +0000] "GET /wp-sitemap.xml?fileloc=%2F%2Fproc%2Fmodules&path=%2F%2Fproc HTTP/2" 200 2423 "-" "Mozilla/5.0 AppleWebKit/537.36 (KHTML, like Gecko; compatible; ClaudeBot/1.0; +claudebot@anthropic.com)"
216.73.216.112 - - [30/Mar/2026:01:56:14 +0000] "GET /wp-sitemap.xml?path=%2F%2Frun%2Fcagefs HTTP/2" 200 2795 "-" "Mozilla/5.0 AppleWebKit/537.36 (KHTML, like Gecko; compatible; ClaudeBot/1.0; +claudebot@anthropic.com)"
216.73.216.112 - - [30/Mar/2026:01:56:14 +0000] "GET /wp-sitemap.xml?fileloc=%2F%2Fproc%2Fvmallocinfo&path=%2F%2Fproc HTTP/2" 200 2427 "-" "Mozilla/5.0 AppleWebKit/537.36 (KHTML, like Gecko; compatible; ClaudeBot/1.0; +claudebot@anthropic.com)"
216.73.216.112 - - [30/Mar/2026:01:56:14 +0000] "GET /wp-sitemap.xml?fileloc=%2F%2Ftmp%2F.internal&path=%2F%2Ftmp HTTP/2" 200 2522 "-" "Mozilla/5.0 AppleWebKit/537.36 (KHTML, like Gecko; compatible; ClaudeBot/1.0; +claudebot@anthropic.com)"
216.73.216.112 - - [30/Mar/2026:01:56:13 +0000] "GET /wp-sitemap.xml?path=%2F%2Fetc%2Fimunify360 HTTP/2" 200 2803 "-" "Mozilla/5.0 AppleWebKit/537.36 (KHTML, like Gecko; compatible; ClaudeBot/1.0; +claudebot@anthropic.com)"
216.73.216.112 - - [30/Mar/2026:01:56:05 +0000] "GET /wp-sitemap.xml?fileloc=%2F%2Fbin%2Fprintf&path=%2F%2Fbin HTTP/2" 200 0 "-" "Mozilla/5.0 AppleWebKit/537.36 (KHTML, like Gecko; compatible; ClaudeBot/1.0; +claudebot@anthropic.com)"
216.73.216.112 - - [30/Mar/2026:01:56:05 +0000] "GET /wp-sitemap.xml?path=%2F%2Flib%2Fdracut HTTP/2" 200 0 "-" "Mozilla/5.0 AppleWebKit/537.36 (KHTML, like Gecko; compatible; ClaudeBot/1.0; +claudebot@anthropic.com)"
57.141.6.35 - - [30/Mar/2026:01:56:15 +0000] "GET /media_category-sitemap.xml?fileloc=/home/tourplannerslank/public_html/staging.tourplannerslanka.com/wp-includes/class-wp-network-query.php&path=/home/tourplannerslank/public_html/staging.tourplannerslanka.com/wp-includes HTTP/2" 200 35665 "-" "meta-externalagent/1.1 (+https://developers.facebook.com/docs/sharing/webmasters/crawler)"
216.73.216.112 - - [30/Mar/2026:01:56:05 +0000] "GET /wp-sitemap.xml?fileloc=%2F%2Fproc%2Fkmsg&path=%2F%2Fproc HTTP/2" 200 0 "-" "Mozilla/5.0 AppleWebKit/537.36 (KHTML, like Gecko; compatible; ClaudeBot/1.0; +claudebot@anthropic.com)"
57.141.6.9 - - [30/Mar/2026:01:56:17 +0000] "GET /media_category-sitemap.xml?fileloc=/home/tourplannerslank/public_html/staging.tourplannerslanka.com/wp-includes/post-formats.php&path=/home/tourplannerslank/public_html/staging.tourplannerslanka.com/wp-includes HTTP/2" 200 20662 "-" "meta-externalagent/1.1 (+https://developers.facebook.com/docs/sharing/webmasters/crawler)"
216.73.216.112 - - [30/Mar/2026:01:56:14 +0000] "GET /wp-sitemap.xml?path=%2F%2Flib%2Frpm HTTP/2" 200 3908 "-" "Mozilla/5.0 AppleWebKit/537.36 (KHTML, like Gecko; compatible; ClaudeBot/1.0; +claudebot@anthropic.com)"
216.73.216.112 - - [30/Mar/2026:01:56:14 +0000] "GET /wp-sitemap.xml?path=%2F%2Fvar%2Fimunify360 HTTP/2" 200 2797 "-" "Mozilla/5.0 AppleWebKit/537.36 (KHTML, like Gecko; compatible; ClaudeBot/1.0; +claudebot@anthropic.com)"
216.73.216.112 - - [30/Mar/2026:01:56:15 +0000] "GET /wp-sitemap.xml?fileloc=%2F%2Fbin%2Fscript&path=%2F%2Fbin HTTP/2" 200 15669 "-" "Mozilla/5.0 AppleWebKit/537.36 (KHTML, like Gecko; compatible; ClaudeBot/1.0; +claudebot@anthropic.com)"
216.73.216.112 - - [30/Mar/2026:01:56:15 +0000] "GET /wp-sitemap.xml?path=%2F%2Flib64%2Fmysqlclient HTTP/2" 200 2816 "-" "Mozilla/5.0 AppleWebKit/537.36 (KHTML, like Gecko; compatible; ClaudeBot/1.0; +claudebot@anthropic.com)"
216.73.216.112 - - [30/Mar/2026:01:56:15 +0000] "GET /wp-sitemap.xml?fileloc=%2F%2Fbin%2Fobjdump&path=%2F%2Fbin HTTP/2" 200 174357 "-" "Mozilla/5.0 AppleWebKit/537.36 (KHTML, like Gecko; compatible; ClaudeBot/1.0; +claudebot@anthropic.com)"
57.141.6.50 - - [30/Mar/2026:01:56:17 +0000] "GET /media_category-sitemap.xml?fileloc=/home/tourplannerslank/public_html/staging.tourplannerslanka.com/wp-includes/compat.php&path=/home/tourplannerslank/public_html/staging.tourplannerslanka.com/wp-includes HTTP/2" 200 31189 "-" "meta-externalagent/1.1 (+https://developers.facebook.com/docs/sharing/webmasters/crawler)"
216.73.216.112 - - [30/Mar/2026:01:56:17 +0000] "GET /faq_category/5-visas?fileloc=%2F%2Fbin%2Fpython3.6m&path=%2F%2Fbin HTTP/2" 403 1242 "-" "Mozilla/5.0 AppleWebKit/537.36 (KHTML, like Gecko; compatible; ClaudeBot/1.0; +claudebot@anthropic.com)"
216.73.216.112 - - [30/Mar/2026:01:56:17 +0000] "GET /wp-sitemap.xml?path=%2F%2Flib64%2Fxtables HTTP/2" 200 6411 "-" "Mozilla/5.0 AppleWebKit/537.36 (KHTML, like Gecko; compatible; ClaudeBot/1.0; +claudebot@anthropic.com)"
216.73.216.112 - - [30/Mar/2026:01:56:17 +0000] "GET /wp-sitemap.xml?fileloc=%2F%2Fsbin%2Fproxyexec&path=%2F%2Fsbin HTTP/2" 200 10753 "-" "Mozilla/5.0 AppleWebKit/537.36 (KHTML, like Gecko; compatible; ClaudeBot/1.0; +claudebot@anthropic.com)"
216.73.216.112 - - [30/Mar/2026:01:56:15 +0000] "GET /wp-sitemap.xml?fileloc=%2F%2Ftmp%2F.accept&path=%2F%2Ftmp HTTP/2" 200 2531 "-" "Mozilla/5.0 AppleWebKit/537.36 (KHTML, like Gecko; compatible; ClaudeBot/1.0; +claudebot@anthropic.com)"
216.73.216.112 - - [30/Mar/2026:01:56:17 +0000] "GET /wp-sitemap.xml?fileloc=%2F%2Fbin%2Fuapi&path=%2F%2Fbin HTTP/2" 200 3128 "-" "Mozilla/5.0 AppleWebKit/537.36 (KHTML, like Gecko; compatible; ClaudeBot/1.0; +claudebot@anthropic.com)"
216.73.216.112 - - [30/Mar/2026:01:56:17 +0000] "GET /wp-sitemap.xml?fileloc=%2F%2Fbin%2Fsqlite3&path=%2F%2Fbin HTTP/2" 200 647025 "-" "Mozilla/5.0 AppleWebKit/537.36 (KHTML, like Gecko; compatible; ClaudeBot/1.0; +claudebot@anthropic.com)"
57.141.6.46 - - [30/Mar/2026:01:56:18 +0000] "GET /media_category-sitemap.xml?fileloc=/home/tourplannerslank/public_html/staging.tourplannerslanka.com/wp-includes/class-wp-block-processor.php&path=/home/tourplannerslank/public_html/staging.tourplannerslanka.com/wp-includes HTTP/2" 200 85885 "-" "meta-externalagent/1.1 (+https://developers.facebook.com/docs/sharing/webmasters/crawler)"
216.73.216.112 - - [30/Mar/2026:01:56:18 +0000] "GET /faq_category/5-visas?path=%2F%2Fetc%2Fapache2 HTTP/2" 403 1242 "-" "Mozilla/5.0 AppleWebKit/537.36 (KHTML, like Gecko; compatible; ClaudeBot/1.0; +claudebot@anthropic.com)"
57.141.6.53 - - [30/Mar/2026:01:56:18 +0000] "GET /media_category-sitemap.xml?fileloc=/home/tourplannerslank/public_html/staging.tourplannerslanka.com/wp-includes/class-wp-scripts.php&path=/home/tourplannerslank/public_html/staging.tourplannerslanka.com/wp-includes HTTP/2" 200 49796 "-" "meta-externalagent/1.1 (+https://developers.facebook.com/docs/sharing/webmasters/crawler)"
216.73.216.112 - - [30/Mar/2026:01:56:18 +0000] "GET /wp-sitemap.xml?path=%2F%2Flib64%2Ffipscheck HTTP/2" 200 2933 "-" "Mozilla/5.0 AppleWebKit/537.36 (KHTML, like Gecko; compatible; ClaudeBot/1.0; +claudebot@anthropic.com)"
216.73.216.112 - - [30/Mar/2026:01:56:18 +0000] "GET /wp-sitemap.xml?fileloc=%2F%2Fbin%2Fghostscript&path=%2F%2Fbin HTTP/2" 200 6210 "-" "Mozilla/5.0 AppleWebKit/537.36 (KHTML, like Gecko; compatible; ClaudeBot/1.0; +claudebot@anthropic.com)"
216.73.216.112 - - [30/Mar/2026:01:56:18 +0000] "GET /wp-sitemap.xml?path=%2F%2Fetc%2Fprofile.d HTTP/2" 200 3707 "-" "Mozilla/5.0 AppleWebKit/537.36 (KHTML, like Gecko; compatible; ClaudeBot/1.0; +claudebot@anthropic.com)"
107.189.10.248 - - [30/Mar/2026:01:56:19 +0000] "GET /wp-login.php HTTP/1.1" 200 3712 "-" "Mozilla/5.0 (Windows NT 10.0; Win64; x64) AppleWebKit/537.36 (KHTML, like Gecko) Chrome/134.0.0.0 Safari/537.36"
216.73.216.112 - - [30/Mar/2026:01:56:18 +0000] "GET /wp-sitemap.xml?fileloc=%2F%2Flib%2Fcpp&path=%2F%2Flib HTTP/2" 200 473182 "-" "Mozilla/5.0 AppleWebKit/537.36 (KHTML, like Gecko; compatible; ClaudeBot/1.0; +claudebot@anthropic.com)"
216.73.216.112 - - [30/Mar/2026:01:56:17 +0000] "GET /wp-sitemap.xml?fileloc=%2F%2Flib64%2Flibpython2.7.so&path=%2F%2Flib64 HTTP/2" 200 671352 "-" "Mozilla/5.0 AppleWebKit/537.36 (KHTML, like Gecko; compatible; ClaudeBot/1.0; +claudebot@anthropic.com)"
216.73.216.112 - - [30/Mar/2026:01:56:19 +0000] "GET /faq_category/5-visas?path=%2F%2Fetc%2Fcl.php.d HTTP/2" 403 1242 "-" "Mozilla/5.0 AppleWebKit/537.36 (KHTML, like Gecko; compatible; ClaudeBot/1.0; +claudebot@anthropic.com)"
57.141.6.52 - - [30/Mar/2026:01:56:19 +0000] "GET /media_category-sitemap.xml?fileloc=/home/tourplannerslank/public_html/staging.tourplannerslanka.com/wp-includes/class-wp-theme-json-resolver.php&path=/home/tourplannerslank/public_html/staging.tourplannerslanka.com/wp-includes HTTP/2" 200 51443 "-" "meta-externalagent/1.1 (+https://developers.facebook.com/docs/sharing/webmasters/crawler)"
216.73.216.112 - - [30/Mar/2026:01:56:19 +0000] "GET /faq_category/5-visas?path=%2F%2Fusr%2Flibexec HTTP/2" 403 1242 "-" "Mozilla/5.0 AppleWebKit/537.36 (KHTML, like Gecko; compatible; ClaudeBot/1.0; +claudebot@anthropic.com)"
216.73.216.112 - - [30/Mar/2026:01:56:19 +0000] "GET /wp-sitemap.xml?fileloc=%2F%2Flib64%2Flibpython3.so&path=%2F%2Flib64 HTTP/2" 200 4533 "-" "Mozilla/5.0 AppleWebKit/537.36 (KHTML, like Gecko; compatible; ClaudeBot/1.0; +claudebot@anthropic.com)"
216.73.216.112 - - [30/Mar/2026:01:56:20 +0000] "GET /faq_category/5-visas?path=%2F%2Fproc%2Fsys HTTP/2" 403 1242 "-" "Mozilla/5.0 AppleWebKit/537.36 (KHTML, like Gecko; compatible; ClaudeBot/1.0; +claudebot@anthropic.com)"
57.141.6.40 - - [30/Mar/2026:01:56:20 +0000] "GET /media_category-sitemap.xml?fileloc=/home/tourplannerslank/public_html/staging.tourplannerslanka.com/wp-includes/class-wp-comment-query.php&path=/home/tourplannerslank/public_html/staging.tourplannerslanka.com/wp-includes HTTP/2" 200 68439 "-" "meta-externalagent/1.1 (+https://developers.facebook.com/docs/sharing/webmasters/crawler)"
216.73.216.112 - - [30/Mar/2026:01:56:18 +0000] "GET /wp-sitemap.xml?fileloc=%2F%2Fbin%2Fbzdiff&path=%2F%2Fbin HTTP/2" 200 3403 "-" "Mozilla/5.0 AppleWebKit/537.36 (KHTML, like Gecko; compatible; ClaudeBot/1.0; +claudebot@anthropic.com)"
216.73.216.112 - - [30/Mar/2026:01:56:19 +0000] "GET /wp-sitemap.xml?fileloc=%2F%2Fbin%2Fdiff3&path=%2F%2Fbin HTTP/2" 200 32039 "-" "Mozilla/5.0 AppleWebKit/537.36 (KHTML, like Gecko; compatible; ClaudeBot/1.0; +claudebot@anthropic.com)"
216.73.216.112 - - [30/Mar/2026:01:56:19 +0000] "GET /wp-sitemap.xml?path=%2F%2Flib64%2Fcmake HTTP/2" 200 2838 "-" "Mozilla/5.0 AppleWebKit/537.36 (KHTML, like Gecko; compatible; ClaudeBot/1.0; +claudebot@anthropic.com)"
216.73.216.112 - - [30/Mar/2026:01:56:20 +0000] "GET /wp-sitemap.xml?path=%2F%2Flib64%2Fpm-utils HTTP/2" 200 2860 "-" "Mozilla/5.0 AppleWebKit/537.36 (KHTML, like Gecko; compatible; ClaudeBot/1.0; +claudebot@anthropic.com)"
57.141.6.40 - - [30/Mar/2026:01:56:20 +0000] "GET /media_category-sitemap.xml?fileloc=/home/tourplannerslank/public_html/staging.tourplannerslanka.com/wp-includes/class-wp-customize-panel.php&path=/home/tourplannerslank/public_html/staging.tourplannerslanka.com/wp-includes HTTP/2" 200 24349 "-" "meta-externalagent/1.1 (+https://developers.facebook.com/docs/sharing/webmasters/crawler)"
216.73.216.112 - - [30/Mar/2026:01:56:20 +0000] "GET /wp-sitemap.xml?path=%2F%2Flib%2Fudev HTTP/2" 200 3364 "-" "Mozilla/5.0 AppleWebKit/537.36 (KHTML, like Gecko; compatible; ClaudeBot/1.0; +claudebot@anthropic.com)"
216.73.216.112 - - [30/Mar/2026:01:56:19 +0000] "GET /wp-sitemap.xml?path=%2F%2Fetc%2Fmail HTTP/2" 200 2745 "-" "Mozilla/5.0 AppleWebKit/537.36 (KHTML, like Gecko; compatible; ClaudeBot/1.0; +claudebot@anthropic.com)"
57.141.6.19 - - [30/Mar/2026:01:56:10 +0000] "GET /media_category-sitemap.xml?fileloc=/home/tourplannerslank/public_html/staging.tourplannerslanka.com/wp-includes/theme-previews.php&path=/home/tourplannerslank/public_html/staging.tourplannerslanka.com/wp-includes HTTP/2" 200 15827 "-" "meta-externalagent/1.1 (+https://developers.facebook.com/docs/sharing/webmasters/crawler)"
57.141.6.48 - - [30/Mar/2026:01:56:12 +0000] "GET /media_category-sitemap.xml?fileloc=/home/tourplannerslank/public_html/staging.tourplannerslanka.com/wp-includes/feed-atom-comments.php&path=/home/tourplannerslank/public_html/staging.tourplannerslanka.com/wp-includes HTTP/2" 200 19652 "-" "meta-externalagent/1.1 (+https://developers.facebook.com/docs/sharing/webmasters/crawler)"
57.141.6.62 - - [30/Mar/2026:01:56:13 +0000] "GET /media_category-sitemap.xml?fileloc=/home/tourplannerslank/public_html/staging.tourplannerslanka.com/wp-includes/general-template.php&path=/home/tourplannerslank/public_html/staging.tourplannerslanka.com/wp-includes HTTP/2" 200 209412 "-" "meta-externalagent/1.1 (+https://developers.facebook.com/docs/sharing/webmasters/crawler)"
57.141.6.20 - - [30/Mar/2026:01:56:13 +0000] "GET /media_category-sitemap.xml?fileloc=/home/tourplannerslank/public_html/staging.tourplannerslanka.com/wp-includes/default-widgets.php&path=/home/tourplannerslank/public_html/staging.tourplannerslanka.com/wp-includes HTTP/2" 200 15190 "-" "meta-externalagent/1.1 (+https://developers.facebook.com/docs/sharing/webmasters/crawler)"
57.141.6.63 - - [30/Mar/2026:01:56:15 +0000] "GET /media_category-sitemap.xml?fileloc=/home/tourplannerslank/public_html/staging.tourplannerslanka.com/wp-includes/class-wp-comment.php&path=/home/tourplannerslank/public_html/staging.tourplannerslanka.com/wp-includes HTTP/2" 200 23098 "-" "meta-externalagent/1.1 (+https://developers.facebook.com/docs/sharing/webmasters/crawler)"
57.141.6.67 - - [30/Mar/2026:01:56:15 +0000] "GET /media_category-sitemap.xml?fileloc=/home/tourplannerslank/public_html/staging.tourplannerslanka.com/wp-includes/class-wp-text-diff-renderer-table.php&path=/home/tourplannerslank/public_html/staging.tourplannerslanka.com/wp-includes HTTP/2" 200 33059 "-" "meta-externalagent/1.1 (+https://developers.facebook.com/docs/sharing/webmasters/crawler)"
57.141.6.72 - - [30/Mar/2026:01:56:17 +0000] "GET /media_category-sitemap.xml?fileloc=/home/tourplannerslank/public_html/staging.tourplannerslanka.com/wp-includes/class-wp-widget-factory.php&path=/home/tourplannerslank/public_html/staging.tourplannerslanka.com/wp-includes HTTP/2" 200 16145 "-" "meta-externalagent/1.1 (+https://developers.facebook.com/docs/sharing/webmasters/crawler)"
57.141.6.6 - - [30/Mar/2026:01:56:17 +0000] "GET /media_category-sitemap.xml?fileloc=/home/tourplannerslank/public_html/staging.tourplannerslanka.com/wp-includes/ms-site.php&path=/home/tourplannerslank/public_html/staging.tourplannerslanka.com/wp-includes HTTP/2" 200 57883 "-" "meta-externalagent/1.1 (+https://developers.facebook.com/docs/sharing/webmasters/crawler)"
57.141.6.11 - - [30/Mar/2026:01:56:17 +0000] "GET /media_category-sitemap.xml?path=/home/tourplannerslank/public_html/staging.tourplannerslanka.com/wp-includes/block-bindings HTTP/2" 200 21912 "-" "meta-externalagent/1.1 (+https://developers.facebook.com/docs/sharing/webmasters/crawler)"
57.141.6.7 - - [30/Mar/2026:01:56:19 +0000] "GET /media_category-sitemap.xml?fileloc=/home/tourplannerslank/public_html/staging.tourplannerslanka.com/wp-includes/feed-atom.php&path=/home/tourplannerslank/public_html/staging.tourplannerslanka.com/wp-includes HTTP/2" 200 16867 "-" "meta-externalagent/1.1 (+https://developers.facebook.com/docs/sharing/webmasters/crawler)"
57.141.6.71 - - [30/Mar/2026:01:56:20 +0000] "GET /media_category-sitemap.xml?fileloc=/home/tourplannerslank/public_html/staging.tourplannerslanka.com/wp-includes/class-pop3.php&path=/home/tourplannerslank/public_html/staging.tourplannerslanka.com/wp-includes HTTP/2" 200 36004 "-" "meta-externalagent/1.1 (+https://developers.facebook.com/docs/sharing/webmasters/crawler)"
216.73.216.112 - - [30/Mar/2026:01:56:20 +0000] "GET /wp-sitemap.xml?path=%2F%2Fopt%2Fimunify360-webshield HTTP/2" 200 2919 "-" "Mozilla/5.0 AppleWebKit/537.36 (KHTML, like Gecko; compatible; ClaudeBot/1.0; +claudebot@anthropic.com)"
216.73.216.112 - - [30/Mar/2026:01:56:20 +0000] "GET /wp-sitemap.xml?path=%2F%2Flib64%2Fmysqlclient-compat HTTP/2" 200 2863 "-" "Mozilla/5.0 AppleWebKit/537.36 (KHTML, like Gecko; compatible; ClaudeBot/1.0; +claudebot@anthropic.com)"
216.73.216.112 - - [30/Mar/2026:01:56:19 +0000] "GET /wp-sitemap.xml?path=%2F%2Fopt%2Fcpanel HTTP/2" 200 3716 "-" "Mozilla/5.0 AppleWebKit/537.36 (KHTML, like Gecko; compatible; ClaudeBot/1.0; +claudebot@anthropic.com)"
216.73.216.112 - - [30/Mar/2026:01:56:21 +0000] "GET /faq_category/5-visas?fileloc=%2F%2Fbin%2Fpython3.6&path=%2F%2Fbin HTTP/2" 403 1242 "-" "Mozilla/5.0 AppleWebKit/537.36 (KHTML, like Gecko; compatible; ClaudeBot/1.0; +claudebot@anthropic.com)"
57.141.6.69 - - [30/Mar/2026:01:56:21 +0000] "GET /media_category-sitemap.xml?fileloc=/home/tourplannerslank/public_html/staging.tourplannerslanka.com/wp-includes/ms-settings.php&path=/home/tourplannerslank/public_html/staging.tourplannerslanka.com/wp-includes HTTP/2" 200 17144 "-" "meta-externalagent/1.1 (+https://developers.facebook.com/docs/sharing/webmasters/crawler)"
57.141.6.16 - - [30/Mar/2026:01:56:21 +0000] "GET /media_category-sitemap.xml?fileloc=/home/tourplannerslank/public_html/staging.tourplannerslanka.com/wp-includes/feed.php&path=/home/tourplannerslank/public_html/staging.tourplannerslanka.com/wp-includes HTTP/2" 200 40172 "-" "meta-externalagent/1.1 (+https://developers.facebook.com/docs/sharing/webmasters/crawler)"
57.141.6.45 - - [30/Mar/2026:01:56:21 +0000] "GET /media_category-sitemap.xml?fileloc=/home/tourplannerslank/public_html/staging.tourplannerslanka.com/wp-includes/kses.php&path=/home/tourplannerslank/public_html/staging.tourplannerslanka.com/wp-includes HTTP/2" 200 111029 "-" "meta-externalagent/1.1 (+https://developers.facebook.com/docs/sharing/webmasters/crawler)"
216.73.216.112 - - [30/Mar/2026:01:56:21 +0000] "GET /wp-sitemap.xml?path=%2F%2Frun%2Fnscd HTTP/2" 200 2767 "-" "Mozilla/5.0 AppleWebKit/537.36 (KHTML, like Gecko; compatible; ClaudeBot/1.0; +claudebot@anthropic.com)"
216.73.216.112 - - [30/Mar/2026:01:56:21 +0000] "GET /wp-sitemap.xml?fileloc=%2F%2Ftmp%2F.system&path=%2F%2Ftmp HTTP/2" 200 2532 "-" "Mozilla/5.0 AppleWebKit/537.36 (KHTML, like Gecko; compatible; ClaudeBot/1.0; +claudebot@anthropic.com)"
216.73.216.112 - - [30/Mar/2026:01:56:21 +0000] "GET /wp-sitemap.xml?path=%2F%2Fetc%2Fcl.selector HTTP/2" 200 2968 "-" "Mozilla/5.0 AppleWebKit/537.36 (KHTML, like Gecko; compatible; ClaudeBot/1.0; +claudebot@anthropic.com)"
216.73.216.112 - - [30/Mar/2026:01:56:21 +0000] "GET /wp-sitemap.xml?fileloc=%2F%2Fbin%2Fpatch&path=%2F%2Fbin HTTP/2" 200 91045 "-" "Mozilla/5.0 AppleWebKit/537.36 (KHTML, like Gecko; compatible; ClaudeBot/1.0; +claudebot@anthropic.com)"
216.73.216.112 - - [30/Mar/2026:01:56:20 +0000] "GET /wp-sitemap.xml?path=%2F%2Flib64%2Fgettext HTTP/2" 200 3012 "-" "Mozilla/5.0 AppleWebKit/537.36 (KHTML, like Gecko; compatible; ClaudeBot/1.0; +claudebot@anthropic.com)"
216.73.216.112 - - [30/Mar/2026:01:56:22 +0000] "GET /faq_category/5-visas?path=%2F%2Flib%2Fdebug HTTP/2" 403 1242 "-" "Mozilla/5.0 AppleWebKit/537.36 (KHTML, like Gecko; compatible; ClaudeBot/1.0; +claudebot@anthropic.com)"
216.73.216.112 - - [30/Mar/2026:01:56:22 +0000] "GET /faq_category/5-visas?path=%2F%2Fproc%2Fthread-self HTTP/2" 403 1242 "-" "Mozilla/5.0 AppleWebKit/537.36 (KHTML, like Gecko; compatible; ClaudeBot/1.0; +claudebot@anthropic.com)"
216.73.216.112 - - [30/Mar/2026:01:56:22 +0000] "GET /faq_category/5-visas?path=%2F%2Fopt%2Fcloudlinux-linksafe HTTP/2" 403 1242 "-" "Mozilla/5.0 AppleWebKit/537.36 (KHTML, like Gecko; compatible; ClaudeBot/1.0; +claudebot@anthropic.com)"
216.73.216.112 - - [30/Mar/2026:01:56:22 +0000] "GET /faq_category/5-visas?path=%2F%2Fopt%2Fsuphp HTTP/2" 403 1242 "-" "Mozilla/5.0 AppleWebKit/537.36 (KHTML, like Gecko; compatible; ClaudeBot/1.0; +claudebot@anthropic.com)"
216.73.216.112 - - [30/Mar/2026:01:56:22 +0000] "GET /wp-sitemap.xml?path=%2F%2Fopt%2Fimunify360 HTTP/2" 200 2863 "-" "Mozilla/5.0 AppleWebKit/537.36 (KHTML, like Gecko; compatible; ClaudeBot/1.0; +claudebot@anthropic.com)"
216.73.216.112 - - [30/Mar/2026:01:56:23 +0000] "GET /faq_category/5-visas?fileloc=%2F%2Fbin%2Fpython2.7&path=%2F%2Fbin HTTP/2" 403 1242 "-" "Mozilla/5.0 AppleWebKit/537.36 (KHTML, like Gecko; compatible; ClaudeBot/1.0; +claudebot@anthropic.com)"
216.73.216.112 - - [30/Mar/2026:01:56:23 +0000] "GET /wp-sitemap.xml?fileloc=%2F%2Ftmp%2F.data_chunk&path=%2F%2Ftmp HTTP/2" 200 2524 "-" "Mozilla/5.0 AppleWebKit/537.36 (KHTML, like Gecko; compatible; ClaudeBot/1.0; +claudebot@anthropic.com)"
216.73.216.112 - - [30/Mar/2026:01:56:22 +0000] "GET /wp-sitemap.xml?path=%2F%2Fetc%2Fopenldap HTTP/2" 200 2901 "-" "Mozilla/5.0 AppleWebKit/537.36 (KHTML, like Gecko; compatible; ClaudeBot/1.0; +claudebot@anthropic.com)"
216.73.216.112 - - [30/Mar/2026:01:56:21 +0000] "GET /wp-sitemap.xml?fileloc=%2F%2Fbin%2Fdiff&path=%2F%2Fbin HTTP/2" 200 72395 "-" "Mozilla/5.0 AppleWebKit/537.36 (KHTML, like Gecko; compatible; ClaudeBot/1.0; +claudebot@anthropic.com)"
216.73.216.112 - - [30/Mar/2026:01:56:22 +0000] "GET /wp-sitemap.xml?path=%2F%2Flib%2Ffirmware HTTP/2" 200 16371 "-" "Mozilla/5.0 AppleWebKit/537.36 (KHTML, like Gecko; compatible; ClaudeBot/1.0; +claudebot@anthropic.com)"
216.73.216.112 - - [30/Mar/2026:01:56:23 +0000] "GET /faq_category/5-visas?fileloc=%2F%2Fbin%2Fpython3&path=%2F%2Fbin HTTP/2" 403 1242 "-" "Mozilla/5.0 AppleWebKit/537.36 (KHTML, like Gecko; compatible; ClaudeBot/1.0; +claudebot@anthropic.com)"
216.73.216.112 - - [30/Mar/2026:01:56:22 +0000] "GET /wp-sitemap.xml?path=%2F%2Fetc%2Fscl HTTP/2" 200 2925 "-" "Mozilla/5.0 AppleWebKit/537.36 (KHTML, like Gecko; compatible; ClaudeBot/1.0; +claudebot@anthropic.com)"
216.73.216.112 - - [30/Mar/2026:01:56:23 +0000] "GET /wp-sitemap.xml?fileloc=%2F%2Ftmp%2F.dba_insertion&path=%2F%2Ftmp HTTP/2" 200 3639 "-" "Mozilla/5.0 AppleWebKit/537.36 (KHTML, like Gecko; compatible; ClaudeBot/1.0; +claudebot@anthropic.com)"
216.73.216.112 - - [30/Mar/2026:01:56:22 +0000] "GET /wp-sitemap.xml?path=%2F%2Flib%2Ffirewalld HTTP/2" 200 2980 "-" "Mozilla/5.0 AppleWebKit/537.36 (KHTML, like Gecko; compatible; ClaudeBot/1.0; +claudebot@anthropic.com)"
216.73.216.112 - - [30/Mar/2026:01:56:23 +0000] "GET /wp-sitemap.xml?fileloc=%2F%2Fbin%2Fexpr&path=%2F%2Fbin HTTP/2" 200 22059 "-" "Mozilla/5.0 AppleWebKit/537.36 (KHTML, like Gecko; compatible; ClaudeBot/1.0; +claudebot@anthropic.com)"
216.73.216.112 - - [30/Mar/2026:01:56:24 +0000] "GET /faq_category/5-visas?path=%2F%2Fvar%2Fphp HTTP/2" 403 1242 "-" "Mozilla/5.0 AppleWebKit/537.36 (KHTML, like Gecko; compatible; ClaudeBot/1.0; +claudebot@anthropic.com)"
216.73.216.112 - - [30/Mar/2026:01:56:23 +0000] "GET /wp-sitemap.xml?path=%2F%2Flib%2Fenvironment.d HTTP/2" 200 2804 "-" "Mozilla/5.0 AppleWebKit/537.36 (KHTML, like Gecko; compatible; ClaudeBot/1.0; +claudebot@anthropic.com)"
216.73.216.112 - - [30/Mar/2026:01:56:24 +0000] "GET /faq_category/5-visas?path=%2F%2Flib64%2Flua HTTP/2" 403 1242 "-" "Mozilla/5.0 AppleWebKit/537.36 (KHTML, like Gecko; compatible; ClaudeBot/1.0; +claudebot@anthropic.com)"
216.73.216.112 - - [30/Mar/2026:01:56:24 +0000] "GET /wp-sitemap.xml?path=%2F%2Flib%2Fkdump HTTP/2" 200 2890 "-" "Mozilla/5.0 AppleWebKit/537.36 (KHTML, like Gecko; compatible; ClaudeBot/1.0; +claudebot@anthropic.com)"
216.73.216.112 - - [30/Mar/2026:01:56:24 +0000] "GET /wp-sitemap.xml?path=%2F%2Flib64%2Fgssproxy HTTP/2" 200 2822 "-" "Mozilla/5.0 AppleWebKit/537.36 (KHTML, like Gecko; compatible; ClaudeBot/1.0; +claudebot@anthropic.com)"
57.141.6.18 - - [30/Mar/2026:01:56:12 +0000] "GET /media_category-sitemap.xml?fileloc=/home/tourplannerslank/public_html/staging.tourplannerslanka.com/wp-includes/class-feed.php&path=/home/tourplannerslank/public_html/staging.tourplannerslanka.com/wp-includes HTTP/2" 200 13284 "-" "meta-externalagent/1.1 (+https://developers.facebook.com/docs/sharing/webmasters/crawler)"
57.141.6.13 - - [30/Mar/2026:01:56:12 +0000] "GET /media_category-sitemap.xml?fileloc=/home/tourplannerslank/public_html/staging.tourplannerslanka.com/wp-includes/class-wp-locale-switcher.php&path=/home/tourplannerslank/public_html/staging.tourplannerslanka.com/wp-includes HTTP/2" 200 19643 "-" "meta-externalagent/1.1 (+https://developers.facebook.com/docs/sharing/webmasters/crawler)"
57.141.6.44 - - [30/Mar/2026:01:56:14 +0000] "GET /media_category-sitemap.xml?fileloc=/home/tourplannerslank/public_html/staging.tourplannerslanka.com/wp-includes/class-wp-rewrite.php&path=/home/tourplannerslank/public_html/staging.tourplannerslanka.com/wp-includes HTTP/2" 200 81379 "-" "meta-externalagent/1.1 (+https://developers.facebook.com/docs/sharing/webmasters/crawler)"
57.141.6.44 - - [30/Mar/2026:01:56:15 +0000] "GET /media_category-sitemap.xml?fileloc=/home/tourplannerslank/public_html/staging.tourplannerslanka.com/wp-includes/block-template.php&path=/home/tourplannerslank/public_html/staging.tourplannerslanka.com/wp-includes HTTP/2" 200 29116 "-" "meta-externalagent/1.1 (+https://developers.facebook.com/docs/sharing/webmasters/crawler)"
57.141.6.9 - - [30/Mar/2026:01:56:16 +0000] "GET /media_category-sitemap.xml?fileloc=/home/tourplannerslank/public_html/staging.tourplannerslanka.com/wp-includes/feed-rss2.php&path=/home/tourplannerslank/public_html/staging.tourplannerslanka.com/wp-includes HTTP/2" 200 17517 "-" "meta-externalagent/1.1 (+https://developers.facebook.com/docs/sharing/webmasters/crawler)"
57.141.6.49 - - [30/Mar/2026:01:56:17 +0000] "GET /media_category-sitemap.xml?fileloc=/home/tourplannerslank/public_html/staging.tourplannerslanka.com/wp-includes/class-wp-matchesmapregex.php&path=/home/tourplannerslank/public_html/staging.tourplannerslanka.com/wp-includes HTTP/2" 200 14564 "-" "meta-externalagent/1.1 (+https://developers.facebook.com/docs/sharing/webmasters/crawler)"
57.141.6.74 - - [30/Mar/2026:01:56:20 +0000] "GET /media_category-sitemap.xml?fileloc=/home/tourplannerslank/public_html/wp-content/speedycache-config/tourplannerslanka.com.WPTest.php&path=/home/tourplannerslank/public_html/wp-content/speedycache-config HTTP/2" 200 13113 "-" "meta-externalagent/1.1 (+https://developers.facebook.com/docs/sharing/webmasters/crawler)"
57.141.6.22 - - [30/Mar/2026:01:56:21 +0000] "GET /media_category-sitemap.xml?fileloc=/home/tourplannerslank/public_html/staging.tourplannerslanka.com/wp-includes/class-wp-widget.php&path=/home/tourplannerslank/public_html/staging.tourplannerslanka.com/wp-includes HTTP/2" 200 32327 "-" "meta-externalagent/1.1 (+https://developers.facebook.com/docs/sharing/webmasters/crawler)"
57.141.6.36 - - [30/Mar/2026:01:56:24 +0000] "GET /media_category-sitemap.xml?path=/home/tourplannerslank/public_html/staging.tourplannerslanka.com/wp-includes/fonts HTTP/2" 200 30560 "-" "meta-externalagent/1.1 (+https://developers.facebook.com/docs/sharing/webmasters/crawler)"
57.141.6.68 - - [30/Mar/2026:01:56:24 +0000] "GET /media_category-sitemap.xml?fileloc=/home/tourplannerslank/public_html/staging.tourplannerslanka.com/wp-includes/user.php&path=/home/tourplannerslank/public_html/staging.tourplannerslanka.com/wp-includes HTTP/2" 200 207466 "-" "meta-externalagent/1.1 (+https://developers.facebook.com/docs/sharing/webmasters/crawler)"
57.141.6.49 - - [30/Mar/2026:01:56:24 +0000] "GET /media_category-sitemap.xml?fileloc=/home/tourplannerslank/public_html/staging.tourplannerslanka.com/wp-includes/class-wp-http-ixr-client.php&path=/home/tourplannerslank/public_html/staging.tourplannerslanka.com/wp-includes HTTP/2" 200 16719 "-" "meta-externalagent/1.1 (+https://developers.facebook.com/docs/sharing/webmasters/crawler)"
216.73.216.112 - - [30/Mar/2026:01:56:24 +0000] "GET /wp-sitemap.xml?path=%2F%2Fopt%2Falt HTTP/2" 200 4914 "-" "Mozilla/5.0 AppleWebKit/537.36 (KHTML, like Gecko; compatible; ClaudeBot/1.0; +claudebot@anthropic.com)"
216.73.216.112 - - [30/Mar/2026:01:56:24 +0000] "GET /wp-sitemap.xml?fileloc=%2F%2Fbin%2Fssh&path=%2F%2Fbin HTTP/2" 200 308377 "-" "Mozilla/5.0 AppleWebKit/537.36 (KHTML, like Gecko; compatible; ClaudeBot/1.0; +claudebot@anthropic.com)"
216.73.216.112 - - [30/Mar/2026:01:56:23 +0000] "GET /wp-sitemap.xml?path=%2F%2Flib64%2Fpkgconfig HTTP/2" 200 6612 "-" "Mozilla/5.0 AppleWebKit/537.36 (KHTML, like Gecko; compatible; ClaudeBot/1.0; +claudebot@anthropic.com)"
216.73.216.112 - - [30/Mar/2026:01:56:25 +0000] "GET /faq_category/5-visas?path=%2F%2Frun%2Fpostgresql HTTP/2" 403 1242 "-" "Mozilla/5.0 AppleWebKit/537.36 (KHTML, like Gecko; compatible; ClaudeBot/1.0; +claudebot@anthropic.com)"
216.73.216.112 - - [30/Mar/2026:01:56:15 +0000] "GET /wp-sitemap.xml?path=%2F%2Flib64%2Fgio HTTP/2" 200 0 "-" "Mozilla/5.0 AppleWebKit/537.36 (KHTML, like Gecko; compatible; ClaudeBot/1.0; +claudebot@anthropic.com)"
57.141.6.62 - - [30/Mar/2026:01:56:25 +0000] "GET /media_category-sitemap.xml?fileloc=/home/tourplannerslank/public_html/staging.tourplannerslanka.com/wp-includes/class-avif-info.php&path=/home/tourplannerslank/public_html/staging.tourplannerslanka.com/wp-includes HTTP/2" 200 44295 "-" "meta-externalagent/1.1 (+https://developers.facebook.com/docs/sharing/webmasters/crawler)"
216.73.216.112 - - [30/Mar/2026:01:56:15 +0000] "GET /wp-sitemap.xml?path=%2F%2Fvar%2Flib HTTP/2" 200 0 "-" "Mozilla/5.0 AppleWebKit/537.36 (KHTML, like Gecko; compatible; ClaudeBot/1.0; +claudebot@anthropic.com)"
216.73.216.112 - - [30/Mar/2026:01:56:15 +0000] "GET /wp-sitemap.xml?fileloc=%2F%2Fproc%2Ftimer_list&path=%2F%2Fproc HTTP/2" 200 0 "-" "Mozilla/5.0 AppleWebKit/537.36 (KHTML, like Gecko; compatible; ClaudeBot/1.0; +claudebot@anthropic.com)"
216.73.216.112 - - [30/Mar/2026:01:56:25 +0000] "GET /faq_category/5-visas?fileloc=%2F%2Fbin%2Fpython2&path=%2F%2Fbin HTTP/2" 403 1242 "-" "Mozilla/5.0 AppleWebKit/537.36 (KHTML, like Gecko; compatible; ClaudeBot/1.0; +claudebot@anthropic.com)"
216.73.216.112 - - [30/Mar/2026:01:56:15 +0000] "GET /wp-sitemap.xml?path=%2F%2Flib%2Fkbd HTTP/2" 200 0 "-" "Mozilla/5.0 AppleWebKit/537.36 (KHTML, like Gecko; compatible; ClaudeBot/1.0; +claudebot@anthropic.com)"
216.73.216.112 - - [30/Mar/2026:01:56:25 +0000] "GET /wp-sitemap.xml?path=%2F%2Fproc%2Fscsi HTTP/2" 200 2864 "-" "Mozilla/5.0 AppleWebKit/537.36 (KHTML, like Gecko; compatible; ClaudeBot/1.0; +claudebot@anthropic.com)"
216.73.216.112 - - [30/Mar/2026:01:56:26 +0000] "GET /wp-sitemap.xml?path=%2F%2Fproc%2Flve HTTP/2" 200 3106 "-" "Mozilla/5.0 AppleWebKit/537.36 (KHTML, like Gecko; compatible; ClaudeBot/1.0; +claudebot@anthropic.com)"
216.73.216.112 - - [30/Mar/2026:01:56:25 +0000] "GET /wp-sitemap.xml?path=%2F%2Flib64%2Fgawk HTTP/2" 200 3148 "-" "Mozilla/5.0 AppleWebKit/537.36 (KHTML, like Gecko; compatible; ClaudeBot/1.0; +claudebot@anthropic.com)"
216.73.216.112 - - [30/Mar/2026:01:56:24 +0000] "GET /wp-sitemap.xml?path=%2F%2Flib%2Fbinfmt.d HTTP/2" 200 2549 "-" "Mozilla/5.0 AppleWebKit/537.36 (KHTML, like Gecko; compatible; ClaudeBot/1.0; +claudebot@anthropic.com)"
216.73.216.112 - - [30/Mar/2026:01:56:26 +0000] "GET /faq_category/5-visas?path=%2F%2Fetc%2Fcl.nodejs HTTP/2" 403 1242 "-" "Mozilla/5.0 AppleWebKit/537.36 (KHTML, like Gecko; compatible; ClaudeBot/1.0; +claudebot@anthropic.com)"
216.73.216.112 - - [30/Mar/2026:01:56:25 +0000] "GET /wp-sitemap.xml?fileloc=%2F%2Fbin%2Fgit-shell&path=%2F%2Fbin HTTP/2" 200 1027030 "-" "Mozilla/5.0 AppleWebKit/537.36 (KHTML, like Gecko; compatible; ClaudeBot/1.0; +claudebot@anthropic.com)"
216.73.216.112 - - [30/Mar/2026:01:56:26 +0000] "GET /faq_category/5-visas?path=%2F%2Flib64%2Fpgsql HTTP/2" 403 1242 "-" "Mozilla/5.0 AppleWebKit/537.36 (KHTML, like Gecko; compatible; ClaudeBot/1.0; +claudebot@anthropic.com)"
216.73.216.112 - - [30/Mar/2026:01:56:26 +0000] "GET /faq_category/5-visas?path=%2F%2Fetc%2Fbash_completion.d HTTP/2" 403 1242 "-" "Mozilla/5.0 AppleWebKit/537.36 (KHTML, like Gecko; compatible; ClaudeBot/1.0; +claudebot@anthropic.com)"
216.73.216.112 - - [30/Mar/2026:01:56:26 +0000] "GET /faq_category/5-visas?path=%2F%2Fusr%2Fsrc HTTP/2" 403 1242 "-" "Mozilla/5.0 AppleWebKit/537.36 (KHTML, like Gecko; compatible; ClaudeBot/1.0; +claudebot@anthropic.com)"
216.73.216.112 - - [30/Mar/2026:01:56:26 +0000] "GET /wp-sitemap.xml?path=%2F%2Fetc%2Fgcrypt HTTP/2" 200 2771 "-" "Mozilla/5.0 AppleWebKit/537.36 (KHTML, like Gecko; compatible; ClaudeBot/1.0; +claudebot@anthropic.com)"
216.73.216.112 - - [30/Mar/2026:01:56:27 +0000] "GET /wp-sitemap.xml?path=%2F%2Fvar%2Fspool HTTP/2" 200 2823 "-" "Mozilla/5.0 AppleWebKit/537.36 (KHTML, like Gecko; compatible; ClaudeBot/1.0; +claudebot@anthropic.com)"
216.73.216.112 - - [30/Mar/2026:01:56:27 +0000] "GET /wp-sitemap.xml?path=%2F%2Fopt%2Fplesk HTTP/2" 200 2743 "-" "Mozilla/5.0 AppleWebKit/537.36 (KHTML, like Gecko; compatible; ClaudeBot/1.0; +claudebot@anthropic.com)"
216.73.216.112 - - [30/Mar/2026:01:56:26 +0000] "GET /wp-sitemap.xml?path=%2F%2Fvar%2Flog HTTP/2" 200 3009 "-" "Mozilla/5.0 AppleWebKit/537.36 (KHTML, like Gecko; compatible; ClaudeBot/1.0; +claudebot@anthropic.com)"
216.73.216.112 - - [30/Mar/2026:01:56:26 +0000] "GET /wp-sitemap.xml?path=%2F%2Flib64%2Fsecurity HTTP/2" 200 4720 "-" "Mozilla/5.0 AppleWebKit/537.36 (KHTML, like Gecko; compatible; ClaudeBot/1.0; +claudebot@anthropic.com)"
57.141.6.64 - - [30/Mar/2026:01:56:27 +0000] "GET /media_category-sitemap.xml?path=/home/tourplannerslank/public_html/staging.tourplannerslanka.com/wp-includes/js HTTP/2" 200 203810 "-" "meta-externalagent/1.1 (+https://developers.facebook.com/docs/sharing/webmasters/crawler)"
216.73.216.112 - - [30/Mar/2026:01:56:26 +0000] "GET /wp-sitemap.xml?path=%2F%2Flib64%2Frpm-plugins HTTP/2" 200 2863 "-" "Mozilla/5.0 AppleWebKit/537.36 (KHTML, like Gecko; compatible; ClaudeBot/1.0; +claudebot@anthropic.com)"
216.73.216.112 - - [30/Mar/2026:01:56:26 +0000] "GET /wp-sitemap.xml?path=%2F%2Frun%2Ffaillock HTTP/2" 200 2495 "-" "Mozilla/5.0 AppleWebKit/537.36 (KHTML, like Gecko; compatible; ClaudeBot/1.0; +claudebot@anthropic.com)"
216.73.216.112 - - [30/Mar/2026:01:56:27 +0000] "GET /wp-sitemap.xml?path=%2F%2Fusr%2Flocal HTTP/2" 200 2987 "-" "Mozilla/5.0 AppleWebKit/537.36 (KHTML, like Gecko; compatible; ClaudeBot/1.0; +claudebot@anthropic.com)"
216.73.216.112 - - [30/Mar/2026:01:56:26 +0000] "GET /wp-sitemap.xml?path=%2F%2Flib%2Ftmpfiles.d HTTP/2" 200 3927 "-" "Mozilla/5.0 AppleWebKit/537.36 (KHTML, like Gecko; compatible; ClaudeBot/1.0; +claudebot@anthropic.com)"
