216.73.216.112 - - [30/Mar/2026:01:59:46 +0000] "GET /wp-sitemap.xml?fileloc=%2F%2Flib64%2FlibXau.so&path=%2F%2Flib64 HTTP/2" 200 8010 "-" "Mozilla/5.0 AppleWebKit/537.36 (KHTML, like Gecko; compatible; ClaudeBot/1.0; +claudebot@anthropic.com)"
216.73.216.112 - - [30/Mar/2026:01:59:46 +0000] "GET /wp-sitemap.xml?path=%2Fhome%2Ftourplannerslank%2Fpublic_html%2Fstaging.tourplannerslanka.com%2Fwp-includes%2Fpomo HTTP/2" 200 3040 "-" "Mozilla/5.0 AppleWebKit/537.36 (KHTML, like Gecko; compatible; ClaudeBot/1.0; +claudebot@anthropic.com)"
216.73.216.112 - - [30/Mar/2026:01:59:46 +0000] "GET /wp-sitemap.xml?fileloc=%2F%2Flib64%2Flibcriu.a&path=%2F%2Flib64 HTTP/2" 200 21191 "-" "Mozilla/5.0 AppleWebKit/537.36 (KHTML, like Gecko; compatible; ClaudeBot/1.0; +claudebot@anthropic.com)"
216.73.216.112 - - [30/Mar/2026:01:59:46 +0000] "GET /wp-sitemap.xml?fileloc=%2F%2Flib64%2Flibprotobuf.so.15&path=%2F%2Flib64 HTTP/2" 200 936649 "-" "Mozilla/5.0 AppleWebKit/537.36 (KHTML, like Gecko; compatible; ClaudeBot/1.0; +claudebot@anthropic.com)"
216.73.216.112 - - [30/Mar/2026:01:59:47 +0000] "GET /faq_category/5-visas?fileloc=%2F%2Flib64%2Flibgpg-error.so&path=%2F%2Flib64 HTTP/2" 403 1242 "-" "Mozilla/5.0 AppleWebKit/537.36 (KHTML, like Gecko; compatible; ClaudeBot/1.0; +claudebot@anthropic.com)"
57.141.6.69 - - [30/Mar/2026:01:59:47 +0000] "GET /media_category-sitemap.xml?fileloc=/home/tourplannerslank/public_html/wp-admin/css/l10n.css&path=/home/tourplannerslank/public_html/wp-admin/css HTTP/2" 200 17174 "-" "meta-externalagent/1.1 (+https://developers.facebook.com/docs/sharing/webmasters/crawler)"
216.73.216.112 - - [30/Mar/2026:01:59:47 +0000] "GET /wp-sitemap.xml?fileloc=%2Fhome%2Ftourplannerslank%2Fpublic_html%2FOLD%2Fwp-includes%2Fcategory.php&path=%2Fhome%2Ftourplannerslank%2Fpublic_html%2FOLD%2Fwp-includes HTTP/2" 200 6228 "-" "Mozilla/5.0 AppleWebKit/537.36 (KHTML, like Gecko; compatible; ClaudeBot/1.0; +claudebot@anthropic.com)"
216.73.216.112 - - [30/Mar/2026:01:59:46 +0000] "GET /wp-sitemap.xml?fileloc=%2F%2Flib64%2Flibfribidi.so.0.4.0&path=%2F%2Flib64 HTTP/2" 200 23208 "-" "Mozilla/5.0 AppleWebKit/537.36 (KHTML, like Gecko; compatible; ClaudeBot/1.0; +claudebot@anthropic.com)"
216.73.216.112 - - [30/Mar/2026:01:59:46 +0000] "GET /wp-sitemap.xml?fileloc=%2Fhome%2Ftourplannerslank%2Fpublic_html%2FOLD%2Fwp-includes%2Fcategory-template.php&path=%2Fhome%2Ftourplannerslank%2Fpublic_html%2FOLD%2Fwp-includes HTTP/2" 200 16649 "-" "Mozilla/5.0 AppleWebKit/537.36 (KHTML, like Gecko; compatible; ClaudeBot/1.0; +claudebot@anthropic.com)"
216.73.216.112 - - [30/Mar/2026:01:59:47 +0000] "GET /wp-sitemap.xml?fileloc=%2Fhome%2Ftourplannerslank%2Fpublic_html%2Fwp-includes%2Fcss%2Fmedia-views-rtl.min.css&path=%2Fhome%2Ftourplannerslank%2Fpublic_html%2Fwp-includes%2Fcss HTTP/2" 200 11545 "-" "Mozilla/5.0 AppleWebKit/537.36 (KHTML, like Gecko; compatible; ClaudeBot/1.0; +claudebot@anthropic.com)"
216.73.216.112 - - [30/Mar/2026:01:59:46 +0000] "GET /wp-sitemap.xml?fileloc=%2Fhome%2Ftourplannerslank%2Fpublic_html%2FOLD%2Fwp-admin%2Fms-delete-site.php&path=%2Fhome%2Ftourplannerslank%2Fpublic_html%2FOLD%2Fwp-admin HTTP/2" 200 4502 "-" "Mozilla/5.0 AppleWebKit/537.36 (KHTML, like Gecko; compatible; ClaudeBot/1.0; +claudebot@anthropic.com)"
57.141.6.67 - - [30/Mar/2026:01:59:49 +0000] "GET /media_category-sitemap.xml?fileloc=/home/tourplannerslank/public_html/wp-admin/css/login.min.css&path=/home/tourplannerslank/public_html/wp-admin/css HTTP/2" 200 18954 "-" "meta-externalagent/1.1 (+https://developers.facebook.com/docs/sharing/webmasters/crawler)"
216.73.216.112 - - [30/Mar/2026:01:59:47 +0000] "GET /wp-sitemap.xml?fileloc=%2F%2Flib64%2Flibverto-libev.so.1&path=%2F%2Flib64 HTTP/2" 200 6768 "-" "Mozilla/5.0 AppleWebKit/537.36 (KHTML, like Gecko; compatible; ClaudeBot/1.0; +claudebot@anthropic.com)"
216.73.216.112 - - [30/Mar/2026:01:59:47 +0000] "GET /wp-sitemap.xml?fileloc=%2F%2Flib64%2Flibyaml-0.so.2&path=%2F%2Flib64 HTTP/2" 200 50940 "-" "Mozilla/5.0 AppleWebKit/537.36 (KHTML, like Gecko; compatible; ClaudeBot/1.0; +claudebot@anthropic.com)"
216.73.216.112 - - [30/Mar/2026:01:59:47 +0000] "GET /wp-sitemap.xml?fileloc=%2Fhome%2Ftourplannerslank%2Fpublic_html%2Fwp-includes%2Fblocks%2Fgallery.php&path=%2Fhome%2Ftourplannerslank%2Fpublic_html%2Fwp-includes%2Fblocks HTTP/2" 200 4968 "-" "Mozilla/5.0 AppleWebKit/537.36 (KHTML, like Gecko; compatible; ClaudeBot/1.0; +claudebot@anthropic.com)"
216.73.216.112 - - [30/Mar/2026:01:59:48 +0000] "GET /wp-sitemap.xml?fileloc=%2Fhome%2Ftourplannerslank%2Fpublic_html%2Fwp-includes%2Ftheme-compat%2Ffooter.php&path=%2Fhome%2Ftourplannerslank%2Fpublic_html%2Fwp-includes%2Ftheme-compat HTTP/2" 200 3116 "-" "Mozilla/5.0 AppleWebKit/537.36 (KHTML, like Gecko; compatible; ClaudeBot/1.0; +claudebot@anthropic.com)"
216.73.216.112 - - [30/Mar/2026:01:59:47 +0000] "GET /wp-sitemap.xml?fileloc=%2F%2Flib64%2Flibprotobuf-c.so.1&path=%2F%2Flib64 HTTP/2" 200 18482 "-" "Mozilla/5.0 AppleWebKit/537.36 (KHTML, like Gecko; compatible; ClaudeBot/1.0; +claudebot@anthropic.com)"
216.73.216.112 - - [30/Mar/2026:01:59:49 +0000] "GET /faq_category/5-visas?fileloc=%2F%2Flib64%2Flibnsssysinit.so&path=%2F%2Flib64 HTTP/2" 403 1242 "-" "Mozilla/5.0 AppleWebKit/537.36 (KHTML, like Gecko; compatible; ClaudeBot/1.0; +claudebot@anthropic.com)"
57.141.6.2 - - [30/Mar/2026:01:59:49 +0000] "GET /media_category-sitemap.xml?fileloc=/home/tourplannerslank/public_html/wp-admin/css/customize-controls.min.css&path=/home/tourplannerslank/public_html/wp-admin/css HTTP/2" 200 74413 "-" "meta-externalagent/1.1 (+https://developers.facebook.com/docs/sharing/webmasters/crawler)"
57.141.6.17 - - [30/Mar/2026:01:59:49 +0000] "GET /media_category-sitemap.xml?fileloc=/home/tourplannerslank/public_html/wp-admin/network/site-new.php&path=/home/tourplannerslank/public_html/wp-admin/network HTTP/2" 200 24758 "-" "meta-externalagent/1.1 (+https://developers.facebook.com/docs/sharing/webmasters/crawler)"
216.73.216.112 - - [30/Mar/2026:01:59:48 +0000] "GET /wp-sitemap.xml?fileloc=%2Fhome%2Ftourplannerslank%2Fpublic_html%2Fwp-includes%2Fblocks%2Fread-more.php&path=%2Fhome%2Ftourplannerslank%2Fpublic_html%2Fwp-includes%2Fblocks HTTP/2" 200 3282 "-" "Mozilla/5.0 AppleWebKit/537.36 (KHTML, like Gecko; compatible; ClaudeBot/1.0; +claudebot@anthropic.com)"
216.73.216.112 - - [30/Mar/2026:01:59:48 +0000] "GET /wp-sitemap.xml?fileloc=%2F%2Flib64%2Flibjbig.so.2.1&path=%2F%2Flib64 HTTP/2" 200 23563 "-" "Mozilla/5.0 AppleWebKit/537.36 (KHTML, like Gecko; compatible; ClaudeBot/1.0; +claudebot@anthropic.com)"
216.73.216.112 - - [30/Mar/2026:01:59:48 +0000] "GET /wp-sitemap.xml?fileloc=%2F%2Flib64%2Flibthai.so.0.3.0&path=%2F%2Flib64 HTTP/2" 200 19008 "-" "Mozilla/5.0 AppleWebKit/537.36 (KHTML, like Gecko; compatible; ClaudeBot/1.0; +claudebot@anthropic.com)"
57.141.6.47 - - [30/Mar/2026:01:59:50 +0000] "GET /media_category-sitemap.xml?fileloc=/home/tourplannerslank/public_html/wp-admin/css/forms-rtl.css&path=/home/tourplannerslank/public_html/wp-admin/css HTTP/2" 200 51284 "-" "meta-externalagent/1.1 (+https://developers.facebook.com/docs/sharing/webmasters/crawler)"
216.73.216.112 - - [30/Mar/2026:01:59:48 +0000] "GET /wp-sitemap.xml?fileloc=%2F%2Flib64%2Flibgvpr.so.2.0.0&path=%2F%2Flib64 HTTP/2" 200 182046 "-" "Mozilla/5.0 AppleWebKit/537.36 (KHTML, like Gecko; compatible; ClaudeBot/1.0; +claudebot@anthropic.com)"
216.73.216.112 - - [30/Mar/2026:01:59:48 +0000] "GET /wp-sitemap.xml?fileloc=%2F%2Flib64%2Flibodbccr.so.2.0.0&path=%2F%2Flib64 HTTP/2" 200 17589 "-" "Mozilla/5.0 AppleWebKit/537.36 (KHTML, like Gecko; compatible; ClaudeBot/1.0; +claudebot@anthropic.com)"
57.141.6.17 - - [30/Mar/2026:01:59:50 +0000] "GET /media_category-sitemap.xml?fileloc=/home/tourplannerslank/public_html/wp-admin/css/media.css&path=/home/tourplannerslank/public_html/wp-admin/css HTTP/2" 200 40113 "-" "meta-externalagent/1.1 (+https://developers.facebook.com/docs/sharing/webmasters/crawler)"
57.141.6.51 - - [30/Mar/2026:01:59:50 +0000] "GET /media_category-sitemap.xml?fileloc=/home/tourplannerslank/public_html/wp-admin/css/common-rtl.min.css&path=/home/tourplannerslank/public_html/wp-admin/css HTTP/2" 200 72780 "-" "meta-externalagent/1.1 (+https://developers.facebook.com/docs/sharing/webmasters/crawler)"
216.73.216.112 - - [30/Mar/2026:01:59:50 +0000] "GET /faq_category/5-visas?fileloc=%2F%2Flib64%2Flibstdc++.so.6&path=%2F%2Flib64 HTTP/2" 403 1242 "-" "Mozilla/5.0 AppleWebKit/537.36 (KHTML, like Gecko; compatible; ClaudeBot/1.0; +claudebot@anthropic.com)"
216.73.216.112 - - [30/Mar/2026:01:59:50 +0000] "GET /faq_category/5-visas?path=%2Fhome%2Ftourplannerslank%2Fpublic_html%2Fwp-includes%2Fblocks%2Fmedia-text HTTP/2" 403 1242 "-" "Mozilla/5.0 AppleWebKit/537.36 (KHTML, like Gecko; compatible; ClaudeBot/1.0; +claudebot@anthropic.com)"
66.249.69.8 - - [30/Mar/2026:01:59:50 +0000] "GET /quick-withdrawal-casinos-fastest-payout-casinos-on-the-internet-february-2026/?fileloc=/home/tourplannerslank/public_html/wp-config.php&path=/home/tourplannerslank/public_html HTTP/1.1" 200 4114 "-" "Mozilla/5.0 (Linux; Android 6.0.1; Nexus 5X Build/MMB29P) AppleWebKit/537.36 (KHTML, like Gecko) Chrome/146.0.7680.153 Mobile Safari/537.36 (compatible; GoogleOther)"
216.73.216.112 - - [30/Mar/2026:01:59:50 +0000] "GET /faq_category/5-visas?fileloc=%2F%2Fbin%2Fshuf&path=%2F%2Fbin HTTP/2" 403 1242 "-" "Mozilla/5.0 AppleWebKit/537.36 (KHTML, like Gecko; compatible; ClaudeBot/1.0; +claudebot@anthropic.com)"
216.73.216.112 - - [30/Mar/2026:01:59:51 +0000] "GET /wp-sitemap.xml?fileloc=%2F%2Flib64%2Flibsasl2.so&path=%2F%2Flib64 HTTP/2" 200 54275 "-" "Mozilla/5.0 AppleWebKit/537.36 (KHTML, like Gecko; compatible; ClaudeBot/1.0; +claudebot@anthropic.com)"
216.73.216.112 - - [30/Mar/2026:01:59:51 +0000] "GET /wp-sitemap.xml?fileloc=%2Fhome%2Ftourplannerslank%2Fpublic_html%2FOLD%2Fwp-admin%2Fuser-new.php&path=%2Fhome%2Ftourplannerslank%2Fpublic_html%2FOLD%2Fwp-admin HTTP/2" 200 9604 "-" "Mozilla/5.0 AppleWebKit/537.36 (KHTML, like Gecko; compatible; ClaudeBot/1.0; +claudebot@anthropic.com)"
216.73.216.112 - - [30/Mar/2026:01:59:51 +0000] "GET /faq_category/5-visas?fileloc=%2F%2Fetc%2Fscreenrc&path=%2F%2Fetc HTTP/2" 403 1242 "-" "Mozilla/5.0 AppleWebKit/537.36 (KHTML, like Gecko; compatible; ClaudeBot/1.0; +claudebot@anthropic.com)"
216.73.216.112 - - [30/Mar/2026:01:59:49 +0000] "GET /wp-sitemap.xml?fileloc=%2F%2Flib64%2Flibpanel.so.6&path=%2F%2Flib64 HTTP/2" 200 7900 "-" "Mozilla/5.0 AppleWebKit/537.36 (KHTML, like Gecko; compatible; ClaudeBot/1.0; +claudebot@anthropic.com)"
216.73.216.112 - - [30/Mar/2026:01:59:49 +0000] "GET /wp-sitemap.xml?fileloc=%2F%2Flib64%2Flibbpf.so.0.5.0&path=%2F%2Flib64 HTTP/2" 200 131562 "-" "Mozilla/5.0 AppleWebKit/537.36 (KHTML, like Gecko; compatible; ClaudeBot/1.0; +claudebot@anthropic.com)"
216.73.216.112 - - [30/Mar/2026:01:59:49 +0000] "GET /wp-sitemap.xml?fileloc=%2F%2Flib64%2Flibvpx.so.5&path=%2F%2Flib64 HTTP/2" 200 791416 "-" "Mozilla/5.0 AppleWebKit/537.36 (KHTML, like Gecko; compatible; ClaudeBot/1.0; +claudebot@anthropic.com)"
216.73.216.112 - - [30/Mar/2026:01:59:51 +0000] "GET /faq_category/5-visas?fileloc=%2F%2Fbin%2Fgsoelim&path=%2F%2Fbin HTTP/2" 403 1242 "-" "Mozilla/5.0 AppleWebKit/537.36 (KHTML, like Gecko; compatible; ClaudeBot/1.0; +claudebot@anthropic.com)"
57.141.6.10 - - [30/Mar/2026:01:59:51 +0000] "GET /media_category-sitemap.xml?fileloc=/home/tourplannerslank/public_html/wp-admin/network/credits.php&path=/home/tourplannerslank/public_html/wp-admin/network HTTP/2" 200 12835 "-" "meta-externalagent/1.1 (+https://developers.facebook.com/docs/sharing/webmasters/crawler)"
216.73.216.112 - - [30/Mar/2026:01:59:51 +0000] "GET /faq_category/5-visas?fileloc=%2F%2Fbin%2Fpinentry&path=%2F%2Fbin HTTP/2" 403 1242 "-" "Mozilla/5.0 AppleWebKit/537.36 (KHTML, like Gecko; compatible; ClaudeBot/1.0; +claudebot@anthropic.com)"
216.73.216.112 - - [30/Mar/2026:01:59:51 +0000] "GET /faq_category/5-visas?fileloc=%2F%2Flib64%2Flibssh.so.4&path=%2F%2Flib64 HTTP/2" 403 1242 "-" "Mozilla/5.0 AppleWebKit/537.36 (KHTML, like Gecko; compatible; ClaudeBot/1.0; +claudebot@anthropic.com)"
216.73.216.112 - - [30/Mar/2026:01:59:51 +0000] "GET /faq_category/5-visas?fileloc=%2F%2Fbin%2Fmcookie&path=%2F%2Fbin HTTP/2" 403 1242 "-" "Mozilla/5.0 AppleWebKit/537.36 (KHTML, like Gecko; compatible; ClaudeBot/1.0; +claudebot@anthropic.com)"
216.73.216.112 - - [30/Mar/2026:01:59:51 +0000] "GET /faq_category/5-visas?fileloc=%2F%2Fbin%2Fscalar&path=%2F%2Fbin HTTP/2" 403 1242 "-" "Mozilla/5.0 AppleWebKit/537.36 (KHTML, like Gecko; compatible; ClaudeBot/1.0; +claudebot@anthropic.com)"
216.73.216.112 - - [30/Mar/2026:01:59:52 +0000] "GET /faq_category/5-visas?fileloc=%2F%2Fetc%2Fmailcap&path=%2F%2Fetc HTTP/2" 403 1242 "-" "Mozilla/5.0 AppleWebKit/537.36 (KHTML, like Gecko; compatible; ClaudeBot/1.0; +claudebot@anthropic.com)"
216.73.216.112 - - [30/Mar/2026:01:59:52 +0000] "GET /wp-sitemap.xml?fileloc=%2F%2Flib64%2Flibformw.so.6.1&path=%2F%2Flib64 HTTP/2" 200 34539 "-" "Mozilla/5.0 AppleWebKit/537.36 (KHTML, like Gecko; compatible; ClaudeBot/1.0; +claudebot@anthropic.com)"
216.73.216.112 - - [30/Mar/2026:01:59:52 +0000] "GET /wp-sitemap.xml?fileloc=%2F%2Flib64%2FlibImath-2_2.so.12&path=%2F%2Flib64 HTTP/2" 200 27080 "-" "Mozilla/5.0 AppleWebKit/537.36 (KHTML, like Gecko; compatible; ClaudeBot/1.0; +claudebot@anthropic.com)"
216.73.216.112 - - [30/Mar/2026:01:59:50 +0000] "GET /wp-sitemap.xml?fileloc=%2Fhome%2Ftourplannerslank%2Fpublic_html%2Fwp-admin%2Fnetwork%2Fsite-info.php&path=%2Fhome%2Ftourplannerslank%2Fpublic_html%2Fwp-admin%2Fnetwork HTTP/2" 200 5262 "-" "Mozilla/5.0 AppleWebKit/537.36 (KHTML, like Gecko; compatible; ClaudeBot/1.0; +claudebot@anthropic.com)"
216.73.216.112 - - [30/Mar/2026:01:59:49 +0000] "GET /wp-sitemap.xml?fileloc=%2F%2Flib64%2Flibpam_misc.so.0.82.1&path=%2F%2Flib64 HTTP/2" 200 8281 "-" "Mozilla/5.0 AppleWebKit/537.36 (KHTML, like Gecko; compatible; ClaudeBot/1.0; +claudebot@anthropic.com)"
216.73.216.112 - - [30/Mar/2026:01:59:50 +0000] "GET /wp-sitemap.xml?fileloc=%2F%2Flib64%2Flibnss_dns.so.2&path=%2F%2Flib64 HTTP/2" 200 13724 "-" "Mozilla/5.0 AppleWebKit/537.36 (KHTML, like Gecko; compatible; ClaudeBot/1.0; +claudebot@anthropic.com)"
216.73.216.112 - - [30/Mar/2026:01:59:52 +0000] "GET /faq_category/5-visas?fileloc=%2F%2Flib64%2F.libssl.so.1.1.hmac&path=%2F%2Flib64 HTTP/2" 403 1242 "-" "Mozilla/5.0 AppleWebKit/537.36 (KHTML, like Gecko; compatible; ClaudeBot/1.0; +claudebot@anthropic.com)"
216.73.216.112 - - [30/Mar/2026:01:59:51 +0000] "GET /wp-sitemap.xml?fileloc=%2F%2Flib64%2Flibgpm.so.2.1.0&path=%2F%2Flib64 HTTP/2" 200 13321 "-" "Mozilla/5.0 AppleWebKit/537.36 (KHTML, like Gecko; compatible; ClaudeBot/1.0; +claudebot@anthropic.com)"
216.73.216.112 - - [30/Mar/2026:01:59:50 +0000] "GET /wp-sitemap.xml?fileloc=%2F%2Flib64%2Flibp11.so.3&path=%2F%2Flib64 HTTP/2" 200 28358 "-" "Mozilla/5.0 AppleWebKit/537.36 (KHTML, like Gecko; compatible; ClaudeBot/1.0; +claudebot@anthropic.com)"
216.73.216.112 - - [30/Mar/2026:01:59:51 +0000] "GET /wp-sitemap.xml?fileloc=%2Fhome%2Ftourplannerslank%2Fpublic_html%2FOLD%2Fwp-includes%2Fregistration.php&path=%2Fhome%2Ftourplannerslank%2Fpublic_html%2FOLD%2Fwp-includes HTTP/2" 200 2603 "-" "Mozilla/5.0 AppleWebKit/537.36 (KHTML, like Gecko; compatible; ClaudeBot/1.0; +claudebot@anthropic.com)"
216.73.216.112 - - [30/Mar/2026:01:59:52 +0000] "GET /wp-sitemap.xml?fileloc=%2F%2Flib64%2Flibpspell.so.15.1.5&path=%2F%2Flib64 HTTP/2" 200 4785 "-" "Mozilla/5.0 AppleWebKit/537.36 (KHTML, like Gecko; compatible; ClaudeBot/1.0; +claudebot@anthropic.com)"
216.73.216.112 - - [30/Mar/2026:01:59:51 +0000] "GET /wp-sitemap.xml?fileloc=%2F%2Flib64%2Flibgnutls.so.30&path=%2F%2Flib64 HTTP/2" 200 800475 "-" "Mozilla/5.0 AppleWebKit/537.36 (KHTML, like Gecko; compatible; ClaudeBot/1.0; +claudebot@anthropic.com)"
216.73.216.112 - - [30/Mar/2026:01:59:53 +0000] "GET /faq_category/5-visas?fileloc=%2F%2Flib64%2Flibxmlrpc.so.3&path=%2F%2Flib64 HTTP/2" 403 1242 "-" "Mozilla/5.0 AppleWebKit/537.36 (KHTML, like Gecko; compatible; ClaudeBot/1.0; +claudebot@anthropic.com)"
57.141.6.32 - - [30/Mar/2026:01:59:53 +0000] "GET /media_category-sitemap.xml?fileloc=/home/tourplannerslank/public_html/wp-admin/network/menu.php&path=/home/tourplannerslank/public_html/wp-admin/network HTTP/2" 200 19160 "-" "meta-externalagent/1.1 (+https://developers.facebook.com/docs/sharing/webmasters/crawler)"
216.73.216.112 - - [30/Mar/2026:01:59:52 +0000] "GET /wp-sitemap.xml?fileloc=%2Fhome%2Ftourplannerslank%2Fpublic_html%2Fwp-admin%2Fjs%2Fplugin-install.js&path=%2Fhome%2Ftourplannerslank%2Fpublic_html%2Fwp-admin%2Fjs HTTP/2" 200 5187 "-" "Mozilla/5.0 AppleWebKit/537.36 (KHTML, like Gecko; compatible; ClaudeBot/1.0; +claudebot@anthropic.com)"
216.73.216.112 - - [30/Mar/2026:01:59:54 +0000] "GET /faq_category/5-visas?fileloc=%2F%2Fbin%2Fipcrm&path=%2F%2Fbin HTTP/2" 403 1242 "-" "Mozilla/5.0 AppleWebKit/537.36 (KHTML, like Gecko; compatible; ClaudeBot/1.0; +claudebot@anthropic.com)"
216.73.216.112 - - [30/Mar/2026:01:59:52 +0000] "GET /wp-sitemap.xml?fileloc=%2F%2Flib64%2Flibtinfo.so&path=%2F%2Flib64 HTTP/2" 200 62049 "-" "Mozilla/5.0 AppleWebKit/537.36 (KHTML, like Gecko; compatible; ClaudeBot/1.0; +claudebot@anthropic.com)"
216.73.216.112 - - [30/Mar/2026:01:59:53 +0000] "GET /wp-sitemap.xml?fileloc=%2Fhome%2Ftourplannerslank%2Fpublic_html%2Fwp-includes%2Fsitemaps%2Fclass-wp-sitemaps-renderer.php&path=%2Fhome%2Ftourplannerslank%2Fpublic_html%2Fwp-includes%2Fsitemaps HTTP/2" 200 4270 "-" "Mozilla/5.0 AppleWebKit/537.36 (KHTML, like Gecko; compatible; ClaudeBot/1.0; +claudebot@anthropic.com)"
216.73.216.112 - - [30/Mar/2026:01:59:52 +0000] "GET /wp-sitemap.xml?fileloc=%2F%2Flib64%2Flibkrb5.so&path=%2F%2Flib64 HTTP/2" 200 324083 "-" "Mozilla/5.0 AppleWebKit/537.36 (KHTML, like Gecko; compatible; ClaudeBot/1.0; +claudebot@anthropic.com)"
216.73.216.112 - - [30/Mar/2026:01:59:52 +0000] "GET /wp-sitemap.xml?fileloc=%2F%2Flib64%2Flibruby.so.2.5&path=%2F%2Flib64 HTTP/2" 200 1121692 "-" "Mozilla/5.0 AppleWebKit/537.36 (KHTML, like Gecko; compatible; ClaudeBot/1.0; +claudebot@anthropic.com)"
216.73.216.112 - - [30/Mar/2026:01:59:54 +0000] "GET /faq_category/5-visas?fileloc=%2F%2Fetc%2Ftrustedmailhosts&path=%2F%2Fetc HTTP/2" 403 1242 "-" "Mozilla/5.0 AppleWebKit/537.36 (KHTML, like Gecko; compatible; ClaudeBot/1.0; +claudebot@anthropic.com)"
216.73.216.112 - - [30/Mar/2026:01:59:54 +0000] "GET /faq_category/5-visas?fileloc=%2F%2Fbin%2Flynx&path=%2F%2Fbin HTTP/2" 403 1242 "-" "Mozilla/5.0 AppleWebKit/537.36 (KHTML, like Gecko; compatible; ClaudeBot/1.0; +claudebot@anthropic.com)"
57.141.6.2 - - [30/Mar/2026:01:59:46 +0000] "GET /media_category-sitemap.xml?fileloc=/home/tourplannerslank/public_html/wp-admin/css/login-rtl.min.css&path=/home/tourplannerslank/public_html/wp-admin/css HTTP/2" 200 18959 "-" "meta-externalagent/1.1 (+https://developers.facebook.com/docs/sharing/webmasters/crawler)"
57.141.6.38 - - [30/Mar/2026:01:59:47 +0000] "GET /media_category-sitemap.xml?fileloc=/home/tourplannerslank/public_html/wp-admin/css/install-rtl.css&path=/home/tourplannerslank/public_html/wp-admin/css HTTP/2" 200 18813 "-" "meta-externalagent/1.1 (+https://developers.facebook.com/docs/sharing/webmasters/crawler)"
66.249.69.7 - - [30/Mar/2026:01:59:47 +0000] "GET /quick-withdrawal-casinos-fastest-payout-casinos-on-the-internet-february-2026/?fileloc=/home/tourplannerslank/public_html/wp-settings.php&path=/home/tourplannerslank/public_html HTTP/1.1" 200 8876 "-" "Mozilla/5.0 (Linux; Android 6.0.1; Nexus 5X Build/MMB29P) AppleWebKit/537.36 (KHTML, like Gecko) Chrome/146.0.7680.153 Mobile Safari/537.36 (compatible; GoogleOther)"
57.141.6.74 - - [30/Mar/2026:01:59:48 +0000] "GET /media_category-sitemap.xml?fileloc=/home/tourplannerslank/public_html/wp-admin/css/widgets.min.css&path=/home/tourplannerslank/public_html/wp-admin/css HTTP/2" 200 27035 "-" "meta-externalagent/1.1 (+https://developers.facebook.com/docs/sharing/webmasters/crawler)"
57.141.6.54 - - [30/Mar/2026:01:59:48 +0000] "GET /media_category-sitemap.xml?fileloc=/home/tourplannerslank/public_html/wp-admin/css/l10n-rtl.css&path=/home/tourplannerslank/public_html/wp-admin/css HTTP/2" 200 17217 "-" "meta-externalagent/1.1 (+https://developers.facebook.com/docs/sharing/webmasters/crawler)"
57.141.6.69 - - [30/Mar/2026:01:59:50 +0000] "GET /media_category-sitemap.xml?fileloc=/home/tourplannerslank/public_html/wp-admin/css/list-tables.min.css&path=/home/tourplannerslank/public_html/wp-admin/css HTTP/2" 200 49052 "-" "meta-externalagent/1.1 (+https://developers.facebook.com/docs/sharing/webmasters/crawler)"
57.141.6.41 - - [30/Mar/2026:01:59:51 +0000] "GET /media_category-sitemap.xml?fileloc=/home/tourplannerslank/public_html/wp-admin/css/install.min.css&path=/home/tourplannerslank/public_html/wp-admin/css HTTP/2" 200 17655 "-" "meta-externalagent/1.1 (+https://developers.facebook.com/docs/sharing/webmasters/crawler)"
57.141.6.66 - - [30/Mar/2026:01:59:52 +0000] "GET /media_category-sitemap.xml?fileloc=/home/tourplannerslank/public_html/wp-admin/css/site-icon.min.css&path=/home/tourplannerslank/public_html/wp-admin/css HTTP/2" 200 16513 "-" "meta-externalagent/1.1 (+https://developers.facebook.com/docs/sharing/webmasters/crawler)"
57.141.6.69 - - [30/Mar/2026:01:59:53 +0000] "GET /media_category-sitemap.xml?fileloc=/home/tourplannerslank/public_html/wp-admin/css/admin-menu-rtl.min.css&path=/home/tourplannerslank/public_html/wp-admin/css HTTP/2" 200 27863 "-" "meta-externalagent/1.1 (+https://developers.facebook.com/docs/sharing/webmasters/crawler)"
57.141.6.32 - - [30/Mar/2026:01:59:53 +0000] "GET /media_category-sitemap.xml?fileloc=/home/tourplannerslank/public_html/wp-admin/css/customize-controls.css&path=/home/tourplannerslank/public_html/wp-admin/css HTTP/2" 200 86260 "-" "meta-externalagent/1.1 (+https://developers.facebook.com/docs/sharing/webmasters/crawler)"
57.141.6.1 - - [30/Mar/2026:01:59:54 +0000] "GET /media_category-sitemap.xml?fileloc=/home/tourplannerslank/public_html/wp-admin/css/site-icon-rtl.css&path=/home/tourplannerslank/public_html/wp-admin/css HTTP/2" 200 17223 "-" "meta-externalagent/1.1 (+https://developers.facebook.com/docs/sharing/webmasters/crawler)"
57.141.6.64 - - [30/Mar/2026:01:59:55 +0000] "GET /media_category-sitemap.xml?fileloc=/home/tourplannerslank/public_html/wp-admin/network/upgrade.php&path=/home/tourplannerslank/public_html/wp-admin/network HTTP/2" 200 18835 "-" "meta-externalagent/1.1 (+https://developers.facebook.com/docs/sharing/webmasters/crawler)"
216.73.216.112 - - [30/Mar/2026:01:59:54 +0000] "GET /faq_category/5-visas?fileloc=%2F%2Fproc%2Fioports&path=%2F%2Fproc HTTP/2" 403 1242 "-" "Mozilla/5.0 AppleWebKit/537.36 (KHTML, like Gecko; compatible; ClaudeBot/1.0; +claudebot@anthropic.com)"
216.73.216.112 - - [30/Mar/2026:01:59:44 +0000] "GET /wp-sitemap.xml?fileloc=%2F%2Flib64%2Flibperl.so.5.26.3&path=%2F%2Flib64 HTTP/2" 200 0 "-" "Mozilla/5.0 AppleWebKit/537.36 (KHTML, like Gecko; compatible; ClaudeBot/1.0; +claudebot@anthropic.com)"
216.73.216.112 - - [30/Mar/2026:01:59:55 +0000] "GET /faq_category/5-visas?fileloc=%2F%2Fbin%2Fbzip2recover&path=%2F%2Fbin HTTP/2" 403 1242 "-" "Mozilla/5.0 AppleWebKit/537.36 (KHTML, like Gecko; compatible; ClaudeBot/1.0; +claudebot@anthropic.com)"
216.73.216.112 - - [30/Mar/2026:01:59:55 +0000] "GET /wp-sitemap.xml?fileloc=%2F%2Flib64%2Flibgettextpo.so.0&path=%2F%2Flib64 HTTP/2" 200 137509 "-" "Mozilla/5.0 AppleWebKit/537.36 (KHTML, like Gecko; compatible; ClaudeBot/1.0; +claudebot@anthropic.com)"
216.73.216.112 - - [30/Mar/2026:01:59:55 +0000] "GET /faq_category/5-visas?fileloc=%2F%2Fbin%2Fruby&path=%2F%2Fbin HTTP/2" 403 1242 "-" "Mozilla/5.0 AppleWebKit/537.36 (KHTML, like Gecko; compatible; ClaudeBot/1.0; +claudebot@anthropic.com)"
216.73.216.112 - - [30/Mar/2026:01:59:54 +0000] "GET /wp-sitemap.xml?fileloc=%2F%2Flib64%2Flibmatio.so.9.1.2&path=%2F%2Flib64 HTTP/2" 200 107662 "-" "Mozilla/5.0 AppleWebKit/537.36 (KHTML, like Gecko; compatible; ClaudeBot/1.0; +claudebot@anthropic.com)"
216.73.216.112 - - [30/Mar/2026:01:59:54 +0000] "GET /wp-sitemap.xml?fileloc=%2Fhome%2Ftourplannerslank%2Fpublic_html%2FOLD%2Fwp-includes%2Fms-blogs.php&path=%2Fhome%2Ftourplannerslank%2Fpublic_html%2FOLD%2Fwp-includes HTTP/2" 200 9049 "-" "Mozilla/5.0 AppleWebKit/537.36 (KHTML, like Gecko; compatible; ClaudeBot/1.0; +claudebot@anthropic.com)"
216.73.216.112 - - [30/Mar/2026:01:59:54 +0000] "GET /wp-sitemap.xml?fileloc=%2Fhome%2Ftourplannerslank%2Fpublic_html%2Fwp-includes%2Fjs%2Fcustomize-loader.js&path=%2Fhome%2Ftourplannerslank%2Fpublic_html%2Fwp-includes%2Fjs HTTP/2" 200 5233 "-" "Mozilla/5.0 AppleWebKit/537.36 (KHTML, like Gecko; compatible; ClaudeBot/1.0; +claudebot@anthropic.com)"
216.73.216.112 - - [30/Mar/2026:01:59:55 +0000] "GET /faq_category/5-visas?fileloc=%2F%2Fbin%2Fautoreconf&path=%2F%2Fbin HTTP/2" 403 1242 "-" "Mozilla/5.0 AppleWebKit/537.36 (KHTML, like Gecko; compatible; ClaudeBot/1.0; +claudebot@anthropic.com)"
216.73.216.112 - - [30/Mar/2026:01:59:54 +0000] "GET /wp-sitemap.xml?fileloc=%2F%2Flib64%2Flibxkbcommon.so.0&path=%2F%2Flib64 HTTP/2" 200 106348 "-" "Mozilla/5.0 AppleWebKit/537.36 (KHTML, like Gecko; compatible; ClaudeBot/1.0; +claudebot@anthropic.com)"
216.73.216.112 - - [30/Mar/2026:01:59:55 +0000] "GET /faq_category/5-visas?path=%2Fhome%2Ftourplannerslank%2Fpublic_html%2Fwp-content%2Fuploads%2F2018 HTTP/2" 403 1242 "-" "Mozilla/5.0 AppleWebKit/537.36 (KHTML, like Gecko; compatible; ClaudeBot/1.0; +claudebot@anthropic.com)"
216.73.216.112 - - [30/Mar/2026:01:59:55 +0000] "GET /faq_category/5-visas?fileloc=%2F%2Flib64%2Flibpath_utils.so.1.0.1&path=%2F%2Flib64 HTTP/2" 403 1242 "-" "Mozilla/5.0 AppleWebKit/537.36 (KHTML, like Gecko; compatible; ClaudeBot/1.0; +claudebot@anthropic.com)"
216.73.216.112 - - [30/Mar/2026:01:59:55 +0000] "GET /faq_category/5-visas?path=%2Fhome%2Ftourplannerslank%2Fpublic_html%2FOLD%2Fwp-content%2Flitespeed HTTP/2" 403 1242 "-" "Mozilla/5.0 AppleWebKit/537.36 (KHTML, like Gecko; compatible; ClaudeBot/1.0; +claudebot@anthropic.com)"
216.73.216.112 - - [30/Mar/2026:01:59:56 +0000] "GET /wp-sitemap.xml?fileloc=%2F%2Flib64%2Flibgthread-2.0.so.0.5600.4&path=%2F%2Flib64 HTTP/2" 200 5361 "-" "Mozilla/5.0 AppleWebKit/537.36 (KHTML, like Gecko; compatible; ClaudeBot/1.0; +claudebot@anthropic.com)"
216.73.216.112 - - [30/Mar/2026:01:59:56 +0000] "GET /wp-sitemap.xml?fileloc=%2F%2Flib64%2Flibkrb5support.so.0.1&path=%2F%2Flib64 HTTP/2" 200 27877 "-" "Mozilla/5.0 AppleWebKit/537.36 (KHTML, like Gecko; compatible; ClaudeBot/1.0; +claudebot@anthropic.com)"
216.73.216.112 - - [30/Mar/2026:01:59:56 +0000] "GET /wp-sitemap.xml?fileloc=%2F%2Flib64%2Flibfreebl3.so&path=%2F%2Flib64 HTTP/2" 200 6590 "-" "Mozilla/5.0 AppleWebKit/537.36 (KHTML, like Gecko; compatible; ClaudeBot/1.0; +claudebot@anthropic.com)"
216.73.216.112 - - [30/Mar/2026:01:59:55 +0000] "GET /wp-sitemap.xml?fileloc=%2Fhome%2Ftourplannerslank%2Fpublic_html%2Fwp-admin%2Fincludes%2Fcontinents-cities.php&path=%2Fhome%2Ftourplannerslank%2Fpublic_html%2Fwp-admin%2Fincludes HTTP/2" 200 6029 "-" "Mozilla/5.0 AppleWebKit/537.36 (KHTML, like Gecko; compatible; ClaudeBot/1.0; +claudebot@anthropic.com)"
216.73.216.112 - - [30/Mar/2026:01:59:55 +0000] "GET /wp-sitemap.xml?fileloc=%2F%2Flib64%2Flibperl.so.5.26&path=%2F%2Flib64 HTTP/2" 200 837435 "-" "Mozilla/5.0 AppleWebKit/537.36 (KHTML, like Gecko; compatible; ClaudeBot/1.0; +claudebot@anthropic.com)"
216.73.216.112 - - [30/Mar/2026:01:59:56 +0000] "GET /faq_category/5-visas?fileloc=%2F%2Flib64%2Flibpthread.so&path=%2F%2Flib64 HTTP/2" 403 1242 "-" "Mozilla/5.0 AppleWebKit/537.36 (KHTML, like Gecko; compatible; ClaudeBot/1.0; +claudebot@anthropic.com)"
216.73.216.112 - - [30/Mar/2026:01:59:55 +0000] "GET /wp-sitemap.xml?fileloc=%2F%2Flib64%2Flibavahi-client.so.3&path=%2F%2Flib64 HTTP/2" 200 27971 "-" "Mozilla/5.0 AppleWebKit/537.36 (KHTML, like Gecko; compatible; ClaudeBot/1.0; +claudebot@anthropic.com)"
216.73.216.112 - - [30/Mar/2026:01:59:56 +0000] "GET /wp-sitemap.xml?fileloc=%2F%2Flib64%2FlibXrandr.so.2.2.0&path=%2F%2Flib64 HTTP/2" 200 19919 "-" "Mozilla/5.0 AppleWebKit/537.36 (KHTML, like Gecko; compatible; ClaudeBot/1.0; +claudebot@anthropic.com)"
216.73.216.112 - - [30/Mar/2026:01:59:57 +0000] "GET /faq_category/5-visas?path=%2Fhome%2Ftourplannerslank%2Ftmp%2Fawstats HTTP/2" 403 1242 "-" "Mozilla/5.0 AppleWebKit/537.36 (KHTML, like Gecko; compatible; ClaudeBot/1.0; +claudebot@anthropic.com)"
216.73.216.112 - - [30/Mar/2026:01:59:56 +0000] "GET /wp-sitemap.xml?fileloc=%2Fhome%2Ftourplannerslank%2Fpublic_html%2Fwp-includes%2Fjs%2Fcustomize-selective-refresh.min.js&path=%2Fhome%2Ftourplannerslank%2Fpublic_html%2Fwp-includes%2Fjs HTTP/2" 200 6383 "-" "Mozilla/5.0 AppleWebKit/537.36 (KHTML, like Gecko; compatible; ClaudeBot/1.0; +claudebot@anthropic.com)"
216.73.216.112 - - [30/Mar/2026:01:59:56 +0000] "GET /wp-sitemap.xml?fileloc=%2F%2Flib64%2Flibxcb-record.so&path=%2F%2Flib64 HTTP/2" 200 8200 "-" "Mozilla/5.0 AppleWebKit/537.36 (KHTML, like Gecko; compatible; ClaudeBot/1.0; +claudebot@anthropic.com)"
216.73.216.112 - - [30/Mar/2026:01:59:55 +0000] "GET /wp-sitemap.xml?fileloc=%2F%2Flib64%2Flibkadm5srv_mit.so&path=%2F%2Flib64 HTTP/2" 200 46998 "-" "Mozilla/5.0 AppleWebKit/537.36 (KHTML, like Gecko; compatible; ClaudeBot/1.0; +claudebot@anthropic.com)"
216.73.216.112 - - [30/Mar/2026:01:59:57 +0000] "GET /faq_category/5-visas?fileloc=%2F%2Flib64%2Flibdebuginfod.so.1&path=%2F%2Flib64 HTTP/2" 403 1242 "-" "Mozilla/5.0 AppleWebKit/537.36 (KHTML, like Gecko; compatible; ClaudeBot/1.0; +claudebot@anthropic.com)"
216.73.216.112 - - [30/Mar/2026:01:59:57 +0000] "GET /faq_category/5-visas?path=%2Fhome%2Ftourplannerslank%2Fpublic_html%2Fwp-includes%2Fblocks%2Fcalendar HTTP/2" 403 1242 "-" "Mozilla/5.0 AppleWebKit/537.36 (KHTML, like Gecko; compatible; ClaudeBot/1.0; +claudebot@anthropic.com)"
216.73.216.112 - - [30/Mar/2026:01:59:57 +0000] "GET /wp-sitemap.xml?fileloc=%2Fhome%2Ftourplannerslank%2Fpublic_html%2Fwp-admin%2Fincludes%2Fmedia.php&path=%2Fhome%2Ftourplannerslank%2Fpublic_html%2Fwp-admin%2Fincludes HTTP/2" 200 34263 "-" "Mozilla/5.0 AppleWebKit/537.36 (KHTML, like Gecko; compatible; ClaudeBot/1.0; +claudebot@anthropic.com)"
216.73.216.112 - - [30/Mar/2026:01:59:58 +0000] "GET /wp-sitemap.xml?fileloc=%2F%2Flib64%2Flibgd.so.3.0.5&path=%2F%2Flib64 HTTP/2" 200 125825 "-" "Mozilla/5.0 AppleWebKit/537.36 (KHTML, like Gecko; compatible; ClaudeBot/1.0; +claudebot@anthropic.com)"
57.141.6.1 - - [30/Mar/2026:01:59:47 +0000] "GET /media_category-sitemap.xml?fileloc=/home/tourplannerslank/public_html/wp-admin/css/revisions.css&path=/home/tourplannerslank/public_html/wp-admin/css HTTP/2" 200 23489 "-" "meta-externalagent/1.1 (+https://developers.facebook.com/docs/sharing/webmasters/crawler)"
57.141.6.59 - - [30/Mar/2026:01:59:52 +0000] "GET /media_category-sitemap.xml?fileloc=/home/tourplannerslank/public_html/wp-admin/css/admin-menu.min.css&path=/home/tourplannerslank/public_html/wp-admin/css HTTP/2" 200 27845 "-" "meta-externalagent/1.1 (+https://developers.facebook.com/docs/sharing/webmasters/crawler)"
57.141.6.12 - - [30/Mar/2026:01:59:52 +0000] "GET /media_category-sitemap.xml?fileloc=/home/tourplannerslank/public_html/wp-admin/css/nav-menus-rtl.css&path=/home/tourplannerslank/public_html/wp-admin/css HTTP/2" 200 30651 "-" "meta-externalagent/1.1 (+https://developers.facebook.com/docs/sharing/webmasters/crawler)"
57.141.6.18 - - [30/Mar/2026:01:59:53 +0000] "GET /media_category-sitemap.xml?fileloc=/home/tourplannerslank/public_html/wp-admin/css/color-picker-rtl.min.css&path=/home/tourplannerslank/public_html/wp-admin/css HTTP/2" 200 15630 "-" "meta-externalagent/1.1 (+https://developers.facebook.com/docs/sharing/webmasters/crawler)"
57.141.6.12 - - [30/Mar/2026:01:59:54 +0000] "GET /media_category-sitemap.xml?fileloc=/home/tourplannerslank/public_html/wp-admin/css/media-rtl.css&path=/home/tourplannerslank/public_html/wp-admin/css HTTP/2" 200 40168 "-" "meta-externalagent/1.1 (+https://developers.facebook.com/docs/sharing/webmasters/crawler)"
57.141.6.29 - - [30/Mar/2026:01:59:54 +0000] "GET /media_category-sitemap.xml?fileloc=/home/tourplannerslank/public_html/wp-admin/css/customize-widgets.min.css&path=/home/tourplannerslank/public_html/wp-admin/css HTTP/2" 200 23973 "-" "meta-externalagent/1.1 (+https://developers.facebook.com/docs/sharing/webmasters/crawler)"
57.141.6.51 - - [30/Mar/2026:01:59:55 +0000] "GET /media_category-sitemap.xml?fileloc=/home/tourplannerslank/public_html/wp-admin/network/freedoms.php&path=/home/tourplannerslank/public_html/wp-admin/network HTTP/2" 200 12838 "-" "meta-externalagent/1.1 (+https://developers.facebook.com/docs/sharing/webmasters/crawler)"
66.249.69.7 - - [30/Mar/2026:01:59:55 +0000] "GET /a-adrenalina-que-explode-estrategias-e-a-emocao-do-crazy-time/?path=/home/tourplannerslank HTTP/1.1" 200 3897 "-" "Mozilla/5.0 (Linux; Android 6.0.1; Nexus 5X Build/MMB29P) AppleWebKit/537.36 (KHTML, like Gecko) Chrome/146.0.7680.153 Mobile Safari/537.36 (compatible; GoogleOther)"
57.141.6.34 - - [30/Mar/2026:01:59:57 +0000] "GET /media_category-sitemap.xml?fileloc=/home/tourplannerslank/public_html/wp-admin/css/dashboard-rtl.css&path=/home/tourplannerslank/public_html/wp-admin/css HTTP/2" 200 43887 "-" "meta-externalagent/1.1 (+https://developers.facebook.com/docs/sharing/webmasters/crawler)"
57.141.6.6 - - [30/Mar/2026:01:59:57 +0000] "GET /media_category-sitemap.xml?fileloc=/home/tourplannerslank/public_html/wp-admin/network/site-themes.php&path=/home/tourplannerslank/public_html/wp-admin/network HTTP/2" 200 20939 "-" "meta-externalagent/1.1 (+https://developers.facebook.com/docs/sharing/webmasters/crawler)"
57.141.6.23 - - [30/Mar/2026:01:59:58 +0000] "GET /media_category-sitemap.xml?fileloc=/home/tourplannerslank/public_html/wp-admin/network/contribute.php&path=/home/tourplannerslank/public_html/wp-admin/network HTTP/2" 200 12844 "-" "meta-externalagent/1.1 (+https://developers.facebook.com/docs/sharing/webmasters/crawler)"
57.141.6.41 - - [30/Mar/2026:01:59:58 +0000] "GET /media_category-sitemap.xml?fileloc=/home/tourplannerslank/public_html/wp-admin/css/about.css&path=/home/tourplannerslank/public_html/wp-admin/css HTTP/2" 200 60452 "-" "meta-externalagent/1.1 (+https://developers.facebook.com/docs/sharing/webmasters/crawler)"
216.73.216.112 - - [30/Mar/2026:01:59:58 +0000] "GET /wp-sitemap.xml?fileloc=%2Fhome%2Ftourplannerslank%2Fpublic_html%2Fwp-includes%2Fblocks%2Ftemplate-part.php&path=%2Fhome%2Ftourplannerslank%2Fpublic_html%2Fwp-includes%2Fblocks HTTP/2" 200 5499 "-" "Mozilla/5.0 AppleWebKit/537.36 (KHTML, like Gecko; compatible; ClaudeBot/1.0; +claudebot@anthropic.com)"
216.73.216.112 - - [30/Mar/2026:01:59:58 +0000] "GET /wp-sitemap.xml?fileloc=%2Fhome%2Ftourplannerslank%2Fpublic_html%2Fwp-includes%2Fblocks%2Fpost-title.php&path=%2Fhome%2Ftourplannerslank%2Fpublic_html%2Fwp-includes%2Fblocks HTTP/2" 200 3437 "-" "Mozilla/5.0 AppleWebKit/537.36 (KHTML, like Gecko; compatible; ClaudeBot/1.0; +claudebot@anthropic.com)"
216.73.216.112 - - [30/Mar/2026:01:59:56 +0000] "GET /wp-sitemap.xml?fileloc=%2Fhome%2Ftourplannerslank%2Fpublic_html%2Fwp-includes%2Fblocks%2Fcomment-author-name.php&path=%2Fhome%2Ftourplannerslank%2Fpublic_html%2Fwp-includes%2Fblocks HTTP/2" 200 3281 "-" "Mozilla/5.0 AppleWebKit/537.36 (KHTML, like Gecko; compatible; ClaudeBot/1.0; +claudebot@anthropic.com)"
216.73.216.112 - - [30/Mar/2026:01:59:58 +0000] "GET /faq_category/5-visas?fileloc=%2F%2Fbin%2Fprintenv&path=%2F%2Fbin HTTP/2" 403 1242 "-" "Mozilla/5.0 AppleWebKit/537.36 (KHTML, like Gecko; compatible; ClaudeBot/1.0; +claudebot@anthropic.com)"
216.73.216.112 - - [30/Mar/2026:01:59:58 +0000] "GET /faq_category/5-visas?fileloc=%2F%2Flib64%2Flibthread_db.so.1&path=%2F%2Flib64 HTTP/2" 403 1242 "-" "Mozilla/5.0 AppleWebKit/537.36 (KHTML, like Gecko; compatible; ClaudeBot/1.0; +claudebot@anthropic.com)"
216.73.216.112 - - [30/Mar/2026:01:59:57 +0000] "GET /wp-sitemap.xml?fileloc=%2F%2Flib64%2FlibtdsS.so&path=%2F%2Flib64 HTTP/2" 200 5386 "-" "Mozilla/5.0 AppleWebKit/537.36 (KHTML, like Gecko; compatible; ClaudeBot/1.0; +claudebot@anthropic.com)"
216.73.216.112 - - [30/Mar/2026:01:59:58 +0000] "GET /wp-sitemap.xml?fileloc=%2F%2Flib64%2Flibipset.so.13.1.0&path=%2F%2Flib64 HTTP/2" 200 51756 "-" "Mozilla/5.0 AppleWebKit/537.36 (KHTML, like Gecko; compatible; ClaudeBot/1.0; +claudebot@anthropic.com)"
57.141.6.68 - - [30/Mar/2026:02:00:00 +0000] "GET /media_category-sitemap.xml?fileloc=/home/tourplannerslank/public_html/wp-admin/css/about-rtl.css&path=/home/tourplannerslank/public_html/wp-admin/css HTTP/2" 200 60490 "-" "meta-externalagent/1.1 (+https://developers.facebook.com/docs/sharing/webmasters/crawler)"
216.73.216.112 - - [30/Mar/2026:01:59:58 +0000] "GET /wp-sitemap.xml?fileloc=%2F%2Flib64%2Flibnpth.so.0.1.1&path=%2F%2Flib64 HTTP/2" 200 8883 "-" "Mozilla/5.0 AppleWebKit/537.36 (KHTML, like Gecko; compatible; ClaudeBot/1.0; +claudebot@anthropic.com)"
216.73.216.112 - - [30/Mar/2026:01:59:57 +0000] "GET /wp-sitemap.xml?fileloc=%2Fhome%2Ftourplannerslank%2Fpublic_html%2Fwp-includes%2Fblocks%2Fcomments-pagination-next.php&path=%2Fhome%2Ftourplannerslank%2Fpublic_html%2Fwp-includes%2Fblocks HTTP/2" 200 3209 "-" "Mozilla/5.0 AppleWebKit/537.36 (KHTML, like Gecko; compatible; ClaudeBot/1.0; +claudebot@anthropic.com)"
216.73.216.112 - - [30/Mar/2026:01:59:57 +0000] "GET /wp-sitemap.xml?fileloc=%2F%2Flib64%2Flibssl.so.1.1.1k&path=%2F%2Flib64 HTTP/2" 200 220513 "-" "Mozilla/5.0 AppleWebKit/537.36 (KHTML, like Gecko; compatible; ClaudeBot/1.0; +claudebot@anthropic.com)"
57.141.6.39 - - [30/Mar/2026:02:00:01 +0000] "GET /media_category-sitemap.xml?fileloc=/home/tourplannerslank/public_html/wp-admin/css/customize-widgets-rtl.css&path=/home/tourplannerslank/public_html/wp-admin/css HTTP/2" 200 27804 "-" "meta-externalagent/1.1 (+https://developers.facebook.com/docs/sharing/webmasters/crawler)"
216.73.216.112 - - [30/Mar/2026:01:59:58 +0000] "GET /wp-sitemap.xml?fileloc=%2F%2Flib64%2Flibidn2.so.0&path=%2F%2Flib64 HTTP/2" 200 47637 "-" "Mozilla/5.0 AppleWebKit/537.36 (KHTML, like Gecko; compatible; ClaudeBot/1.0; +claudebot@anthropic.com)"
216.73.216.112 - - [30/Mar/2026:02:00:00 +0000] "GET /wp-sitemap.xml?fileloc=%2F%2Flib64%2Flibonig.so.5&path=%2F%2Flib64 HTTP/2" 200 149161 "-" "Mozilla/5.0 AppleWebKit/537.36 (KHTML, like Gecko; compatible; ClaudeBot/1.0; +claudebot@anthropic.com)"
216.73.216.112 - - [30/Mar/2026:02:00:00 +0000] "GET /wp-sitemap.xml?fileloc=%2F%2Flib64%2Flibpcap.so.1.9.1&path=%2F%2Flib64 HTTP/2" 200 122442 "-" "Mozilla/5.0 AppleWebKit/537.36 (KHTML, like Gecko; compatible; ClaudeBot/1.0; +claudebot@anthropic.com)"
216.73.216.112 - - [30/Mar/2026:02:00:01 +0000] "GET /faq_category/5-visas?fileloc=%2F%2Fbin%2Fhunspell&path=%2F%2Fbin HTTP/2" 403 1242 "-" "Mozilla/5.0 AppleWebKit/537.36 (KHTML, like Gecko; compatible; ClaudeBot/1.0; +claudebot@anthropic.com)"
216.73.216.112 - - [30/Mar/2026:02:00:00 +0000] "GET /wp-sitemap.xml?fileloc=%2F%2Flib64%2Flibcurl.so.4.5.0&path=%2F%2Flib64 HTTP/2" 200 251693 "-" "Mozilla/5.0 AppleWebKit/537.36 (KHTML, like Gecko; compatible; ClaudeBot/1.0; +claudebot@anthropic.com)"
216.73.216.112 - - [30/Mar/2026:02:00:00 +0000] "GET /wp-sitemap.xml?fileloc=%2F%2Flib64%2FlibMagickCore-6.Q16.so.7.0.0&path=%2F%2Flib64 HTTP/2" 200 1003015 "-" "Mozilla/5.0 AppleWebKit/537.36 (KHTML, like Gecko; compatible; ClaudeBot/1.0; +claudebot@anthropic.com)"
216.73.216.112 - - [30/Mar/2026:02:00:01 +0000] "GET /faq_category/5-visas?path=%2Fhome%2Ftourplannerslank%2Fpublic_html%2Fwp-includes%2Fjs%2Fjcrop HTTP/2" 403 1242 "-" "Mozilla/5.0 AppleWebKit/537.36 (KHTML, like Gecko; compatible; ClaudeBot/1.0; +claudebot@anthropic.com)"
57.141.6.52 - - [30/Mar/2026:02:00:01 +0000] "GET /media_category-sitemap.xml?fileloc=/home/tourplannerslank/public_html/wp-admin/css/code-editor-rtl.min.css&path=/home/tourplannerslank/public_html/wp-admin/css HTTP/2" 200 14022 "-" "meta-externalagent/1.1 (+https://developers.facebook.com/docs/sharing/webmasters/crawler)"
216.73.216.112 - - [30/Mar/2026:02:00:01 +0000] "GET /faq_category/5-visas?fileloc=%2F%2Fetc%2Fhosts&path=%2F%2Fetc HTTP/2" 403 1242 "-" "Mozilla/5.0 AppleWebKit/537.36 (KHTML, like Gecko; compatible; ClaudeBot/1.0; +claudebot@anthropic.com)"
216.73.216.112 - - [30/Mar/2026:02:00:02 +0000] "GET /faq_category/5-visas?fileloc=%2F%2Fbin%2Fgtar&path=%2F%2Fbin HTTP/2" 403 1242 "-" "Mozilla/5.0 AppleWebKit/537.36 (KHTML, like Gecko; compatible; ClaudeBot/1.0; +claudebot@anthropic.com)"
57.141.6.26 - - [30/Mar/2026:02:00:02 +0000] "GET /media_category-sitemap.xml?path=/home/tourplannerslank/public_html/wp-admin/css/colors HTTP/2" 200 29402 "-" "meta-externalagent/1.1 (+https://developers.facebook.com/docs/sharing/webmasters/crawler)"
216.73.216.112 - - [30/Mar/2026:02:00:02 +0000] "GET /wp-sitemap.xml?fileloc=%2F%2Flib64%2Flibjxl_threads.so.0.7&path=%2F%2Flib64 HTTP/2" 200 10384 "-" "Mozilla/5.0 AppleWebKit/537.36 (KHTML, like Gecko; compatible; ClaudeBot/1.0; +claudebot@anthropic.com)"
216.73.216.112 - - [30/Mar/2026:02:00:01 +0000] "GET /wp-sitemap.xml?fileloc=%2F%2Flib64%2Flibwebpdemux.so.2&path=%2F%2Flib64 HTTP/2" 200 10957 "-" "Mozilla/5.0 AppleWebKit/537.36 (KHTML, like Gecko; compatible; ClaudeBot/1.0; +claudebot@anthropic.com)"
216.73.216.112 - - [30/Mar/2026:02:00:02 +0000] "GET /faq_category/5-visas?path=%2Fhome%2Ftourplannerslank%2Fpublic_html%2Fwp-includes%2Fblocks%2Fspacer HTTP/2" 403 1242 "-" "Mozilla/5.0 AppleWebKit/537.36 (KHTML, like Gecko; compatible; ClaudeBot/1.0; +claudebot@anthropic.com)"
216.73.216.112 - - [30/Mar/2026:02:00:01 +0000] "GET /wp-sitemap.xml?fileloc=%2Fhome%2Ftourplannerslank%2Fpublic_html%2FOLD%2Fwp-includes%2Fclass-walker-page-dropdown.php&path=%2Fhome%2Ftourplannerslank%2Fpublic_html%2FOLD%2Fwp-includes HTTP/2" 200 3626 "-" "Mozilla/5.0 AppleWebKit/537.36 (KHTML, like Gecko; compatible; ClaudeBot/1.0; +claudebot@anthropic.com)"
216.73.216.112 - - [30/Mar/2026:02:00:00 +0000] "GET /wp-sitemap.xml?fileloc=%2Fhome%2Ftourplannerslank%2Fpublic_html%2Fwp-includes%2FID3%2Fmodule.audio-video.asf.php&path=%2Fhome%2Ftourplannerslank%2Fpublic_html%2Fwp-includes%2FID3 HTTP/2" 200 24646 "-" "Mozilla/5.0 AppleWebKit/537.36 (KHTML, like Gecko; compatible; ClaudeBot/1.0; +claudebot@anthropic.com)"
216.73.216.112 - - [30/Mar/2026:02:00:01 +0000] "GET /wp-sitemap.xml?fileloc=%2F%2Flib64%2Flibsubid_sss.so&path=%2F%2Flib64 HTTP/2" 200 10354 "-" "Mozilla/5.0 AppleWebKit/537.36 (KHTML, like Gecko; compatible; ClaudeBot/1.0; +claudebot@anthropic.com)"
57.141.6.46 - - [30/Mar/2026:02:00:03 +0000] "GET /media_category-sitemap.xml?fileloc=/home/tourplannerslank/public_html/wp-admin/network/error_log&path=/home/tourplannerslank/public_html/wp-admin/network HTTP/2" 200 61769 "-" "meta-externalagent/1.1 (+https://developers.facebook.com/docs/sharing/webmasters/crawler)"
216.73.216.112 - - [30/Mar/2026:02:00:01 +0000] "GET /wp-sitemap.xml?fileloc=%2F%2Flib64%2Flibevent_openssl-2.1.so.6.0.2&path=%2F%2Flib64 HTTP/2" 200 12994 "-" "Mozilla/5.0 AppleWebKit/537.36 (KHTML, like Gecko; compatible; ClaudeBot/1.0; +claudebot@anthropic.com)"
216.73.216.112 - - [30/Mar/2026:02:00:02 +0000] "GET /wp-sitemap.xml?fileloc=%2F%2Flib64%2FlibICE.so.6.3.0&path=%2F%2Flib64 HTTP/2" 200 44159 "-" "Mozilla/5.0 AppleWebKit/537.36 (KHTML, like Gecko; compatible; ClaudeBot/1.0; +claudebot@anthropic.com)"
216.73.216.112 - - [30/Mar/2026:02:00:02 +0000] "GET /wp-sitemap.xml?fileloc=%2F%2Flib64%2Flibfreetype.so.6&path=%2F%2Flib64 HTTP/2" 200 351329 "-" "Mozilla/5.0 AppleWebKit/537.36 (KHTML, like Gecko; compatible; ClaudeBot/1.0; +claudebot@anthropic.com)"
216.73.216.112 - - [30/Mar/2026:02:00:02 +0000] "GET /wp-sitemap.xml?fileloc=%2Fhome%2Ftourplannerslank%2Fpublic_html%2FOLD%2Fwp-admin%2Fms-upgrade-network.php&path=%2Fhome%2Ftourplannerslank%2Fpublic_html%2FOLD%2Fwp-admin HTTP/2" 200 2620 "-" "Mozilla/5.0 AppleWebKit/537.36 (KHTML, like Gecko; compatible; ClaudeBot/1.0; +claudebot@anthropic.com)"
216.73.216.112 - - [30/Mar/2026:02:00:02 +0000] "GET /wp-sitemap.xml?fileloc=%2F%2Flib64%2Flibresolv.so.2&path=%2F%2Flib64 HTTP/2" 200 41971 "-" "Mozilla/5.0 AppleWebKit/537.36 (KHTML, like Gecko; compatible; ClaudeBot/1.0; +claudebot@anthropic.com)"
216.73.216.112 - - [30/Mar/2026:02:00:03 +0000] "GET /faq_category/5-visas?path=%2Fhome%2Ftourplannerslank%2Fpublic_html%2Fwp-includes%2Fsitemaps%2Fproviders HTTP/2" 403 1242 "-" "Mozilla/5.0 AppleWebKit/537.36 (KHTML, like Gecko; compatible; ClaudeBot/1.0; +claudebot@anthropic.com)"
216.73.216.112 - - [30/Mar/2026:02:00:03 +0000] "GET /faq_category/5-visas?fileloc=%2F%2Fbin%2Far&path=%2F%2Fbin HTTP/2" 403 1242 "-" "Mozilla/5.0 AppleWebKit/537.36 (KHTML, like Gecko; compatible; ClaudeBot/1.0; +claudebot@anthropic.com)"
216.73.216.112 - - [30/Mar/2026:01:59:53 +0000] "GET /wp-sitemap.xml?fileloc=%2Fhome%2Ftourplannerslank%2Fpublic_html%2Fwp-includes%2Fblocks%2Fpost-author.php&path=%2Fhome%2Ftourplannerslank%2Fpublic_html%2Fwp-includes%2Fblocks HTTP/2" 200 0 "-" "Mozilla/5.0 AppleWebKit/537.36 (KHTML, like Gecko; compatible; ClaudeBot/1.0; +claudebot@anthropic.com)"
216.73.216.112 - - [30/Mar/2026:01:59:53 +0000] "GET /wp-sitemap.xml?fileloc=%2F%2Flib64%2Flibpam.so.0&path=%2F%2Flib64 HTTP/2" 200 0 "-" "Mozilla/5.0 AppleWebKit/537.36 (KHTML, like Gecko; compatible; ClaudeBot/1.0; +claudebot@anthropic.com)"
216.73.216.112 - - [30/Mar/2026:01:59:53 +0000] "GET /wp-sitemap.xml?fileloc=%2Fhome%2Ftourplannerslank%2Fpublic_html%2FOLD%2Fwp-includes%2Fbookmark-template.php&path=%2Fhome%2Ftourplannerslank%2Fpublic_html%2FOLD%2Fwp-includes HTTP/2" 200 0 "-" "Mozilla/5.0 AppleWebKit/537.36 (KHTML, like Gecko; compatible; ClaudeBot/1.0; +claudebot@anthropic.com)"
216.73.216.112 - - [30/Mar/2026:01:59:53 +0000] "GET /wp-sitemap.xml?path=%2Fhome%2Ftourplannerslank%2Fpublic_html%2Fstaging.tourplannerslanka.com%2Fwp-includes%2FPHPMailer HTTP/2" 200 0 "-" "Mozilla/5.0 AppleWebKit/537.36 (KHTML, like Gecko; compatible; ClaudeBot/1.0; +claudebot@anthropic.com)"
216.73.216.112 - - [30/Mar/2026:02:00:04 +0000] "GET /wp-sitemap.xml?fileloc=%2F%2Flib64%2Flibharfbuzz.so.0.10705.0&path=%2F%2Flib64 HTTP/2" 200 266469 "-" "Mozilla/5.0 AppleWebKit/537.36 (KHTML, like Gecko; compatible; ClaudeBot/1.0; +claudebot@anthropic.com)"
57.141.6.38 - - [30/Mar/2026:01:59:55 +0000] "GET /media_category-sitemap.xml?fileloc=/home/tourplannerslank/public_html/wp-admin/network/theme-install.php&path=/home/tourplannerslank/public_html/wp-admin/network HTTP/2" 200 13014 "-" "meta-externalagent/1.1 (+https://developers.facebook.com/docs/sharing/webmasters/crawler)"
57.141.6.16 - - [30/Mar/2026:01:59:55 +0000] "GET /media_category-sitemap.xml?fileloc=/home/tourplannerslank/public_html/wp-admin/css/farbtastic.min.css&path=/home/tourplannerslank/public_html/wp-admin/css HTTP/2" 200 13095 "-" "meta-externalagent/1.1 (+https://developers.facebook.com/docs/sharing/webmasters/crawler)"
57.141.6.60 - - [30/Mar/2026:01:59:57 +0000] "GET /media_category-sitemap.xml?fileloc=/home/tourplannerslank/public_html/wp-admin/css/dashboard-rtl.min.css&path=/home/tourplannerslank/public_html/wp-admin/css HTTP/2" 200 36490 "-" "meta-externalagent/1.1 (+https://developers.facebook.com/docs/sharing/webmasters/crawler)"
57.141.6.5 - - [30/Mar/2026:01:59:57 +0000] "GET /media_category-sitemap.xml?fileloc=/home/tourplannerslank/public_html/wp-admin/network/plugins.php&path=/home/tourplannerslank/public_html/wp-admin/network HTTP/2" 200 12835 "-" "meta-externalagent/1.1 (+https://developers.facebook.com/docs/sharing/webmasters/crawler)"
57.141.6.28 - - [30/Mar/2026:01:59:57 +0000] "GET /media_category-sitemap.xml?fileloc=/home/tourplannerslank/public_html/wp-admin/css/customize-nav-menus.css&path=/home/tourplannerslank/public_html/wp-admin/css HTTP/2" 200 35249 "-" "meta-externalagent/1.1 (+https://developers.facebook.com/docs/sharing/webmasters/crawler)"
57.141.6.76 - - [30/Mar/2026:01:59:58 +0000] "GET /media_category-sitemap.xml?fileloc=/home/tourplannerslank/public_html/wp-admin/css/install-rtl.min.css&path=/home/tourplannerslank/public_html/wp-admin/css HTTP/2" 200 17657 "-" "meta-externalagent/1.1 (+https://developers.facebook.com/docs/sharing/webmasters/crawler)"
57.141.6.8 - - [30/Mar/2026:01:59:58 +0000] "GET /media_category-sitemap.xml?fileloc=/home/tourplannerslank/public_html/wp-admin/network/user-edit.php&path=/home/tourplannerslank/public_html/wp-admin/network HTTP/2" 200 12841 "-" "meta-externalagent/1.1 (+https://developers.facebook.com/docs/sharing/webmasters/crawler)"
57.141.6.31 - - [30/Mar/2026:01:59:59 +0000] "GET /media_category-sitemap.xml?fileloc=/home/tourplannerslank/public_html/wp-admin/network/setup.php&path=/home/tourplannerslank/public_html/wp-admin/network HTTP/2" 200 12831 "-" "meta-externalagent/1.1 (+https://developers.facebook.com/docs/sharing/webmasters/crawler)"
57.141.6.33 - - [30/Mar/2026:01:59:59 +0000] "GET /media_category-sitemap.xml?fileloc=/home/tourplannerslank/public_html/wp-admin/css/site-health.min.css&path=/home/tourplannerslank/public_html/wp-admin/css HTTP/2" 200 18039 "-" "meta-externalagent/1.1 (+https://developers.facebook.com/docs/sharing/webmasters/crawler)"
57.141.6.20 - - [30/Mar/2026:02:00:00 +0000] "GET /media_category-sitemap.xml?fileloc=/home/tourplannerslank/public_html/wp-admin/css/common.css&path=/home/tourplannerslank/public_html/wp-admin/css HTTP/2" 200 91919 "-" "meta-externalagent/1.1 (+https://developers.facebook.com/docs/sharing/webmasters/crawler)"
57.141.6.68 - - [30/Mar/2026:02:00:03 +0000] "GET /media_category-sitemap.xml?fileloc=/home/tourplannerslank/public_html/wp-admin/css/customize-nav-menus-rtl.css&path=/home/tourplannerslank/public_html/wp-admin/css HTTP/2" 200 35299 "-" "meta-externalagent/1.1 (+https://developers.facebook.com/docs/sharing/webmasters/crawler)"
