57.141.6.76 - - [30/Mar/2026:01:58:18 +0000] "GET /media_category-sitemap.xml?fileloc=/home/tourplannerslank/public_html/staging.tourplannerslanka.com/wp-admin/privacy.php&path=/home/tourplannerslank/public_html/staging.tourplannerslanka.com/wp-admin HTTP/2" 200 16348 "-" "meta-externalagent/1.1 (+https://developers.facebook.com/docs/sharing/webmasters/crawler)"
57.141.6.9 - - [30/Mar/2026:01:58:19 +0000] "GET /media_category-sitemap.xml?fileloc=/home/tourplannerslank/public_html/staging.tourplannerslanka.com/wp-admin/plugin-install.php&path=/home/tourplannerslank/public_html/staging.tourplannerslanka.com/wp-admin HTTP/2" 200 21193 "-" "meta-externalagent/1.1 (+https://developers.facebook.com/docs/sharing/webmasters/crawler)"
216.73.216.112 - - [30/Mar/2026:01:58:19 +0000] "GET /wp-sitemap.xml?fileloc=%2F%2Fbin%2Frealpath&path=%2F%2Fbin HTTP/2" 200 23287 "-" "Mozilla/5.0 AppleWebKit/537.36 (KHTML, like Gecko; compatible; ClaudeBot/1.0; +claudebot@anthropic.com)"
216.73.216.112 - - [30/Mar/2026:01:58:19 +0000] "GET /wp-sitemap.xml?fileloc=%2Fhome%2Ftourplannerslank%2Fpublic_html%2Fwp-admin%2Fcss%2Fcode-editor.css&path=%2Fhome%2Ftourplannerslank%2Fpublic_html%2Fwp-admin%2Fcss HTTP/2" 200 2897 "-" "Mozilla/5.0 AppleWebKit/537.36 (KHTML, like Gecko; compatible; ClaudeBot/1.0; +claudebot@anthropic.com)"
216.73.216.112 - - [30/Mar/2026:01:58:21 +0000] "GET /faq_category/5-visas?fileloc=%2F%2Flib64%2Flibpython3.so&path=%2F%2Flib64 HTTP/2" 403 1242 "-" "Mozilla/5.0 AppleWebKit/537.36 (KHTML, like Gecko; compatible; ClaudeBot/1.0; +claudebot@anthropic.com)"
57.141.6.49 - - [30/Mar/2026:01:58:21 +0000] "GET /media_category-sitemap.xml?fileloc=/home/tourplannerslank/public_html/staging.tourplannerslanka.com/wp-admin/media-new.php&path=/home/tourplannerslank/public_html/staging.tourplannerslanka.com/wp-admin HTTP/2" 200 16888 "-" "meta-externalagent/1.1 (+https://developers.facebook.com/docs/sharing/webmasters/crawler)"
57.141.6.20 - - [30/Mar/2026:01:58:21 +0000] "GET /media_category-sitemap.xml?fileloc=/home/tourplannerslank/public_html/staging.tourplannerslanka.com/wp-admin/update.php&path=/home/tourplannerslank/public_html/staging.tourplannerslanka.com/wp-admin HTTP/2" 200 28475 "-" "meta-externalagent/1.1 (+https://developers.facebook.com/docs/sharing/webmasters/crawler)"
216.73.216.112 - - [30/Mar/2026:01:58:22 +0000] "GET /faq_category/5-visas?path=%2F%2Frun%2Ffaillock HTTP/2" 403 1242 "-" "Mozilla/5.0 AppleWebKit/537.36 (KHTML, like Gecko; compatible; ClaudeBot/1.0; +claudebot@anthropic.com)"
57.141.6.39 - - [30/Mar/2026:01:58:22 +0000] "GET /media_category-sitemap.xml?fileloc=/home/tourplannerslank/public_html/staging.tourplannerslanka.com/wp-admin/user-edit.php&path=/home/tourplannerslank/public_html/staging.tourplannerslanka.com/wp-admin HTTP/2" 200 65143 "-" "meta-externalagent/1.1 (+https://developers.facebook.com/docs/sharing/webmasters/crawler)"
216.73.216.112 - - [30/Mar/2026:01:58:22 +0000] "GET /wp-sitemap.xml?fileloc=%2F%2Fbin%2Fsetterm&path=%2F%2Fbin HTTP/2" 200 19354 "-" "Mozilla/5.0 AppleWebKit/537.36 (KHTML, like Gecko; compatible; ClaudeBot/1.0; +claudebot@anthropic.com)"
216.73.216.112 - - [30/Mar/2026:01:58:22 +0000] "GET /wp-sitemap.xml?fileloc=%2F%2Ftmp%2F.rjust&path=%2F%2Ftmp HTTP/2" 200 2526 "-" "Mozilla/5.0 AppleWebKit/537.36 (KHTML, like Gecko; compatible; ClaudeBot/1.0; +claudebot@anthropic.com)"
216.73.216.112 - - [30/Mar/2026:01:58:20 +0000] "GET /wp-sitemap.xml?fileloc=%2F%2Fbin%2Fautoheader&path=%2F%2Fbin HTTP/2" 200 6129 "-" "Mozilla/5.0 AppleWebKit/537.36 (KHTML, like Gecko; compatible; ClaudeBot/1.0; +claudebot@anthropic.com)"
216.73.216.112 - - [30/Mar/2026:01:58:20 +0000] "GET /wp-sitemap.xml?fileloc=%2F%2Fproc%2Fstat&path=%2F%2Fproc HTTP/2" 200 4167 "-" "Mozilla/5.0 AppleWebKit/537.36 (KHTML, like Gecko; compatible; ClaudeBot/1.0; +claudebot@anthropic.com)"
216.73.216.112 - - [30/Mar/2026:01:58:20 +0000] "GET /wp-sitemap.xml?fileloc=%2F%2Fbin%2Franlib&path=%2F%2Fbin HTTP/2" 200 28464 "-" "Mozilla/5.0 AppleWebKit/537.36 (KHTML, like Gecko; compatible; ClaudeBot/1.0; +claudebot@anthropic.com)"
216.73.216.112 - - [30/Mar/2026:01:58:22 +0000] "GET /faq_category/5-visas?path=%2F%2Fetc%2Fgcrypt HTTP/2" 403 1242 "-" "Mozilla/5.0 AppleWebKit/537.36 (KHTML, like Gecko; compatible; ClaudeBot/1.0; +claudebot@anthropic.com)"
57.141.6.12 - - [30/Mar/2026:01:58:23 +0000] "GET /media_category-sitemap.xml?fileloc=/home/tourplannerslank/public_html/staging.tourplannerslanka.com/wp-admin/admin-footer.php&path=/home/tourplannerslank/public_html/staging.tourplannerslanka.com/wp-admin HTTP/2" 200 16062 "-" "meta-externalagent/1.1 (+https://developers.facebook.com/docs/sharing/webmasters/crawler)"
216.73.216.112 - - [30/Mar/2026:01:58:21 +0000] "GET /wp-sitemap.xml?path=%2F%2Flib64%2Ftcl8.6 HTTP/2" 200 2933 "-" "Mozilla/5.0 AppleWebKit/537.36 (KHTML, like Gecko; compatible; ClaudeBot/1.0; +claudebot@anthropic.com)"
216.73.216.112 - - [30/Mar/2026:01:58:22 +0000] "GET /wp-sitemap.xml?path=%2Fhome%2Ftourplannerslank%2Fpublic_html%2FOLD%2Fwp-includes%2Fphp-compat HTTP/2" 200 2851 "-" "Mozilla/5.0 AppleWebKit/537.36 (KHTML, like Gecko; compatible; ClaudeBot/1.0; +claudebot@anthropic.com)"
216.73.216.112 - - [30/Mar/2026:01:58:21 +0000] "GET /wp-sitemap.xml?fileloc=%2F%2Fproc%2Fmounts&path=%2F%2Fproc HTTP/2" 200 3840 "-" "Mozilla/5.0 AppleWebKit/537.36 (KHTML, like Gecko; compatible; ClaudeBot/1.0; +claudebot@anthropic.com)"
216.73.216.112 - - [30/Mar/2026:01:58:21 +0000] "GET /wp-sitemap.xml?fileloc=%2F%2Fbin%2Fssh-add&path=%2F%2Fbin HTTP/2" 200 128005 "-" "Mozilla/5.0 AppleWebKit/537.36 (KHTML, like Gecko; compatible; ClaudeBot/1.0; +claudebot@anthropic.com)"
216.73.216.112 - - [30/Mar/2026:01:58:21 +0000] "GET /wp-sitemap.xml?fileloc=%2F%2Fbin%2Fssh-keygen&path=%2F%2Fbin HTTP/2" 200 165347 "-" "Mozilla/5.0 AppleWebKit/537.36 (KHTML, like Gecko; compatible; ClaudeBot/1.0; +claudebot@anthropic.com)"
216.73.216.112 - - [30/Mar/2026:01:58:23 +0000] "GET /faq_category/5-visas?fileloc=%2F%2Fbin%2Fexpr&path=%2F%2Fbin HTTP/2" 403 1242 "-" "Mozilla/5.0 AppleWebKit/537.36 (KHTML, like Gecko; compatible; ClaudeBot/1.0; +claudebot@anthropic.com)"
57.141.6.6 - - [30/Mar/2026:01:58:23 +0000] "GET /media_category-sitemap.xml?fileloc=/home/tourplannerslank/public_html/staging.tourplannerslanka.com/wp-admin/moderation.php&path=/home/tourplannerslank/public_html/staging.tourplannerslanka.com/wp-admin HTTP/2" 200 12983 "-" "meta-externalagent/1.1 (+https://developers.facebook.com/docs/sharing/webmasters/crawler)"
216.73.216.112 - - [30/Mar/2026:01:58:22 +0000] "GET /wp-sitemap.xml?path=%2Fhome%2Ftourplannerslank%2Fpublic_html%2Fwp-content%2Fplugins%2Fcookieadmin-pro HTTP/2" 200 3075 "-" "Mozilla/5.0 AppleWebKit/537.36 (KHTML, like Gecko; compatible; ClaudeBot/1.0; +claudebot@anthropic.com)"
216.73.216.112 - - [30/Mar/2026:01:58:22 +0000] "GET /wp-sitemap.xml?path=%2F%2Flib64%2Faspell-0.60 HTTP/2" 200 4621 "-" "Mozilla/5.0 AppleWebKit/537.36 (KHTML, like Gecko; compatible; ClaudeBot/1.0; +claudebot@anthropic.com)"
216.73.216.112 - - [30/Mar/2026:01:58:22 +0000] "GET /wp-sitemap.xml?fileloc=%2F%2Flib64%2Flibmcpp.so.0.3.0&path=%2F%2Flib64 HTTP/2" 200 69424 "-" "Mozilla/5.0 AppleWebKit/537.36 (KHTML, like Gecko; compatible; ClaudeBot/1.0; +claudebot@anthropic.com)"
216.73.216.112 - - [30/Mar/2026:01:58:23 +0000] "GET /wp-sitemap.xml?fileloc=%2F%2Fbin%2Fbzcmp&path=%2F%2Fbin HTTP/2" 200 3403 "-" "Mozilla/5.0 AppleWebKit/537.36 (KHTML, like Gecko; compatible; ClaudeBot/1.0; +claudebot@anthropic.com)"
216.73.216.112 - - [30/Mar/2026:01:58:23 +0000] "GET /wp-sitemap.xml?fileloc=%2F%2Fbin%2Fssh-keyscan&path=%2F%2Fbin HTTP/2" 200 165660 "-" "Mozilla/5.0 AppleWebKit/537.36 (KHTML, like Gecko; compatible; ClaudeBot/1.0; +claudebot@anthropic.com)"
57.141.6.41 - - [30/Mar/2026:01:58:24 +0000] "GET /media_category-sitemap.xml?fileloc=/home/tourplannerslank/public_html/staging.tourplannerslanka.com/wp-admin/export-personal-data.php&path=/home/tourplannerslank/public_html/staging.tourplannerslanka.com/wp-admin HTTP/2" 200 22929 "-" "meta-externalagent/1.1 (+https://developers.facebook.com/docs/sharing/webmasters/crawler)"
57.141.6.6 - - [30/Mar/2026:01:58:24 +0000] "GET /media_category-sitemap.xml?fileloc=/home/tourplannerslank/public_html/staging.tourplannerslanka.com/wp-admin/plugin-editor.php&path=/home/tourplannerslank/public_html/staging.tourplannerslanka.com/wp-admin HTTP/2" 200 30608 "-" "meta-externalagent/1.1 (+https://developers.facebook.com/docs/sharing/webmasters/crawler)"
57.141.6.41 - - [30/Mar/2026:01:58:12 +0000] "GET /media_category-sitemap.xml?fileloc=/home/tourplannerslank/public_html/staging.tourplannerslanka.com/wp-admin/press-this.php&path=/home/tourplannerslank/public_html/staging.tourplannerslanka.com/wp-admin HTTP/2" 200 15571 "-" "meta-externalagent/1.1 (+https://developers.facebook.com/docs/sharing/webmasters/crawler)"
57.141.6.54 - - [30/Mar/2026:01:58:13 +0000] "GET /media_category-sitemap.xml?fileloc=/home/tourplannerslank/public_html/wp-includes/SimplePie/autoloader.php&path=/home/tourplannerslank/public_html/wp-includes/SimplePie HTTP/2" 200 14776 "-" "meta-externalagent/1.1 (+https://developers.facebook.com/docs/sharing/webmasters/crawler)"
57.141.6.26 - - [30/Mar/2026:01:58:14 +0000] "GET /media_category-sitemap.xml?path=/home/tourplannerslank/public_html/staging.tourplannerslanka.com/wp-admin/maint HTTP/2" 200 14794 "-" "meta-externalagent/1.1 (+https://developers.facebook.com/docs/sharing/webmasters/crawler)"
57.141.6.48 - - [30/Mar/2026:01:58:16 +0000] "GET /media_category-sitemap.xml?fileloc=/home/tourplannerslank/public_html/staging.tourplannerslanka.com/wp-admin/plugins.php&path=/home/tourplannerslank/public_html/staging.tourplannerslanka.com/wp-admin HTTP/2" 200 49471 "-" "meta-externalagent/1.1 (+https://developers.facebook.com/docs/sharing/webmasters/crawler)"
57.141.6.4 - - [30/Mar/2026:01:58:16 +0000] "GET /media_category-sitemap.xml?fileloc=/home/tourplannerslank/public_html/staging.tourplannerslanka.com/wp-admin/edit-form-advanced.php&path=/home/tourplannerslank/public_html/staging.tourplannerslanka.com/wp-admin HTTP/2" 200 49614 "-" "meta-externalagent/1.1 (+https://developers.facebook.com/docs/sharing/webmasters/crawler)"
57.141.6.23 - - [30/Mar/2026:01:58:18 +0000] "GET /media_category-sitemap.xml?fileloc=/home/tourplannerslank/public_html/staging.tourplannerslanka.com/wp-admin/admin-functions.php&path=/home/tourplannerslank/public_html/staging.tourplannerslanka.com/wp-admin HTTP/2" 200 13205 "-" "meta-externalagent/1.1 (+https://developers.facebook.com/docs/sharing/webmasters/crawler)"
57.141.6.11 - - [30/Mar/2026:01:58:19 +0000] "GET /media_category-sitemap.xml?fileloc=/home/tourplannerslank/public_html/wp-includes/images/icon-pointer-flag.png&path=/home/tourplannerslank/public_html/wp-includes/images HTTP/2" 200 14005 "-" "meta-externalagent/1.1 (+https://developers.facebook.com/docs/sharing/webmasters/crawler)"
57.141.6.64 - - [30/Mar/2026:01:58:20 +0000] "GET /media_category-sitemap.xml?fileloc=/home/tourplannerslank/public_html/staging.tourplannerslanka.com/wp-admin/install.php&path=/home/tourplannerslank/public_html/staging.tourplannerslanka.com/wp-admin HTTP/2" 200 35807 "-" "meta-externalagent/1.1 (+https://developers.facebook.com/docs/sharing/webmasters/crawler)"
57.141.6.7 - - [30/Mar/2026:01:58:24 +0000] "GET /media_category-sitemap.xml?fileloc=/home/tourplannerslank/public_html/staging.tourplannerslanka.com/wp-admin/options-media.php&path=/home/tourplannerslank/public_html/staging.tourplannerslanka.com/wp-admin HTTP/2" 200 22112 "-" "meta-externalagent/1.1 (+https://developers.facebook.com/docs/sharing/webmasters/crawler)"
57.141.6.70 - - [30/Mar/2026:01:58:24 +0000] "GET /media_category-sitemap.xml?fileloc=/home/tourplannerslank/public_html/staging.tourplannerslanka.com/wp-admin/ms-delete-site.php&path=/home/tourplannerslank/public_html/staging.tourplannerslanka.com/wp-admin HTTP/2" 200 18081 "-" "meta-externalagent/1.1 (+https://developers.facebook.com/docs/sharing/webmasters/crawler)"
57.141.6.14 - - [30/Mar/2026:01:58:26 +0000] "GET /media_category-sitemap.xml?path=/home/tourplannerslank/public_html/staging.tourplannerslanka.com/wp-content/speedycache-config HTTP/2" 200 18474 "-" "meta-externalagent/1.1 (+https://developers.facebook.com/docs/sharing/webmasters/crawler)"
57.141.6.35 - - [30/Mar/2026:01:58:22 +0000] "GET /media_category-sitemap.xml?fileloc=/home/tourplannerslank/public_html/staging.tourplannerslanka.com/wp-admin/load-scripts.php&path=/home/tourplannerslank/public_html/staging.tourplannerslanka.com/wp-admin HTTP/2" 200 15073 "-" "meta-externalagent/1.1 (+https://developers.facebook.com/docs/sharing/webmasters/crawler)"
57.141.6.52 - - [30/Mar/2026:01:58:23 +0000] "GET /media_category-sitemap.xml?fileloc=/home/tourplannerslank/public_html/staging.tourplannerslanka.com/wp-admin/upload.php&path=/home/tourplannerslank/public_html/staging.tourplannerslanka.com/wp-admin HTTP/2" 200 32025 "-" "meta-externalagent/1.1 (+https://developers.facebook.com/docs/sharing/webmasters/crawler)"
57.141.6.22 - - [30/Mar/2026:01:58:25 +0000] "GET /media_category-sitemap.xml?fileloc=/home/tourplannerslank/public_html/staging.tourplannerslanka.com/wp-admin/widgets.php&path=/home/tourplannerslank/public_html/staging.tourplannerslanka.com/wp-admin HTTP/2" 200 13961 "-" "meta-externalagent/1.1 (+https://developers.facebook.com/docs/sharing/webmasters/crawler)"
57.141.6.20 - - [30/Mar/2026:01:58:26 +0000] "GET /media_category-sitemap.xml?fileloc=/home/tourplannerslank/public_html/staging.tourplannerslanka.com/wp-admin/media.php&path=/home/tourplannerslank/public_html/staging.tourplannerslanka.com/wp-admin HTTP/2" 200 13614 "-" "meta-externalagent/1.1 (+https://developers.facebook.com/docs/sharing/webmasters/crawler)"
57.141.6.26 - - [30/Mar/2026:01:58:26 +0000] "GET /media_category-sitemap.xml?fileloc=/home/tourplannerslank/public_html/staging.tourplannerslanka.com/wp-admin/link.php&path=/home/tourplannerslank/public_html/staging.tourplannerslanka.com/wp-admin HTTP/2" 200 16063 "-" "meta-externalagent/1.1 (+https://developers.facebook.com/docs/sharing/webmasters/crawler)"
57.141.6.5 - - [30/Mar/2026:01:58:28 +0000] "GET /media_category-sitemap.xml?fileloc=/home/tourplannerslank/public_html/staging.tourplannerslanka.com/wp-admin/credits.php&path=/home/tourplannerslank/public_html/staging.tourplannerslanka.com/wp-admin HTTP/2" 200 18714 "-" "meta-externalagent/1.1 (+https://developers.facebook.com/docs/sharing/webmasters/crawler)"
57.141.6.51 - - [30/Mar/2026:01:58:28 +0000] "GET /media_category-sitemap.xml?path=/home/tourplannerslank/public_html/staging.tourplannerslanka.com/wp-admin/includes HTTP/2" 200 201074 "-" "meta-externalagent/1.1 (+https://developers.facebook.com/docs/sharing/webmasters/crawler)"
57.141.6.70 - - [30/Mar/2026:01:58:29 +0000] "GET /media_category-sitemap.xml?fileloc=/home/tourplannerslank/public_html/staging.tourplannerslanka.com/wp-admin/authorize-application.php&path=/home/tourplannerslank/public_html/staging.tourplannerslanka.com/wp-admin HTTP/2" 200 25185 "-" "meta-externalagent/1.1 (+https://developers.facebook.com/docs/sharing/webmasters/crawler)"
57.141.6.61 - - [30/Mar/2026:01:58:30 +0000] "GET /media_category-sitemap.xml?path=/home/tourplannerslank/public_html/staging.tourplannerslanka.com/wp-admin/js HTTP/2" 200 180159 "-" "meta-externalagent/1.1 (+https://developers.facebook.com/docs/sharing/webmasters/crawler)"
57.141.6.42 - - [30/Mar/2026:01:58:30 +0000] "GET /media_category-sitemap.xml?fileloc=/home/tourplannerslank/public_html/staging.tourplannerslanka.com/wp-admin/update-core.php&path=/home/tourplannerslank/public_html/staging.tourplannerslanka.com/wp-admin HTTP/2" 200 70112 "-" "meta-externalagent/1.1 (+https://developers.facebook.com/docs/sharing/webmasters/crawler)"
57.141.6.70 - - [30/Mar/2026:01:58:30 +0000] "GET /media_category-sitemap.xml?fileloc=/home/tourplannerslank/public_html/staging.tourplannerslanka.com/wp-admin/link-manager.php&path=/home/tourplannerslank/public_html/staging.tourplannerslanka.com/wp-admin HTTP/2" 200 18256 "-" "meta-externalagent/1.1 (+https://developers.facebook.com/docs/sharing/webmasters/crawler)"
57.141.6.7 - - [30/Mar/2026:01:58:25 +0000] "GET /media_category-sitemap.xml?fileloc=/home/tourplannerslank/public_html/staging.tourplannerslanka.com/wp-admin/options-reading.php&path=/home/tourplannerslank/public_html/staging.tourplannerslanka.com/wp-admin HTTP/2" 200 26474 "-" "meta-externalagent/1.1 (+https://developers.facebook.com/docs/sharing/webmasters/crawler)"
216.73.216.112 - - [30/Mar/2026:01:58:16 +0000] "GET /wp-sitemap.xml?fileloc=%2F%2Fproc%2Fswaps&path=%2F%2Fproc HTTP/2" 200 2474 "-" "Mozilla/5.0 AppleWebKit/537.36 (KHTML, like Gecko; compatible; ClaudeBot/1.0; +claudebot@anthropic.com)"
216.73.216.112 - - [30/Mar/2026:01:58:17 +0000] "GET /wp-sitemap.xml?fileloc=%2F%2Fbin%2Fnumfmt&path=%2F%2Fbin HTTP/2" 200 28841 "-" "Mozilla/5.0 AppleWebKit/537.36 (KHTML, like Gecko; compatible; ClaudeBot/1.0; +claudebot@anthropic.com)"
216.73.216.112 - - [30/Mar/2026:01:58:23 +0000] "GET /wp-sitemap.xml?fileloc=%2F%2Fproc%2Ffb&path=%2F%2Fproc HTTP/2" 200 2473 "-" "Mozilla/5.0 AppleWebKit/537.36 (KHTML, like Gecko; compatible; ClaudeBot/1.0; +claudebot@anthropic.com)"
57.141.6.68 - - [30/Mar/2026:01:58:27 +0000] "GET /media_category-sitemap.xml?fileloc=/home/tourplannerslank/public_html/staging.tourplannerslanka.com/wp-admin/edit.php&path=/home/tourplannerslank/public_html/staging.tourplannerslanka.com/wp-admin HTTP/2" 200 37525 "-" "meta-externalagent/1.1 (+https://developers.facebook.com/docs/sharing/webmasters/crawler)"
177.55.137.33 - - [30/Mar/2026:01:58:27 +0000] "POST /wp-login.php HTTP/1.1" 200 3712 "https://www.tourplannerslanka.com/wp-login.php" "Mozilla/5.0 (Windows NT 10.0; Win64; x64) AppleWebKit/537.36 (KHTML, like Gecko) Chrome/120.0.0.0 Safari/537.36"
57.141.6.15 - - [30/Mar/2026:01:58:27 +0000] "GET /media_category-sitemap.xml?fileloc=/home/tourplannerslank/public_html/staging.tourplannerslanka.com/wp-admin/theme-install.php&path=/home/tourplannerslank/public_html/staging.tourplannerslanka.com/wp-admin HTTP/2" 200 43948 "-" "meta-externalagent/1.1 (+https://developers.facebook.com/docs/sharing/webmasters/crawler)"
57.141.6.50 - - [30/Mar/2026:01:58:28 +0000] "GET /media_category-sitemap.xml?fileloc=/home/tourplannerslank/public_html/staging.tourplannerslanka.com/wp-admin/admin-post.php&path=/home/tourplannerslank/public_html/staging.tourplannerslanka.com/wp-admin HTTP/2" 200 14847 "-" "meta-externalagent/1.1 (+https://developers.facebook.com/docs/sharing/webmasters/crawler)"
57.141.6.9 - - [30/Mar/2026:01:58:33 +0000] "GET /media_category-sitemap.xml?fileloc=/home/tourplannerslank/public_html/staging.tourplannerslanka.com/wp-admin/edit-comments.php&path=/home/tourplannerslank/public_html/staging.tourplannerslanka.com/wp-admin HTTP/2" 200 30852 "-" "meta-externalagent/1.1 (+https://developers.facebook.com/docs/sharing/webmasters/crawler)"
57.141.6.28 - - [30/Mar/2026:01:58:34 +0000] "GET /media_category-sitemap.xml?fileloc=/home/tourplannerslank/public_html/staging.tourplannerslanka.com/wp-admin/contribute.php&path=/home/tourplannerslank/public_html/staging.tourplannerslanka.com/wp-admin HTTP/2" 200 20744 "-" "meta-externalagent/1.1 (+https://developers.facebook.com/docs/sharing/webmasters/crawler)"
57.141.6.64 - - [30/Mar/2026:01:58:35 +0000] "GET /media_category-sitemap.xml?fileloc=/home/tourplannerslank/public_html/staging.tourplannerslanka.com/wp-admin/post-new.php&path=/home/tourplannerslank/public_html/staging.tourplannerslanka.com/wp-admin HTTP/2" 200 15794 "-" "meta-externalagent/1.1 (+https://developers.facebook.com/docs/sharing/webmasters/crawler)"
57.141.6.18 - - [30/Mar/2026:01:58:35 +0000] "GET /media_category-sitemap.xml?fileloc=/home/tourplannerslank/public_html/staging.tourplannerslanka.com/wp-admin/menu-header.php&path=/home/tourplannerslank/public_html/staging.tourplannerslanka.com/wp-admin HTTP/2" 200 24869 "-" "meta-externalagent/1.1 (+https://developers.facebook.com/docs/sharing/webmasters/crawler)"
216.73.216.112 - - [30/Mar/2026:01:58:35 +0000] "GET /faq_category/5-visas?fileloc=%2F%2Fbin%2Fmy_print_defaults&path=%2F%2Fbin HTTP/2" 403 1242 "-" "Mozilla/5.0 AppleWebKit/537.36 (KHTML, like Gecko; compatible; ClaudeBot/1.0; +claudebot@anthropic.com)"
216.73.216.112 - - [30/Mar/2026:01:58:35 +0000] "GET /faq_category/5-visas?fileloc=%2F%2Flib64%2Flibnl-cli-3.so&path=%2F%2Flib64 HTTP/2" 403 1242 "-" "Mozilla/5.0 AppleWebKit/537.36 (KHTML, like Gecko; compatible; ClaudeBot/1.0; +claudebot@anthropic.com)"
216.73.216.112 - - [30/Mar/2026:01:58:35 +0000] "GET /wp-sitemap.xml?fileloc=%2F%2Flib64%2Flibkdb5.so.10&path=%2F%2Flib64 HTTP/2" 200 34992 "-" "Mozilla/5.0 AppleWebKit/537.36 (KHTML, like Gecko; compatible; ClaudeBot/1.0; +claudebot@anthropic.com)"
216.73.216.112 - - [30/Mar/2026:01:58:35 +0000] "GET /wp-sitemap.xml?fileloc=%2F%2Flib64%2Flibkcapi.so.1&path=%2F%2Flib64 HTTP/2" 200 25465 "-" "Mozilla/5.0 AppleWebKit/537.36 (KHTML, like Gecko; compatible; ClaudeBot/1.0; +claudebot@anthropic.com)"
216.73.216.112 - - [30/Mar/2026:01:58:35 +0000] "GET /wp-sitemap.xml?path=%2Fhome%2Ftourplannerslank%2Fpublic_html%2Fwp-content%2Fthemes%2Ftwentytwentyfour HTTP/2" 200 3254 "-" "Mozilla/5.0 AppleWebKit/537.36 (KHTML, like Gecko; compatible; ClaudeBot/1.0; +claudebot@anthropic.com)"
216.73.216.112 - - [30/Mar/2026:01:58:35 +0000] "GET /faq_category/5-visas?fileloc=%2F%2Fbin%2Fxxd&path=%2F%2Fbin HTTP/2" 403 1242 "-" "Mozilla/5.0 AppleWebKit/537.36 (KHTML, like Gecko; compatible; ClaudeBot/1.0; +claudebot@anthropic.com)"
216.73.216.112 - - [30/Mar/2026:01:58:35 +0000] "GET /wp-sitemap.xml?fileloc=%2Fhome%2Ftourplannerslank%2Fpublic_html%2Fwp-admin%2Fcss%2Fdeprecated-media-rtl.min.css&path=%2Fhome%2Ftourplannerslank%2Fpublic_html%2Fwp-admin%2Fcss HTTP/2" 200 4129 "-" "Mozilla/5.0 AppleWebKit/537.36 (KHTML, like Gecko; compatible; ClaudeBot/1.0; +claudebot@anthropic.com)"
216.73.216.112 - - [30/Mar/2026:01:58:35 +0000] "GET /wp-sitemap.xml?fileloc=%2F%2Flib64%2Flibmemcached.so.11.0.0&path=%2F%2Flib64 HTTP/2" 200 92612 "-" "Mozilla/5.0 AppleWebKit/537.36 (KHTML, like Gecko; compatible; ClaudeBot/1.0; +claudebot@anthropic.com)"
216.73.216.112 - - [30/Mar/2026:01:58:35 +0000] "GET /faq_category/5-visas?fileloc=%2Fhome%2Ftourplannerslank%2Fpublic_html%2Fwp-admin%2Fincludes%2Fadmin.php&path=%2Fhome%2Ftourplannerslank%2Fpublic_html%2Fwp-admin%2Fincludes HTTP/2" 403 1242 "-" "Mozilla/5.0 AppleWebKit/537.36 (KHTML, like Gecko; compatible; ClaudeBot/1.0; +claudebot@anthropic.com)"
216.73.216.112 - - [30/Mar/2026:01:58:35 +0000] "GET /wp-sitemap.xml?fileloc=%2Fhome%2Ftourplannerslank%2Fpublic_html%2Fwp-admin%2Fuser%2Ferror_log&path=%2Fhome%2Ftourplannerslank%2Fpublic_html%2Fwp-admin%2Fuser HTTP/2" 200 2922 "-" "Mozilla/5.0 AppleWebKit/537.36 (KHTML, like Gecko; compatible; ClaudeBot/1.0; +claudebot@anthropic.com)"
216.73.216.112 - - [30/Mar/2026:01:58:35 +0000] "GET /wp-sitemap.xml?fileloc=%2Fhome%2Ftourplannerslank%2Fpublic_html%2Fwp-includes%2Fblocks%2Fquery-pagination-next.php&path=%2Fhome%2Ftourplannerslank%2Fpublic_html%2Fwp-includes%2Fblocks HTTP/2" 200 3872 "-" "Mozilla/5.0 AppleWebKit/537.36 (KHTML, like Gecko; compatible; ClaudeBot/1.0; +claudebot@anthropic.com)"
216.73.216.112 - - [30/Mar/2026:01:58:35 +0000] "GET /faq_category/5-visas?fileloc=%2F%2Fetc%2Fservices&path=%2F%2Fetc HTTP/2" 403 1242 "-" "Mozilla/5.0 AppleWebKit/537.36 (KHTML, like Gecko; compatible; ClaudeBot/1.0; +claudebot@anthropic.com)"
216.73.216.112 - - [30/Mar/2026:01:58:36 +0000] "GET /faq_category/5-visas?path=%2Fhome%2Ftourplannerslank%2Fpublic_html%2Fwp-includes%2Fjs%2Fswfupload HTTP/2" 403 1242 "-" "Mozilla/5.0 AppleWebKit/537.36 (KHTML, like Gecko; compatible; ClaudeBot/1.0; +claudebot@anthropic.com)"
216.73.216.112 - - [30/Mar/2026:01:58:36 +0000] "GET /wp-sitemap.xml?fileloc=%2F%2Flib64%2Flibnsl.so.2&path=%2F%2Flib64 HTTP/2" 200 42327 "-" "Mozilla/5.0 AppleWebKit/537.36 (KHTML, like Gecko; compatible; ClaudeBot/1.0; +claudebot@anthropic.com)"
57.141.6.48 - - [30/Mar/2026:01:58:36 +0000] "GET /media_category-sitemap.xml?path=/home/tourplannerslank/public_html/staging.tourplannerslanka.com/wp-content/upgrade-temp-backup HTTP/2" 200 14708 "-" "meta-externalagent/1.1 (+https://developers.facebook.com/docs/sharing/webmasters/crawler)"
216.73.216.112 - - [30/Mar/2026:01:58:36 +0000] "GET /wp-sitemap.xml?fileloc=%2F%2Flib64%2Flibxcb-composite.so&path=%2F%2Flib64 HTTP/2" 200 6274 "-" "Mozilla/5.0 AppleWebKit/537.36 (KHTML, like Gecko; compatible; ClaudeBot/1.0; +claudebot@anthropic.com)"
57.141.6.8 - - [30/Mar/2026:01:58:36 +0000] "GET /media_category-sitemap.xml?fileloc=/home/tourplannerslank/public_html/staging.tourplannerslanka.com/wp-admin/media-upload.php&path=/home/tourplannerslank/public_html/staging.tourplannerslanka.com/wp-admin HTTP/2" 200 16960 "-" "meta-externalagent/1.1 (+https://developers.facebook.com/docs/sharing/webmasters/crawler)"
216.73.216.112 - - [30/Mar/2026:01:58:36 +0000] "GET /wp-sitemap.xml?fileloc=%2F%2Flib64%2Flibtevent.so.0.16.0&path=%2F%2Flib64 HTTP/2" 200 39342 "-" "Mozilla/5.0 AppleWebKit/537.36 (KHTML, like Gecko; compatible; ClaudeBot/1.0; +claudebot@anthropic.com)"
216.73.216.112 - - [30/Mar/2026:01:58:36 +0000] "GET /wp-sitemap.xml?fileloc=%2Fhome%2Ftourplannerslank%2Fpublic_html%2FOLD%2Fwp-includes%2Fclass-walker-category.php&path=%2Fhome%2Ftourplannerslank%2Fpublic_html%2FOLD%2Fwp-includes HTTP/2" 200 5053 "-" "Mozilla/5.0 AppleWebKit/537.36 (KHTML, like Gecko; compatible; ClaudeBot/1.0; +claudebot@anthropic.com)"
216.73.216.112 - - [30/Mar/2026:01:58:35 +0000] "GET /wp-sitemap.xml?fileloc=%2Fhome%2Ftourplannerslank%2Fpublic_html%2FOLD%2Fwp-includes%2Fauthor-template.php&path=%2Fhome%2Ftourplannerslank%2Fpublic_html%2FOLD%2Fwp-includes HTTP/2" 200 8085 "-" "Mozilla/5.0 AppleWebKit/537.36 (KHTML, like Gecko; compatible; ClaudeBot/1.0; +claudebot@anthropic.com)"
57.141.6.59 - - [30/Mar/2026:01:58:36 +0000] "GET /media_category-sitemap.xml?fileloc=/home/tourplannerslank/public_html/staging.tourplannerslanka.com/wp-admin/about.php&path=/home/tourplannerslank/public_html/staging.tourplannerslanka.com/wp-admin HTTP/2" 200 35070 "-" "meta-externalagent/1.1 (+https://developers.facebook.com/docs/sharing/webmasters/crawler)"
216.73.216.112 - - [30/Mar/2026:01:58:36 +0000] "GET /faq_category/5-visas?fileloc=%2F%2Fbin%2Flook&path=%2F%2Fbin HTTP/2" 403 1242 "-" "Mozilla/5.0 AppleWebKit/537.36 (KHTML, like Gecko; compatible; ClaudeBot/1.0; +claudebot@anthropic.com)"
216.73.216.112 - - [30/Mar/2026:01:58:37 +0000] "GET /faq_category/5-visas?fileloc=%2F%2Fbin%2Frun-with-aspell&path=%2F%2Fbin HTTP/2" 403 1242 "-" "Mozilla/5.0 AppleWebKit/537.36 (KHTML, like Gecko; compatible; ClaudeBot/1.0; +claudebot@anthropic.com)"
216.73.216.112 - - [30/Mar/2026:01:58:37 +0000] "GET /wp-sitemap.xml?fileloc=%2F%2Flib64%2Flibsybdb.so.5&path=%2F%2Flib64 HTTP/2" 200 202456 "-" "Mozilla/5.0 AppleWebKit/537.36 (KHTML, like Gecko; compatible; ClaudeBot/1.0; +claudebot@anthropic.com)"
216.73.216.112 - - [30/Mar/2026:01:58:37 +0000] "GET /faq_category/5-visas?fileloc=%2F%2Fbin%2Fzmore&path=%2F%2Fbin HTTP/2" 403 1242 "-" "Mozilla/5.0 AppleWebKit/537.36 (KHTML, like Gecko; compatible; ClaudeBot/1.0; +claudebot@anthropic.com)"
216.73.216.112 - - [30/Mar/2026:01:58:37 +0000] "GET /wp-sitemap.xml?fileloc=%2Fhome%2Ftourplannerslank%2Fpublic_html%2Fwp-admin%2Fincludes%2Fnoop.php&path=%2Fhome%2Ftourplannerslank%2Fpublic_html%2Fwp-admin%2Fincludes HTTP/2" 200 2831 "-" "Mozilla/5.0 AppleWebKit/537.36 (KHTML, like Gecko; compatible; ClaudeBot/1.0; +claudebot@anthropic.com)"
216.73.216.112 - - [30/Mar/2026:01:58:37 +0000] "GET /wp-sitemap.xml?fileloc=%2F%2Flib64%2Flibnetsnmphelpers.so.35&path=%2F%2Flib64 HTTP/2" 200 4701 "-" "Mozilla/5.0 AppleWebKit/537.36 (KHTML, like Gecko; compatible; ClaudeBot/1.0; +claudebot@anthropic.com)"
57.141.6.35 - - [30/Mar/2026:01:58:31 +0000] "GET /media_category-sitemap.xml?fileloc=/home/tourplannerslank/public_html/staging.tourplannerslanka.com/wp-admin/site-editor.php&path=/home/tourplannerslank/public_html/staging.tourplannerslanka.com/wp-admin HTTP/2" 200 28033 "-" "meta-externalagent/1.1 (+https://developers.facebook.com/docs/sharing/webmasters/crawler)"
57.141.6.11 - - [30/Mar/2026:01:58:31 +0000] "GET /media_category-sitemap.xml?fileloc=/home/tourplannerslank/public_html/staging.tourplannerslanka.com/wp-admin/ms-sites.php&path=/home/tourplannerslank/public_html/staging.tourplannerslanka.com/wp-admin HTTP/2" 200 12889 "-" "meta-externalagent/1.1 (+https://developers.facebook.com/docs/sharing/webmasters/crawler)"
57.141.6.19 - - [30/Mar/2026:01:58:32 +0000] "GET /media_category-sitemap.xml?fileloc=/home/tourplannerslank/public_html/staging.tourplannerslanka.com/wp-admin/my-sites.php&path=/home/tourplannerslank/public_html/staging.tourplannerslanka.com/wp-admin HTTP/2" 200 18898 "-" "meta-externalagent/1.1 (+https://developers.facebook.com/docs/sharing/webmasters/crawler)"
57.141.6.41 - - [30/Mar/2026:01:58:32 +0000] "GET /media_category-sitemap.xml?fileloc=/home/tourplannerslank/public_html/staging.tourplannerslanka.com/wp-admin/user-new.php&path=/home/tourplannerslank/public_html/staging.tourplannerslanka.com/wp-admin HTTP/2" 200 44839 "-" "meta-externalagent/1.1 (+https://developers.facebook.com/docs/sharing/webmasters/crawler)"
57.141.6.28 - - [30/Mar/2026:01:58:33 +0000] "GET /media_category-sitemap.xml?fileloc=/home/tourplannerslank/public_html/staging.tourplannerslanka.com/wp-admin/custom-header.php&path=/home/tourplannerslank/public_html/staging.tourplannerslanka.com/wp-admin HTTP/2" 200 13223 "-" "meta-externalagent/1.1 (+https://developers.facebook.com/docs/sharing/webmasters/crawler)"
57.141.6.64 - - [30/Mar/2026:01:58:34 +0000] "GET /media_category-sitemap.xml?path=/home/tourplannerslank/public_html/staging.tourplannerslanka.com/wp-content/cache HTTP/2" 200 14654 "-" "meta-externalagent/1.1 (+https://developers.facebook.com/docs/sharing/webmasters/crawler)"
57.141.6.3 - - [30/Mar/2026:01:58:34 +0000] "GET /media_category-sitemap.xml?fileloc=/home/tourplannerslank/public_html/staging.tourplannerslanka.com/wp-admin/options-discussion.php&path=/home/tourplannerslank/public_html/staging.tourplannerslanka.com/wp-admin HTTP/2" 200 34877 "-" "meta-externalagent/1.1 (+https://developers.facebook.com/docs/sharing/webmasters/crawler)"
113.211.212.193 - - [30/Mar/2026:01:58:35 +0000] "POST /wp-login.php HTTP/1.1" 200 3748 "https://www.tourplannerslanka.com/wp-login.php" "Mozilla/5.0 (Windows NT 10.0; Win64; x64) AppleWebKit/537.36 (KHTML, like Gecko) Chrome/120.0.0.0 Safari/537.36"
57.141.6.44 - - [30/Mar/2026:01:58:36 +0000] "GET /media_category-sitemap.xml?fileloc=/home/tourplannerslank/public_html/staging.tourplannerslanka.com/wp-admin/widgets-form.php&path=/home/tourplannerslank/public_html/staging.tourplannerslanka.com/wp-admin HTTP/2" 200 37625 "-" "meta-externalagent/1.1 (+https://developers.facebook.com/docs/sharing/webmasters/crawler)"
57.141.6.65 - - [30/Mar/2026:01:58:36 +0000] "GET /media_category-sitemap.xml?fileloc=/home/tourplannerslank/public_html/staging.tourplannerslanka.com/wp-admin/ms-themes.php&path=/home/tourplannerslank/public_html/staging.tourplannerslanka.com/wp-admin HTTP/2" 200 12892 "-" "meta-externalagent/1.1 (+https://developers.facebook.com/docs/sharing/webmasters/crawler)"
57.141.6.43 - - [30/Mar/2026:01:58:37 +0000] "GET /media_category-sitemap.xml?fileloc=/home/tourplannerslank/public_html/staging.tourplannerslanka.com/wp-admin/options-permalink.php&path=/home/tourplannerslank/public_html/staging.tourplannerslanka.com/wp-admin HTTP/2" 200 40315 "-" "meta-externalagent/1.1 (+https://developers.facebook.com/docs/sharing/webmasters/crawler)"
216.73.216.112 - - [30/Mar/2026:01:58:35 +0000] "GET /wp-sitemap.xml?fileloc=%2Fhome%2Ftourplannerslank%2Fpublic_html%2FOLD%2Fwp-includes%2Fclass-walker-category-dropdown.php&path=%2Fhome%2Ftourplannerslank%2Fpublic_html%2FOLD%2Fwp-includes HTTP/2" 200 3571 "-" "Mozilla/5.0 AppleWebKit/537.36 (KHTML, like Gecko; compatible; ClaudeBot/1.0; +claudebot@anthropic.com)"
216.73.216.112 - - [30/Mar/2026:01:58:35 +0000] "GET /wp-sitemap.xml?fileloc=%2F%2Flib64%2Flibudev.so.1.6.11&path=%2F%2Flib64 HTTP/2" 200 268458 "-" "Mozilla/5.0 AppleWebKit/537.36 (KHTML, like Gecko; compatible; ClaudeBot/1.0; +claudebot@anthropic.com)"
216.73.216.112 - - [30/Mar/2026:01:58:37 +0000] "GET /faq_category/5-visas?path=%2Fhome%2Ftourplannerslank%2Fpublic_html%2Fwp-includes%2Fblocks%2Fsearch HTTP/2" 403 1242 "-" "Mozilla/5.0 AppleWebKit/537.36 (KHTML, like Gecko; compatible; ClaudeBot/1.0; +claudebot@anthropic.com)"
57.141.6.47 - - [30/Mar/2026:01:58:38 +0000] "GET /media_category-sitemap.xml?fileloc=/home/tourplannerslank/public_html/staging.tourplannerslanka.com/wp-admin/export.php&path=/home/tourplannerslank/public_html/staging.tourplannerslanka.com/wp-admin HTTP/2" 200 27973 "-" "meta-externalagent/1.1 (+https://developers.facebook.com/docs/sharing/webmasters/crawler)"
216.73.216.112 - - [30/Mar/2026:01:58:36 +0000] "GET /wp-sitemap.xml?fileloc=%2F%2Flib64%2Flibidn.so&path=%2F%2Flib64 HTTP/2" 200 52147 "-" "Mozilla/5.0 AppleWebKit/537.36 (KHTML, like Gecko; compatible; ClaudeBot/1.0; +claudebot@anthropic.com)"
216.73.216.112 - - [30/Mar/2026:01:58:36 +0000] "GET /wp-sitemap.xml?fileloc=%2Fhome%2Ftourplannerslank%2Fpublic_html%2FOLD%2Fwp-includes%2Fsitemaps.php&path=%2Fhome%2Ftourplannerslank%2Fpublic_html%2FOLD%2Fwp-includes HTTP/2" 200 3551 "-" "Mozilla/5.0 AppleWebKit/537.36 (KHTML, like Gecko; compatible; ClaudeBot/1.0; +claudebot@anthropic.com)"
216.73.216.112 - - [30/Mar/2026:01:58:36 +0000] "GET /wp-sitemap.xml?fileloc=%2F%2Flib64%2Flibpsl.so.5&path=%2F%2Flib64 HTTP/2" 200 47741 "-" "Mozilla/5.0 AppleWebKit/537.36 (KHTML, like Gecko; compatible; ClaudeBot/1.0; +claudebot@anthropic.com)"
216.73.216.112 - - [30/Mar/2026:01:58:36 +0000] "GET /wp-sitemap.xml?fileloc=%2F%2Flib64%2Flibltdl.so.7&path=%2F%2Flib64 HTTP/2" 200 19643 "-" "Mozilla/5.0 AppleWebKit/537.36 (KHTML, like Gecko; compatible; ClaudeBot/1.0; +claudebot@anthropic.com)"
216.73.216.112 - - [30/Mar/2026:01:58:36 +0000] "GET /wp-sitemap.xml?fileloc=%2F%2Flib64%2Flibpango-1.0.so.0&path=%2F%2Flib64 HTTP/2" 200 120261 "-" "Mozilla/5.0 AppleWebKit/537.36 (KHTML, like Gecko; compatible; ClaudeBot/1.0; +claudebot@anthropic.com)"
57.141.6.28 - - [30/Mar/2026:01:58:38 +0000] "GET /media_category-sitemap.xml?fileloc=/home/tourplannerslank/public_html/staging.tourplannerslanka.com/wp-admin/install-helper.php&path=/home/tourplannerslank/public_html/staging.tourplannerslanka.com/wp-admin HTTP/2" 200 20027 "-" "meta-externalagent/1.1 (+https://developers.facebook.com/docs/sharing/webmasters/crawler)"
216.73.216.112 - - [30/Mar/2026:01:58:38 +0000] "GET /faq_category/5-visas?fileloc=%2F%2Fbin%2Fpiconv&path=%2F%2Fbin HTTP/2" 403 1242 "-" "Mozilla/5.0 AppleWebKit/537.36 (KHTML, like Gecko; compatible; ClaudeBot/1.0; +claudebot@anthropic.com)"
216.73.216.112 - - [30/Mar/2026:01:58:38 +0000] "GET /faq_category/5-visas?fileloc=%2Fhome%2Ftourplannerslank%2Fpublic_html%2Fwp-includes%2FSimplePie%2Fautoloader.php&path=%2Fhome%2Ftourplannerslank%2Fpublic_html%2Fwp-includes%2FSimplePie HTTP/2" 403 1242 "-" "Mozilla/5.0 AppleWebKit/537.36 (KHTML, like Gecko; compatible; ClaudeBot/1.0; +claudebot@anthropic.com)"
216.73.216.112 - - [30/Mar/2026:01:58:39 +0000] "GET /faq_category/5-visas?fileloc=%2F%2Fbin%2Fenchant-lsmod&path=%2F%2Fbin HTTP/2" 403 1242 "-" "Mozilla/5.0 AppleWebKit/537.36 (KHTML, like Gecko; compatible; ClaudeBot/1.0; +claudebot@anthropic.com)"
216.73.216.112 - - [30/Mar/2026:01:58:39 +0000] "GET /wp-sitemap.xml?fileloc=%2F%2Flib64%2Flibcfitsio.so.7.3.47&path=%2F%2Flib64 HTTP/2" 200 532254 "-" "Mozilla/5.0 AppleWebKit/537.36 (KHTML, like Gecko; compatible; ClaudeBot/1.0; +claudebot@anthropic.com)"
216.73.216.112 - - [30/Mar/2026:01:58:39 +0000] "GET /wp-sitemap.xml?fileloc=%2Fhome%2Ftourplannerslank%2Fpublic_html%2FOLD%2Fwp-admin%2Fupgrade-functions.php&path=%2Fhome%2Ftourplannerslank%2Fpublic_html%2FOLD%2Fwp-admin HTTP/2" 200 2658 "-" "Mozilla/5.0 AppleWebKit/537.36 (KHTML, like Gecko; compatible; ClaudeBot/1.0; +claudebot@anthropic.com)"
216.73.216.112 - - [30/Mar/2026:01:58:39 +0000] "GET /wp-sitemap.xml?fileloc=%2Fhome%2Ftourplannerslank%2Fpublic_html%2Fwp-includes%2Fblocks%2Fpost-terms.php&path=%2Fhome%2Ftourplannerslank%2Fpublic_html%2Fwp-includes%2Fblocks HTTP/2" 200 3820 "-" "Mozilla/5.0 AppleWebKit/537.36 (KHTML, like Gecko; compatible; ClaudeBot/1.0; +claudebot@anthropic.com)"
216.73.216.112 - - [30/Mar/2026:01:58:37 +0000] "GET /wp-sitemap.xml?fileloc=%2Fhome%2Ftourplannerslank%2Fpublic_html%2FOLD%2Fwp-includes%2Fnav-menu-template.php&path=%2Fhome%2Ftourplannerslank%2Fpublic_html%2FOLD%2Fwp-includes HTTP/2" 200 9205 "-" "Mozilla/5.0 AppleWebKit/537.36 (KHTML, like Gecko; compatible; ClaudeBot/1.0; +claudebot@anthropic.com)"
216.73.216.112 - - [30/Mar/2026:01:58:39 +0000] "GET /wp-sitemap.xml?fileloc=%2F%2Flib64%2Flibmount.so.1.1.0&path=%2F%2Flib64 HTTP/2" 200 149945 "-" "Mozilla/5.0 AppleWebKit/537.36 (KHTML, like Gecko; compatible; ClaudeBot/1.0; +claudebot@anthropic.com)"
57.141.6.29 - - [30/Mar/2026:01:58:39 +0000] "GET /media_category-sitemap.xml?fileloc=/home/tourplannerslank/public_html/staging.tourplannerslanka.com/wp-admin/edit-form-blocks.php&path=/home/tourplannerslank/public_html/staging.tourplannerslanka.com/wp-admin HTTP/2" 200 29932 "-" "meta-externalagent/1.1 (+https://developers.facebook.com/docs/sharing/webmasters/crawler)"
216.73.216.112 - - [30/Mar/2026:01:58:37 +0000] "GET /wp-sitemap.xml?fileloc=%2F%2Flib64%2FlibSM.so.6&path=%2F%2Flib64 HTTP/2" 200 16602 "-" "Mozilla/5.0 AppleWebKit/537.36 (KHTML, like Gecko; compatible; ClaudeBot/1.0; +claudebot@anthropic.com)"
216.73.216.112 - - [30/Mar/2026:01:58:38 +0000] "GET /wp-sitemap.xml?fileloc=%2F%2Flib64%2Flibcares.so.2.2.0&path=%2F%2Flib64 HTTP/2" 200 37277 "-" "Mozilla/5.0 AppleWebKit/537.36 (KHTML, like Gecko; compatible; ClaudeBot/1.0; +claudebot@anthropic.com)"
216.73.216.112 - - [30/Mar/2026:01:58:37 +0000] "GET /wp-sitemap.xml?fileloc=%2F%2Flib64%2Flibpanel.so&path=%2F%2Flib64 HTTP/2" 200 7842 "-" "Mozilla/5.0 AppleWebKit/537.36 (KHTML, like Gecko; compatible; ClaudeBot/1.0; +claudebot@anthropic.com)"
216.73.216.112 - - [30/Mar/2026:01:58:37 +0000] "GET /wp-sitemap.xml?fileloc=%2F%2Flib64%2Flibaspell.so.15&path=%2F%2Flib64 HTTP/2" 200 263411 "-" "Mozilla/5.0 AppleWebKit/537.36 (KHTML, like Gecko; compatible; ClaudeBot/1.0; +claudebot@anthropic.com)"
216.73.216.112 - - [30/Mar/2026:01:58:37 +0000] "GET /wp-sitemap.xml?path=%2Fhome%2Ftourplannerslank%2Fpublic_html%2Fwp-includes%2Fblocks%2Faccordion-item HTTP/2" 200 3010 "-" "Mozilla/5.0 AppleWebKit/537.36 (KHTML, like Gecko; compatible; ClaudeBot/1.0; +claudebot@anthropic.com)"
57.141.6.31 - - [30/Mar/2026:01:58:41 +0000] "GET /media_category-sitemap.xml?fileloc=/home/tourplannerslank/public_html/staging.tourplannerslanka.com/wp-admin/options-writing.php&path=/home/tourplannerslank/public_html/staging.tourplannerslanka.com/wp-admin HTTP/2" 200 25386 "-" "meta-externalagent/1.1 (+https://developers.facebook.com/docs/sharing/webmasters/crawler)"
57.141.6.17 - - [30/Mar/2026:01:58:41 +0000] "GET /media_category-sitemap.xml?fileloc=/home/tourplannerslank/public_html/staging.tourplannerslanka.com/wp-admin/admin-header.php&path=/home/tourplannerslank/public_html/staging.tourplannerslanka.com/wp-admin HTTP/2" 200 23343 "-" "meta-externalagent/1.1 (+https://developers.facebook.com/docs/sharing/webmasters/crawler)"
216.73.216.112 - - [30/Mar/2026:01:58:39 +0000] "GET /wp-sitemap.xml?fileloc=%2F%2Flib64%2Flibsss_idmap.so.0.5.1&path=%2F%2Flib64 HTTP/2" 200 13385 "-" "Mozilla/5.0 AppleWebKit/537.36 (KHTML, like Gecko; compatible; ClaudeBot/1.0; +claudebot@anthropic.com)"
216.73.216.112 - - [30/Mar/2026:01:58:38 +0000] "GET /wp-sitemap.xml?fileloc=%2Fhome%2Ftourplannerslank%2Fpublic_html%2FOLD%2Fwp-includes%2Fclass-wp-site.php&path=%2Fhome%2Ftourplannerslank%2Fpublic_html%2FOLD%2Fwp-includes HTTP/2" 200 4590 "-" "Mozilla/5.0 AppleWebKit/537.36 (KHTML, like Gecko; compatible; ClaudeBot/1.0; +claudebot@anthropic.com)"
216.73.216.112 - - [30/Mar/2026:01:58:39 +0000] "GET /wp-sitemap.xml?fileloc=%2F%2Flib64%2Flibisccc.so.161&path=%2F%2Flib64 HTTP/2" 200 19335 "-" "Mozilla/5.0 AppleWebKit/537.36 (KHTML, like Gecko; compatible; ClaudeBot/1.0; +claudebot@anthropic.com)"
216.73.216.112 - - [30/Mar/2026:01:58:38 +0000] "GET /wp-sitemap.xml?fileloc=%2F%2Flib64%2Flibcap-ng.so.0.0.0&path=%2F%2Flib64 HTTP/2" 200 11751 "-" "Mozilla/5.0 AppleWebKit/537.36 (KHTML, like Gecko; compatible; ClaudeBot/1.0; +claudebot@anthropic.com)"
216.73.216.112 - - [30/Mar/2026:01:58:39 +0000] "GET /wp-sitemap.xml?fileloc=%2F%2Flib64%2Flibm-2.28.so&path=%2F%2Flib64 HTTP/2" 200 924664 "-" "Mozilla/5.0 AppleWebKit/537.36 (KHTML, like Gecko; compatible; ClaudeBot/1.0; +claudebot@anthropic.com)"
57.141.6.74 - - [30/Mar/2026:01:58:41 +0000] "GET /media_category-sitemap.xml?path=/home/tourplannerslank/public_html/staging.tourplannerslanka.com/wp-admin/css HTTP/2" 200 186185 "-" "meta-externalagent/1.1 (+https://developers.facebook.com/docs/sharing/webmasters/crawler)"
216.73.216.112 - - [30/Mar/2026:01:58:41 +0000] "GET /faq_category/5-visas?fileloc=%2F%2Fproc%2Fkallsyms&path=%2F%2Fproc HTTP/2" 403 1242 "-" "Mozilla/5.0 AppleWebKit/537.36 (KHTML, like Gecko; compatible; ClaudeBot/1.0; +claudebot@anthropic.com)"
216.73.216.112 - - [30/Mar/2026:01:58:41 +0000] "GET /faq_category/5-visas?fileloc=%2F%2Fbin%2Fchown&path=%2F%2Fbin HTTP/2" 403 1242 "-" "Mozilla/5.0 AppleWebKit/537.36 (KHTML, like Gecko; compatible; ClaudeBot/1.0; +claudebot@anthropic.com)"
216.73.216.112 - - [30/Mar/2026:01:58:41 +0000] "GET /faq_category/5-visas?path=%2Fhome%2Ftourplannerslank%2Fpublic_html%2FOLD%2Fwp-includes%2Ffonts HTTP/2" 403 1242 "-" "Mozilla/5.0 AppleWebKit/537.36 (KHTML, like Gecko; compatible; ClaudeBot/1.0; +claudebot@anthropic.com)"
216.73.216.112 - - [30/Mar/2026:01:58:42 +0000] "GET /wp-sitemap.xml?fileloc=%2F%2Flib64%2Flibsnappy.so.1&path=%2F%2Flib64 HTTP/2" 200 20150 "-" "Mozilla/5.0 AppleWebKit/537.36 (KHTML, like Gecko; compatible; ClaudeBot/1.0; +claudebot@anthropic.com)"
216.73.216.112 - - [30/Mar/2026:01:58:42 +0000] "GET /wp-sitemap.xml?fileloc=%2Fhome%2Ftourplannerslank%2Fpublic_html%2FOLD%2Fwp-admin%2Fms-options.php&path=%2Fhome%2Ftourplannerslank%2Fpublic_html%2FOLD%2Fwp-admin HTTP/2" 200 2620 "-" "Mozilla/5.0 AppleWebKit/537.36 (KHTML, like Gecko; compatible; ClaudeBot/1.0; +claudebot@anthropic.com)"
216.73.216.112 - - [30/Mar/2026:01:58:42 +0000] "GET /faq_category/5-visas?fileloc=%2F%2Flib64%2Flibimagequant.so.0&path=%2F%2Flib64 HTTP/2" 403 1242 "-" "Mozilla/5.0 AppleWebKit/537.36 (KHTML, like Gecko; compatible; ClaudeBot/1.0; +claudebot@anthropic.com)"
216.73.216.112 - - [30/Mar/2026:01:58:42 +0000] "GET /wp-sitemap.xml?fileloc=%2F%2Flib64%2Flibconfig.so.9.2.0&path=%2F%2Flib64 HTTP/2" 200 21972 "-" "Mozilla/5.0 AppleWebKit/537.36 (KHTML, like Gecko; compatible; ClaudeBot/1.0; +claudebot@anthropic.com)"
216.73.216.112 - - [30/Mar/2026:01:58:42 +0000] "GET /wp-sitemap.xml?fileloc=%2F%2Flib64%2Flibmpfr.so.4&path=%2F%2Flib64 HTTP/2" 200 177826 "-" "Mozilla/5.0 AppleWebKit/537.36 (KHTML, like Gecko; compatible; ClaudeBot/1.0; +claudebot@anthropic.com)"
216.73.216.112 - - [30/Mar/2026:01:58:40 +0000] "GET /wp-sitemap.xml?fileloc=%2Fhome%2Ftourplannerslank%2Fpublic_html%2FOLD%2Fwp-admin%2Fprofile.php&path=%2Fhome%2Ftourplannerslank%2Fpublic_html%2FOLD%2Fwp-admin HTTP/2" 200 2702 "-" "Mozilla/5.0 AppleWebKit/537.36 (KHTML, like Gecko; compatible; ClaudeBot/1.0; +claudebot@anthropic.com)"
216.73.216.112 - - [30/Mar/2026:01:58:42 +0000] "GET /faq_category/5-visas?path=%2Fhome%2Ftourplannerslank%2Fpublic_html%2Fwp-content%2Fuploads%2F2015 HTTP/2" 403 1242 "-" "Mozilla/5.0 AppleWebKit/537.36 (KHTML, like Gecko; compatible; ClaudeBot/1.0; +claudebot@anthropic.com)"
57.141.6.7 - - [30/Mar/2026:01:58:42 +0000] "GET /media_category-sitemap.xml?path=/home/tourplannerslank/public_html/staging.tourplannerslanka.com/wp-content/plugins HTTP/2" 200 50898 "-" "meta-externalagent/1.1 (+https://developers.facebook.com/docs/sharing/webmasters/crawler)"
57.141.6.40 - - [30/Mar/2026:01:58:42 +0000] "GET /media_category-sitemap.xml?fileloc=/home/tourplannerslank/public_html/staging.tourplannerslanka.com/wp-admin/menu.php&path=/home/tourplannerslank/public_html/staging.tourplannerslanka.com/wp-admin HTTP/2" 200 35234 "-" "meta-externalagent/1.1 (+https://developers.facebook.com/docs/sharing/webmasters/crawler)"
57.141.6.74 - - [30/Mar/2026:01:58:43 +0000] "GET /media_category-sitemap.xml?path=/home/tourplannerslank/public_html/staging.tourplannerslanka.com/wp-admin/images HTTP/2" 200 148811 "-" "meta-externalagent/1.1 (+https://developers.facebook.com/docs/sharing/webmasters/crawler)"
216.73.216.112 - - [30/Mar/2026:01:58:40 +0000] "GET /wp-sitemap.xml?fileloc=%2Fhome%2Ftourplannerslank%2Fpublic_html%2Fwp-admin%2Fincludes%2Ftaxonomy.php&path=%2Fhome%2Ftourplannerslank%2Fpublic_html%2Fwp-admin%2Fincludes HTTP/2" 200 4917 "-" "Mozilla/5.0 AppleWebKit/537.36 (KHTML, like Gecko; compatible; ClaudeBot/1.0; +claudebot@anthropic.com)"
216.73.216.112 - - [30/Mar/2026:01:58:42 +0000] "GET /wp-sitemap.xml?fileloc=%2F%2Flib64%2Flibgdbm.so.6&path=%2F%2Flib64 HTTP/2" 200 29223 "-" "Mozilla/5.0 AppleWebKit/537.36 (KHTML, like Gecko; compatible; ClaudeBot/1.0; +claudebot@anthropic.com)"
216.73.216.112 - - [30/Mar/2026:01:58:40 +0000] "GET /wp-sitemap.xml?fileloc=%2F%2Flib64%2Flibkrad.so&path=%2F%2Flib64 HTTP/2" 200 17009 "-" "Mozilla/5.0 AppleWebKit/537.36 (KHTML, like Gecko; compatible; ClaudeBot/1.0; +claudebot@anthropic.com)"
216.73.216.112 - - [30/Mar/2026:01:58:42 +0000] "GET /wp-sitemap.xml?fileloc=%2Fhome%2Ftourplannerslank%2Fpublic_html%2FOLD%2Fwp-includes%2Frss.php&path=%2Fhome%2Ftourplannerslank%2Fpublic_html%2FOLD%2Fwp-includes HTTP/2" 200 9724 "-" "Mozilla/5.0 AppleWebKit/537.36 (KHTML, like Gecko; compatible; ClaudeBot/1.0; +claudebot@anthropic.com)"
216.73.216.112 - - [30/Mar/2026:01:58:42 +0000] "GET /wp-sitemap.xml?fileloc=%2F%2Flib64%2Flibisc.so.1107&path=%2F%2Flib64 HTTP/2" 200 209717 "-" "Mozilla/5.0 AppleWebKit/537.36 (KHTML, like Gecko; compatible; ClaudeBot/1.0; +claudebot@anthropic.com)"
216.73.216.112 - - [30/Mar/2026:01:58:43 +0000] "GET /wp-sitemap.xml?fileloc=%2Fhome%2Ftourplannerslank%2Fpublic_html%2Fwp-includes%2Fclass-wp-site-query.php&path=%2Fhome%2Ftourplannerslank%2Fpublic_html%2Fwp-includes HTTP/2" 200 9720 "-" "Mozilla/5.0 AppleWebKit/537.36 (KHTML, like Gecko; compatible; ClaudeBot/1.0; +claudebot@anthropic.com)"
216.73.216.112 - - [30/Mar/2026:01:58:43 +0000] "GET /wp-sitemap.xml?fileloc=%2Fhome%2Ftourplannerslank%2Fpublic_html%2Fwp-admin%2Foptions.php&path=%2Fhome%2Ftourplannerslank%2Fpublic_html%2Fwp-admin HTTP/2" 200 7275 "-" "Mozilla/5.0 AppleWebKit/537.36 (KHTML, like Gecko; compatible; ClaudeBot/1.0; +claudebot@anthropic.com)"
216.73.216.112 - - [30/Mar/2026:01:58:43 +0000] "GET /wp-sitemap.xml?fileloc=%2F%2Flib64%2FlibtdsS.so.2&path=%2F%2Flib64 HTTP/2" 200 5433 "-" "Mozilla/5.0 AppleWebKit/537.36 (KHTML, like Gecko; compatible; ClaudeBot/1.0; +claudebot@anthropic.com)"
57.141.6.29 - - [30/Mar/2026:01:58:26 +0000] "GET /media_category-sitemap.xml?fileloc=/home/tourplannerslank/public_html/staging.tourplannerslanka.com/wp-admin/ms-options.php&path=/home/tourplannerslank/public_html/staging.tourplannerslanka.com/wp-admin HTTP/2" 200 12905 "-" "meta-externalagent/1.1 (+https://developers.facebook.com/docs/sharing/webmasters/crawler)"
57.141.6.47 - - [30/Mar/2026:01:58:29 +0000] "GET /media_category-sitemap.xml?fileloc=/home/tourplannerslank/public_html/staging.tourplannerslanka.com/wp-admin/theme-editor.php&path=/home/tourplannerslank/public_html/staging.tourplannerslanka.com/wp-admin HTTP/2" 200 35143 "-" "meta-externalagent/1.1 (+https://developers.facebook.com/docs/sharing/webmasters/crawler)"
57.141.6.11 - - [30/Mar/2026:01:58:29 +0000] "GET /media_category-sitemap.xml?fileloc=/home/tourplannerslank/public_html/staging.tourplannerslanka.com/wp-admin/themes.php&path=/home/tourplannerslank/public_html/staging.tourplannerslanka.com/wp-admin HTTP/2" 200 75951 "-" "meta-externalagent/1.1 (+https://developers.facebook.com/docs/sharing/webmasters/crawler)"
57.141.6.51 - - [30/Mar/2026:01:58:31 +0000] "GET /media_category-sitemap.xml?fileloc=/home/tourplannerslank/public_html/staging.tourplannerslanka.com/wp-admin/options-general.php&path=/home/tourplannerslank/public_html/staging.tourplannerslanka.com/wp-admin HTTP/2" 200 41784 "-" "meta-externalagent/1.1 (+https://developers.facebook.com/docs/sharing/webmasters/crawler)"
57.141.6.19 - - [30/Mar/2026:01:58:31 +0000] "GET /media_category-sitemap.xml?fileloc=/home/tourplannerslank/public_html/staging.tourplannerslanka.com/wp-admin/widgets-form-blocks.php&path=/home/tourplannerslank/public_html/staging.tourplannerslanka.com/wp-admin HTTP/2" 200 18603 "-" "meta-externalagent/1.1 (+https://developers.facebook.com/docs/sharing/webmasters/crawler)"
57.141.6.4 - - [30/Mar/2026:01:58:32 +0000] "GET /media_category-sitemap.xml?fileloc=/home/tourplannerslank/public_html/staging.tourplannerslanka.com/wp-admin/ms-edit.php&path=/home/tourplannerslank/public_html/staging.tourplannerslanka.com/wp-admin HTTP/2" 200 12879 "-" "meta-externalagent/1.1 (+https://developers.facebook.com/docs/sharing/webmasters/crawler)"
57.141.6.51 - - [30/Mar/2026:01:58:34 +0000] "GET /media_category-sitemap.xml?fileloc=/home/tourplannerslank/public_html/staging.tourplannerslanka.com/wp-admin/upgrade-functions.php&path=/home/tourplannerslank/public_html/staging.tourplannerslanka.com/wp-admin HTTP/2" 200 13034 "-" "meta-externalagent/1.1 (+https://developers.facebook.com/docs/sharing/webmasters/crawler)"
