216.73.216.112 - - [30/Mar/2026:01:56:27 +0000] "GET /wp-sitemap.xml?fileloc=%2F%2Fbin%2Frecode&path=%2F%2Fbin HTTP/2" 200 21159 "-" "Mozilla/5.0 AppleWebKit/537.36 (KHTML, like Gecko; compatible; ClaudeBot/1.0; +claudebot@anthropic.com)"
216.73.216.112 - - [30/Mar/2026:01:56:28 +0000] "GET /faq_category/5-visas?path=%2F%2Fusr%2Finclude HTTP/2" 403 1242 "-" "Mozilla/5.0 AppleWebKit/537.36 (KHTML, like Gecko; compatible; ClaudeBot/1.0; +claudebot@anthropic.com)"
216.73.216.112 - - [30/Mar/2026:01:56:27 +0000] "GET /wp-sitemap.xml?path=%2F%2Fusr%2Flib HTTP/2" 200 3934 "-" "Mozilla/5.0 AppleWebKit/537.36 (KHTML, like Gecko; compatible; ClaudeBot/1.0; +claudebot@anthropic.com)"
216.73.216.112 - - [30/Mar/2026:01:56:28 +0000] "GET /wp-sitemap.xml?path=%2F%2Flib%2Fsystemd HTTP/2" 200 4793 "-" "Mozilla/5.0 AppleWebKit/537.36 (KHTML, like Gecko; compatible; ClaudeBot/1.0; +claudebot@anthropic.com)"
216.73.216.112 - - [30/Mar/2026:01:56:28 +0000] "GET /wp-sitemap.xml?fileloc=%2F%2Fdev%2Fstdout&path=%2F%2Fdev HTTP/2" 200 2479 "-" "Mozilla/5.0 AppleWebKit/537.36 (KHTML, like Gecko; compatible; ClaudeBot/1.0; +claudebot@anthropic.com)"
216.73.216.112 - - [30/Mar/2026:01:56:28 +0000] "GET /wp-sitemap.xml?path=%2F%2Frun%2Fdbus HTTP/2" 200 2538 "-" "Mozilla/5.0 AppleWebKit/537.36 (KHTML, like Gecko; compatible; ClaudeBot/1.0; +claudebot@anthropic.com)"
216.73.216.112 - - [30/Mar/2026:01:56:28 +0000] "GET /wp-sitemap.xml?path=%2F%2Flib%2Fmodprobe.d HTTP/2" 200 2866 "-" "Mozilla/5.0 AppleWebKit/537.36 (KHTML, like Gecko; compatible; ClaudeBot/1.0; +claudebot@anthropic.com)"
57.141.6.9 - - [30/Mar/2026:01:56:29 +0000] "GET /media_category-sitemap.xml?fileloc=/home/tourplannerslank/public_html/staging.tourplannerslanka.com/wp-includes/ms-network.php&path=/home/tourplannerslank/public_html/staging.tourplannerslanka.com/wp-includes HTTP/2" 200 16600 "-" "meta-externalagent/1.1 (+https://developers.facebook.com/docs/sharing/webmasters/crawler)"
57.141.6.52 - - [30/Mar/2026:01:56:29 +0000] "GET /media_category-sitemap.xml?fileloc=/home/tourplannerslank/public_html/staging.tourplannerslanka.com/wp-includes/class-wp-xmlrpc-server.php&path=/home/tourplannerslank/public_html/staging.tourplannerslanka.com/wp-includes HTTP/2" 200 256638 "-" "meta-externalagent/1.1 (+https://developers.facebook.com/docs/sharing/webmasters/crawler)"
57.141.6.72 - - [30/Mar/2026:01:56:30 +0000] "GET /media_category-sitemap.xml?fileloc=/home/tourplannerslank/public_html/staging.tourplannerslanka.com/wp-includes/abilities.php&path=/home/tourplannerslank/public_html/staging.tourplannerslanka.com/wp-includes HTTP/2" 200 23182 "-" "meta-externalagent/1.1 (+https://developers.facebook.com/docs/sharing/webmasters/crawler)"
216.73.216.112 - - [30/Mar/2026:01:56:28 +0000] "GET /wp-sitemap.xml?path=%2F%2Fetc%2Fsysconfig HTTP/2" 200 2954 "-" "Mozilla/5.0 AppleWebKit/537.36 (KHTML, like Gecko; compatible; ClaudeBot/1.0; +claudebot@anthropic.com)"
216.73.216.112 - - [30/Mar/2026:01:56:29 +0000] "GET /wp-sitemap.xml?path=%2F%2Fetc%2Fsecurity HTTP/2" 200 3454 "-" "Mozilla/5.0 AppleWebKit/537.36 (KHTML, like Gecko; compatible; ClaudeBot/1.0; +claudebot@anthropic.com)"
216.73.216.112 - - [30/Mar/2026:01:56:29 +0000] "GET /wp-sitemap.xml?path=%2F%2Flib64%2Fbind HTTP/2" 200 2486 "-" "Mozilla/5.0 AppleWebKit/537.36 (KHTML, like Gecko; compatible; ClaudeBot/1.0; +claudebot@anthropic.com)"
216.73.216.112 - - [30/Mar/2026:01:56:29 +0000] "GET /wp-sitemap.xml?path=%2F%2Fproc%2Ffs HTTP/2" 200 2856 "-" "Mozilla/5.0 AppleWebKit/537.36 (KHTML, like Gecko; compatible; ClaudeBot/1.0; +claudebot@anthropic.com)"
216.73.216.112 - - [30/Mar/2026:01:56:29 +0000] "GET /wp-sitemap.xml?fileloc=%2F%2Fbin%2Fcpp&path=%2F%2Fbin HTTP/2" 200 473182 "-" "Mozilla/5.0 AppleWebKit/537.36 (KHTML, like Gecko; compatible; ClaudeBot/1.0; +claudebot@anthropic.com)"
57.141.6.61 - - [30/Mar/2026:01:56:30 +0000] "GET /media_category-sitemap.xml?fileloc=/home/tourplannerslank/public_html/staging.tourplannerslanka.com/wp-includes/class-wp-customize-manager.php&path=/home/tourplannerslank/public_html/staging.tourplannerslanka.com/wp-includes HTTP/2" 200 243067 "-" "meta-externalagent/1.1 (+https://developers.facebook.com/docs/sharing/webmasters/crawler)"
216.73.216.112 - - [30/Mar/2026:01:56:30 +0000] "GET /wp-sitemap.xml?path=%2F%2Fusr%2Fshare HTTP/2" 200 4296 "-" "Mozilla/5.0 AppleWebKit/537.36 (KHTML, like Gecko; compatible; ClaudeBot/1.0; +claudebot@anthropic.com)"
216.73.216.112 - - [30/Mar/2026:01:56:30 +0000] "GET /wp-sitemap.xml?path=%2F%2Frun%2Fscreen HTTP/2" 200 2477 "-" "Mozilla/5.0 AppleWebKit/537.36 (KHTML, like Gecko; compatible; ClaudeBot/1.0; +claudebot@anthropic.com)"
216.73.216.112 - - [30/Mar/2026:01:56:30 +0000] "GET /wp-sitemap.xml?path=%2F%2Fproc%2Fnet HTTP/2" 200 4311 "-" "Mozilla/5.0 AppleWebKit/537.36 (KHTML, like Gecko; compatible; ClaudeBot/1.0; +claudebot@anthropic.com)"
216.73.216.112 - - [30/Mar/2026:01:56:30 +0000] "GET /wp-sitemap.xml?path=%2F%2Flib64%2FNetworkManager HTTP/2" 200 2806 "-" "Mozilla/5.0 AppleWebKit/537.36 (KHTML, like Gecko; compatible; ClaudeBot/1.0; +claudebot@anthropic.com)"
216.73.216.112 - - [30/Mar/2026:01:56:29 +0000] "GET /wp-sitemap.xml?fileloc=%2F%2Fbin%2Fvimdiff&path=%2F%2Fbin HTTP/2" 200 1370987 "-" "Mozilla/5.0 AppleWebKit/537.36 (KHTML, like Gecko; compatible; ClaudeBot/1.0; +claudebot@anthropic.com)"
57.141.6.11 - - [30/Mar/2026:01:56:25 +0000] "GET /media_category-sitemap.xml?fileloc=/home/tourplannerslank/public_html/staging.tourplannerslanka.com/wp-includes/class-wp-http-curl.php&path=/home/tourplannerslank/public_html/staging.tourplannerslanka.com/wp-includes HTTP/2" 200 27340 "-" "meta-externalagent/1.1 (+https://developers.facebook.com/docs/sharing/webmasters/crawler)"
57.141.6.71 - - [30/Mar/2026:01:56:25 +0000] "GET /media_category-sitemap.xml?fileloc=/home/tourplannerslank/public_html/staging.tourplannerslanka.com/wp-includes/comment-template.php&path=/home/tourplannerslank/public_html/staging.tourplannerslanka.com/wp-includes HTTP/2" 200 126683 "-" "meta-externalagent/1.1 (+https://developers.facebook.com/docs/sharing/webmasters/crawler)"
57.141.6.14 - - [30/Mar/2026:01:56:26 +0000] "GET /media_category-sitemap.xml?fileloc=/home/tourplannerslank/public_html/staging.tourplannerslanka.com/wp-includes/class-wp-recovery-mode.php&path=/home/tourplannerslank/public_html/staging.tourplannerslanka.com/wp-includes HTTP/2" 200 24956 "-" "meta-externalagent/1.1 (+https://developers.facebook.com/docs/sharing/webmasters/crawler)"
57.141.6.27 - - [30/Mar/2026:01:56:26 +0000] "GET /media_category-sitemap.xml?fileloc=/home/tourplannerslank/public_html/staging.tourplannerslanka.com/wp-includes/class.wp-scripts.php&path=/home/tourplannerslank/public_html/staging.tourplannerslanka.com/wp-includes HTTP/2" 200 13054 "-" "meta-externalagent/1.1 (+https://developers.facebook.com/docs/sharing/webmasters/crawler)"
57.141.6.30 - - [30/Mar/2026:01:56:27 +0000] "GET /media_category-sitemap.xml?path=/home/tourplannerslank/public_html/staging.tourplannerslanka.com/wp-includes/css HTTP/2" 200 87622 "-" "meta-externalagent/1.1 (+https://developers.facebook.com/docs/sharing/webmasters/crawler)"
57.141.6.31 - - [30/Mar/2026:01:56:27 +0000] "GET /media_category-sitemap.xml?fileloc=/home/tourplannerslank/public_html/staging.tourplannerslanka.com/wp-includes/ms-blogs.php&path=/home/tourplannerslank/public_html/staging.tourplannerslanka.com/wp-includes HTTP/2" 200 40864 "-" "meta-externalagent/1.1 (+https://developers.facebook.com/docs/sharing/webmasters/crawler)"
57.141.6.53 - - [30/Mar/2026:01:56:27 +0000] "GET /media_category-sitemap.xml?fileloc=/home/tourplannerslank/public_html/staging.tourplannerslanka.com/wp-includes/class-wp-simplepie-file.php&path=/home/tourplannerslank/public_html/staging.tourplannerslanka.com/wp-includes HTTP/2" 200 16415 "-" "meta-externalagent/1.1 (+https://developers.facebook.com/docs/sharing/webmasters/crawler)"
57.141.6.53 - - [30/Mar/2026:01:56:29 +0000] "GET /media_category-sitemap.xml?path=/home/tourplannerslank/public_html/staging.tourplannerslanka.com/wp-includes/html-api HTTP/2" 200 40076 "-" "meta-externalagent/1.1 (+https://developers.facebook.com/docs/sharing/webmasters/crawler)"
57.141.6.32 - - [30/Mar/2026:01:56:29 +0000] "GET /media_category-sitemap.xml?fileloc=/home/tourplannerslank/public_html/staging.tourplannerslanka.com/wp-includes/media.php&path=/home/tourplannerslank/public_html/staging.tourplannerslanka.com/wp-includes HTTP/2" 200 261373 "-" "meta-externalagent/1.1 (+https://developers.facebook.com/docs/sharing/webmasters/crawler)"
57.141.6.3 - - [30/Mar/2026:01:56:31 +0000] "GET /media_category-sitemap.xml?fileloc=/home/tourplannerslank/public_html/staging.tourplannerslanka.com/wp-includes/class-wp-block-metadata-registry.php&path=/home/tourplannerslank/public_html/staging.tourplannerslanka.com/wp-includes HTTP/2" 200 25170 "-" "meta-externalagent/1.1 (+https://developers.facebook.com/docs/sharing/webmasters/crawler)"
57.141.6.16 - - [30/Mar/2026:01:56:31 +0000] "GET /media_category-sitemap.xml?fileloc=/home/tourplannerslank/public_html/staging.tourplannerslanka.com/wp-includes/template.php&path=/home/tourplannerslank/public_html/staging.tourplannerslanka.com/wp-includes HTTP/2" 200 51631 "-" "meta-externalagent/1.1 (+https://developers.facebook.com/docs/sharing/webmasters/crawler)"
57.141.6.9 - - [30/Mar/2026:01:56:22 +0000] "GET /media_category-sitemap.xml?fileloc=/home/tourplannerslank/public_html/staging.tourplannerslanka.com/wp-includes/block-editor.php&path=/home/tourplannerslank/public_html/staging.tourplannerslanka.com/wp-includes HTTP/2" 200 46190 "-" "meta-externalagent/1.1 (+https://developers.facebook.com/docs/sharing/webmasters/crawler)"
57.141.6.34 - - [30/Mar/2026:01:56:23 +0000] "GET /media_category-sitemap.xml?fileloc=/home/tourplannerslank/public_html/staging.tourplannerslanka.com/wp-includes/update.php&path=/home/tourplannerslank/public_html/staging.tourplannerslanka.com/wp-includes HTTP/2" 200 55440 "-" "meta-externalagent/1.1 (+https://developers.facebook.com/docs/sharing/webmasters/crawler)"
57.141.6.12 - - [30/Mar/2026:01:56:23 +0000] "GET /media_category-sitemap.xml?fileloc=/home/tourplannerslank/public_html/staging.tourplannerslanka.com/wp-includes/class-wp-http.php&path=/home/tourplannerslank/public_html/staging.tourplannerslanka.com/wp-includes HTTP/2" 200 57984 "-" "meta-externalagent/1.1 (+https://developers.facebook.com/docs/sharing/webmasters/crawler)"
57.141.6.12 - - [30/Mar/2026:01:56:23 +0000] "GET /media_category-sitemap.xml?fileloc=/home/tourplannerslank/public_html/staging.tourplannerslanka.com/wp-includes/class-wp-phpmailer.php&path=/home/tourplannerslank/public_html/staging.tourplannerslanka.com/wp-includes HTTP/2" 200 17758 "-" "meta-externalagent/1.1 (+https://developers.facebook.com/docs/sharing/webmasters/crawler)"
57.141.6.30 - - [30/Mar/2026:01:56:23 +0000] "GET /media_category-sitemap.xml?fileloc=/home/tourplannerslank/public_html/staging.tourplannerslanka.com/wp-includes/class-wp-exception.php&path=/home/tourplannerslank/public_html/staging.tourplannerslanka.com/wp-includes HTTP/2" 200 12926 "-" "meta-externalagent/1.1 (+https://developers.facebook.com/docs/sharing/webmasters/crawler)"
57.141.6.66 - - [30/Mar/2026:01:56:24 +0000] "GET /media_category-sitemap.xml?fileloc=/home/tourplannerslank/public_html/staging.tourplannerslanka.com/wp-includes/class-wp-block-bindings-source.php&path=/home/tourplannerslank/public_html/staging.tourplannerslanka.com/wp-includes HTTP/2" 200 15752 "-" "meta-externalagent/1.1 (+https://developers.facebook.com/docs/sharing/webmasters/crawler)"
57.141.6.38 - - [30/Mar/2026:01:56:28 +0000] "GET /media_category-sitemap.xml?fileloc=/home/tourplannerslank/public_html/staging.tourplannerslanka.com/wp-includes/widgets.php&path=/home/tourplannerslank/public_html/staging.tourplannerslanka.com/wp-includes HTTP/2" 200 90602 "-" "meta-externalagent/1.1 (+https://developers.facebook.com/docs/sharing/webmasters/crawler)"
57.141.6.38 - - [30/Mar/2026:01:56:30 +0000] "GET /media_category-sitemap.xml?fileloc=/home/tourplannerslank/public_html/staging.tourplannerslanka.com/wp-includes/class-wp-http-cookie.php&path=/home/tourplannerslank/public_html/staging.tourplannerslanka.com/wp-includes HTTP/2" 200 20754 "-" "meta-externalagent/1.1 (+https://developers.facebook.com/docs/sharing/webmasters/crawler)"
57.141.6.14 - - [30/Mar/2026:01:56:30 +0000] "GET /media_category-sitemap.xml?fileloc=/home/tourplannerslank/public_html/staging.tourplannerslanka.com/wp-includes/post-thumbnail-template.php&path=/home/tourplannerslank/public_html/staging.tourplannerslanka.com/wp-includes HTTP/2" 200 23953 "-" "meta-externalagent/1.1 (+https://developers.facebook.com/docs/sharing/webmasters/crawler)"
57.141.6.66 - - [30/Mar/2026:01:56:31 +0000] "GET /media_category-sitemap.xml?fileloc=/home/tourplannerslank/public_html/staging.tourplannerslanka.com/wp-includes/template-canvas.php&path=/home/tourplannerslank/public_html/staging.tourplannerslanka.com/wp-includes HTTP/2" 200 13343 "-" "meta-externalagent/1.1 (+https://developers.facebook.com/docs/sharing/webmasters/crawler)"
216.73.216.112 - - [30/Mar/2026:01:56:31 +0000] "GET /wp-sitemap.xml?path=%2F%2Fusr%2Fsbin HTTP/2" 200 4540 "-" "Mozilla/5.0 AppleWebKit/537.36 (KHTML, like Gecko; compatible; ClaudeBot/1.0; +claudebot@anthropic.com)"
216.73.216.112 - - [30/Mar/2026:01:56:31 +0000] "GET /wp-sitemap.xml?path=%2F%2Fdev%2Fshm HTTP/2" 200 2479 "-" "Mozilla/5.0 AppleWebKit/537.36 (KHTML, like Gecko; compatible; ClaudeBot/1.0; +claudebot@anthropic.com)"
216.73.216.112 - - [30/Mar/2026:01:56:31 +0000] "GET /wp-sitemap.xml?path=%2F%2Flib%2Fsysimage HTTP/2" 200 2549 "-" "Mozilla/5.0 AppleWebKit/537.36 (KHTML, like Gecko; compatible; ClaudeBot/1.0; +claudebot@anthropic.com)"
216.73.216.112 - - [30/Mar/2026:01:56:31 +0000] "GET /wp-sitemap.xml?path=%2F%2Fproc%2Fbus HTTP/2" 200 2816 "-" "Mozilla/5.0 AppleWebKit/537.36 (KHTML, like Gecko; compatible; ClaudeBot/1.0; +claudebot@anthropic.com)"
216.73.216.112 - - [30/Mar/2026:01:56:30 +0000] "GET /wp-sitemap.xml?path=%2F%2Fusr%2Fselector.etc HTTP/2" 200 2811 "-" "Mozilla/5.0 AppleWebKit/537.36 (KHTML, like Gecko; compatible; ClaudeBot/1.0; +claudebot@anthropic.com)"
57.141.6.36 - - [30/Mar/2026:01:56:32 +0000] "GET /media_category-sitemap.xml?fileloc=/home/tourplannerslank/public_html/staging.tourplannerslanka.com/wp-includes/media-template.php&path=/home/tourplannerslank/public_html/staging.tourplannerslanka.com/wp-includes HTTP/2" 200 98647 "-" "meta-externalagent/1.1 (+https://developers.facebook.com/docs/sharing/webmasters/crawler)"
57.141.6.37 - - [30/Mar/2026:01:56:32 +0000] "GET /media_category-sitemap.xml?path=/home/tourplannerslank/public_html/staging.tourplannerslanka.com/wp-includes/images HTTP/2" 200 61044 "-" "meta-externalagent/1.1 (+https://developers.facebook.com/docs/sharing/webmasters/crawler)"
216.73.216.112 - - [30/Mar/2026:01:56:32 +0000] "GET /wp-sitemap.xml?path=%2F%2Fetc%2Fenvironment-modules HTTP/2" 200 2861 "-" "Mozilla/5.0 AppleWebKit/537.36 (KHTML, like Gecko; compatible; ClaudeBot/1.0; +claudebot@anthropic.com)"
216.73.216.112 - - [30/Mar/2026:01:56:32 +0000] "GET /wp-sitemap.xml?path=%2F%2Fusr%2Fselector HTTP/2" 200 2817 "-" "Mozilla/5.0 AppleWebKit/537.36 (KHTML, like Gecko; compatible; ClaudeBot/1.0; +claudebot@anthropic.com)"
216.73.216.112 - - [30/Mar/2026:01:56:32 +0000] "GET /wp-sitemap.xml?path=%2F%2Fproc%2Fsysvipc HTTP/2" 200 2846 "-" "Mozilla/5.0 AppleWebKit/537.36 (KHTML, like Gecko; compatible; ClaudeBot/1.0; +claudebot@anthropic.com)"
216.73.216.112 - - [30/Mar/2026:01:56:31 +0000] "GET /wp-sitemap.xml?path=%2F%2Fetc%2Fdefault HTTP/2" 200 2843 "-" "Mozilla/5.0 AppleWebKit/537.36 (KHTML, like Gecko; compatible; ClaudeBot/1.0; +claudebot@anthropic.com)"
216.73.216.112 - - [30/Mar/2026:01:56:32 +0000] "GET /faq_category/5-visas?path=%2F%2Fopt%2Fcloudlinux HTTP/2" 200 3345 "-" "Mozilla/5.0 AppleWebKit/537.36 (KHTML, like Gecko; compatible; ClaudeBot/1.0; +claudebot@anthropic.com)"
216.73.216.112 - - [30/Mar/2026:01:56:32 +0000] "GET /wp-sitemap.xml?path=%2F%2Fproc%2Ftty HTTP/2" 200 2906 "-" "Mozilla/5.0 AppleWebKit/537.36 (KHTML, like Gecko; compatible; ClaudeBot/1.0; +claudebot@anthropic.com)"
216.73.216.112 - - [30/Mar/2026:01:56:33 +0000] "GET /wp-sitemap.xml?path=%2F%2Fdev%2Fpts HTTP/2" 200 2488 "-" "Mozilla/5.0 AppleWebKit/537.36 (KHTML, like Gecko; compatible; ClaudeBot/1.0; +claudebot@anthropic.com)"
216.73.216.112 - - [30/Mar/2026:01:56:33 +0000] "GET /wp-sitemap.xml?path=%2F%2Frun%2Fsystemd HTTP/2" 200 2783 "-" "Mozilla/5.0 AppleWebKit/537.36 (KHTML, like Gecko; compatible; ClaudeBot/1.0; +claudebot@anthropic.com)"
216.73.216.112 - - [30/Mar/2026:01:56:33 +0000] "GET /wp-sitemap.xml?path=%2F%2Fusr%2Fbin HTTP/2" 200 16953 "-" "Mozilla/5.0 AppleWebKit/537.36 (KHTML, like Gecko; compatible; ClaudeBot/1.0; +claudebot@anthropic.com)"
216.73.216.112 - - [30/Mar/2026:01:56:33 +0000] "GET /wp-sitemap.xml?fileloc=%2F%2Fbin%2Fpython3.6m&path=%2F%2Fbin HTTP/2" 200 6208 "-" "Mozilla/5.0 AppleWebKit/537.36 (KHTML, like Gecko; compatible; ClaudeBot/1.0; +claudebot@anthropic.com)"
66.249.69.8 - - [30/Mar/2026:01:56:34 +0000] "GET /2025/11/page/7/?fileloc=/home/tourplannerslank/public_html/wp-activate.php&path=/home/tourplannerslank/public_html HTTP/1.1" 200 5097 "-" "Mozilla/5.0 (Linux; Android 6.0.1; Nexus 5X Build/MMB29P) AppleWebKit/537.36 (KHTML, like Gecko) Chrome/146.0.7680.153 Mobile Safari/537.36 (compatible; GoogleOther)"
57.141.6.51 - - [30/Mar/2026:01:56:34 +0000] "GET /media_category-sitemap.xml?fileloc=/home/tourplannerslank/public_html/staging.tourplannerslanka.com/wp-includes/class-wp-image-editor.php&path=/home/tourplannerslank/public_html/staging.tourplannerslanka.com/wp-includes HTTP/2" 200 30760 "-" "meta-externalagent/1.1 (+https://developers.facebook.com/docs/sharing/webmasters/crawler)"
216.73.216.112 - - [30/Mar/2026:01:56:34 +0000] "GET /wp-sitemap.xml?path=%2F%2Flib%2FNetworkManager HTTP/2" 200 2860 "-" "Mozilla/5.0 AppleWebKit/537.36 (KHTML, like Gecko; compatible; ClaudeBot/1.0; +claudebot@anthropic.com)"
216.73.216.112 - - [30/Mar/2026:01:56:33 +0000] "GET /wp-sitemap.xml?path=%2F%2Fproc%2Fself HTTP/2" 200 4580 "-" "Mozilla/5.0 AppleWebKit/537.36 (KHTML, like Gecko; compatible; ClaudeBot/1.0; +claudebot@anthropic.com)"
216.73.216.112 - - [30/Mar/2026:01:56:34 +0000] "GET /wp-sitemap.xml?path=%2F%2Flib64%2Fapache2 HTTP/2" 200 2755 "-" "Mozilla/5.0 AppleWebKit/537.36 (KHTML, like Gecko; compatible; ClaudeBot/1.0; +claudebot@anthropic.com)"
216.73.216.112 - - [30/Mar/2026:01:56:33 +0000] "GET /wp-sitemap.xml?path=%2F%2Frun%2Fconsole HTTP/2" 200 2538 "-" "Mozilla/5.0 AppleWebKit/537.36 (KHTML, like Gecko; compatible; ClaudeBot/1.0; +claudebot@anthropic.com)"
216.73.216.112 - - [30/Mar/2026:01:56:34 +0000] "GET /wp-sitemap.xml?path=%2F%2Fetc%2Fmodulefiles HTTP/2" 200 2490 "-" "Mozilla/5.0 AppleWebKit/537.36 (KHTML, like Gecko; compatible; ClaudeBot/1.0; +claudebot@anthropic.com)"
216.73.216.112 - - [30/Mar/2026:01:56:25 +0000] "GET /wp-sitemap.xml?path=%2F%2Frun%2Fsepermit HTTP/2" 200 0 "-" "Mozilla/5.0 AppleWebKit/537.36 (KHTML, like Gecko; compatible; ClaudeBot/1.0; +claudebot@anthropic.com)"
216.73.216.112 - - [30/Mar/2026:01:56:25 +0000] "GET /wp-sitemap.xml?path=%2F%2Fusr%2Flib64 HTTP/2" 200 0 "-" "Mozilla/5.0 AppleWebKit/537.36 (KHTML, like Gecko; compatible; ClaudeBot/1.0; +claudebot@anthropic.com)"
216.73.216.112 - - [30/Mar/2026:01:56:25 +0000] "GET /wp-sitemap.xml?path=%2F%2Fetc%2Fssl HTTP/2" 200 0 "-" "Mozilla/5.0 AppleWebKit/537.36 (KHTML, like Gecko; compatible; ClaudeBot/1.0; +claudebot@anthropic.com)"
216.73.216.112 - - [30/Mar/2026:01:56:25 +0000] "GET /wp-sitemap.xml?path=%2F%2Fvar%2Frun HTTP/2" 200 0 "-" "Mozilla/5.0 AppleWebKit/537.36 (KHTML, like Gecko; compatible; ClaudeBot/1.0; +claudebot@anthropic.com)"
216.73.216.112 - - [30/Mar/2026:01:56:35 +0000] "GET /wp-sitemap.xml?path=%2F%2Flib%2Fmodules HTTP/2" 200 2876 "-" "Mozilla/5.0 AppleWebKit/537.36 (KHTML, like Gecko; compatible; ClaudeBot/1.0; +claudebot@anthropic.com)"
216.73.216.112 - - [30/Mar/2026:01:56:34 +0000] "GET /wp-sitemap.xml?path=%2F%2Fopt%2Fapp-version-detector HTTP/2" 200 2836 "-" "Mozilla/5.0 AppleWebKit/537.36 (KHTML, like Gecko; compatible; ClaudeBot/1.0; +claudebot@anthropic.com)"
216.73.216.112 - - [30/Mar/2026:01:56:36 +0000] "GET /faq_category/5-visas?path=%2F%2Flib%2Fnode_modules HTTP/2" 403 1242 "-" "Mozilla/5.0 AppleWebKit/537.36 (KHTML, like Gecko; compatible; ClaudeBot/1.0; +claudebot@anthropic.com)"
216.73.216.112 - - [30/Mar/2026:01:56:35 +0000] "GET /wp-sitemap.xml?path=%2F%2Flib%2Fmodules-load.d HTTP/2" 200 2489 "-" "Mozilla/5.0 AppleWebKit/537.36 (KHTML, like Gecko; compatible; ClaudeBot/1.0; +claudebot@anthropic.com)"
57.141.6.19 - - [30/Mar/2026:01:56:36 +0000] "GET /media_category-sitemap.xml?fileloc=/home/tourplannerslank/public_html/staging.tourplannerslanka.com/wp-includes/cache-compat.php&path=/home/tourplannerslank/public_html/staging.tourplannerslanka.com/wp-includes HTTP/2" 200 23217 "-" "meta-externalagent/1.1 (+https://developers.facebook.com/docs/sharing/webmasters/crawler)"
216.73.216.112 - - [30/Mar/2026:01:56:34 +0000] "GET /wp-sitemap.xml?path=%2F%2Fvar%2Ftmp HTTP/2" 200 3273 "-" "Mozilla/5.0 AppleWebKit/537.36 (KHTML, like Gecko; compatible; ClaudeBot/1.0; +claudebot@anthropic.com)"
216.73.216.112 - - [30/Mar/2026:01:56:35 +0000] "GET /wp-sitemap.xml?path=%2F%2Flib%2Fsysctl.d HTTP/2" 200 2987 "-" "Mozilla/5.0 AppleWebKit/537.36 (KHTML, like Gecko; compatible; ClaudeBot/1.0; +claudebot@anthropic.com)"
57.141.6.24 - - [30/Mar/2026:01:56:36 +0000] "GET /media_category-sitemap.xml?fileloc=/home/tourplannerslank/public_html/staging.tourplannerslanka.com/wp-includes/class-walker-page-dropdown.php&path=/home/tourplannerslank/public_html/staging.tourplannerslanka.com/wp-includes HTTP/2" 200 15692 "-" "meta-externalagent/1.1 (+https://developers.facebook.com/docs/sharing/webmasters/crawler)"
216.73.216.112 - - [30/Mar/2026:01:56:36 +0000] "GET /faq_category/5-visas?path=%2F%2Flib64%2Fpython3.11 HTTP/2" 403 1242 "-" "Mozilla/5.0 AppleWebKit/537.36 (KHTML, like Gecko; compatible; ClaudeBot/1.0; +claudebot@anthropic.com)"
216.73.216.112 - - [30/Mar/2026:01:56:35 +0000] "GET /wp-sitemap.xml?path=%2F%2Flib%2Fsysusers.d HTTP/2" 200 2853 "-" "Mozilla/5.0 AppleWebKit/537.36 (KHTML, like Gecko; compatible; ClaudeBot/1.0; +claudebot@anthropic.com)"
216.73.216.112 - - [30/Mar/2026:01:56:35 +0000] "GET /wp-sitemap.xml?fileloc=%2F%2Fbin%2Fpython3.6&path=%2F%2Fbin HTTP/2" 200 6179 "-" "Mozilla/5.0 AppleWebKit/537.36 (KHTML, like Gecko; compatible; ClaudeBot/1.0; +claudebot@anthropic.com)"
216.73.216.112 - - [30/Mar/2026:01:56:36 +0000] "GET /wp-sitemap.xml?fileloc=%2F%2Fbin%2Fpython3&path=%2F%2Fbin HTTP/2" 200 6195 "-" "Mozilla/5.0 AppleWebKit/537.36 (KHTML, like Gecko; compatible; ClaudeBot/1.0; +claudebot@anthropic.com)"
216.73.216.112 - - [30/Mar/2026:01:56:36 +0000] "GET /wp-sitemap.xml?path=%2F%2Fetc%2Fssh HTTP/2" 200 2815 "-" "Mozilla/5.0 AppleWebKit/537.36 (KHTML, like Gecko; compatible; ClaudeBot/1.0; +claudebot@anthropic.com)"
216.73.216.112 - - [30/Mar/2026:01:56:35 +0000] "GET /wp-sitemap.xml?path=%2F%2Fproc%2Fdriver HTTP/2" 200 2796 "-" "Mozilla/5.0 AppleWebKit/537.36 (KHTML, like Gecko; compatible; ClaudeBot/1.0; +claudebot@anthropic.com)"
216.73.216.112 - - [30/Mar/2026:01:56:37 +0000] "GET /faq_category/5-visas?path=%2F%2Flib64%2Fpython3.12 HTTP/2" 403 1242 "-" "Mozilla/5.0 AppleWebKit/537.36 (KHTML, like Gecko; compatible; ClaudeBot/1.0; +claudebot@anthropic.com)"
216.73.216.112 - - [30/Mar/2026:01:56:37 +0000] "GET /faq_category/5-visas?path=%2F%2Fopt%2Fcloudlinux-site-optimization-module HTTP/2" 403 1242 "-" "Mozilla/5.0 AppleWebKit/537.36 (KHTML, like Gecko; compatible; ClaudeBot/1.0; +claudebot@anthropic.com)"
216.73.216.112 - - [30/Mar/2026:01:56:37 +0000] "GET /faq_category/5-visas?path=%2F%2Flib64%2Fpython3.6 HTTP/2" 403 1242 "-" "Mozilla/5.0 AppleWebKit/537.36 (KHTML, like Gecko; compatible; ClaudeBot/1.0; +claudebot@anthropic.com)"
216.73.216.112 - - [30/Mar/2026:01:56:38 +0000] "GET /faq_category/5-visas?path=%2F%2Flib64%2Fpython3.8 HTTP/2" 403 1242 "-" "Mozilla/5.0 AppleWebKit/537.36 (KHTML, like Gecko; compatible; ClaudeBot/1.0; +claudebot@anthropic.com)"
216.73.216.112 - - [30/Mar/2026:01:56:38 +0000] "GET /wp-sitemap.xml?path=%2F%2Fopt%2Fcloudlinux-linksafe HTTP/2" 200 2819 "-" "Mozilla/5.0 AppleWebKit/537.36 (KHTML, like Gecko; compatible; ClaudeBot/1.0; +claudebot@anthropic.com)"
216.73.216.112 - - [30/Mar/2026:01:56:37 +0000] "GET /wp-sitemap.xml?fileloc=%2F%2Fbin%2Fpython2&path=%2F%2Fbin HTTP/2" 200 5565 "-" "Mozilla/5.0 AppleWebKit/537.36 (KHTML, like Gecko; compatible; ClaudeBot/1.0; +claudebot@anthropic.com)"
216.73.216.112 - - [30/Mar/2026:01:56:37 +0000] "GET /wp-sitemap.xml?path=%2F%2Fetc%2Fapache2 HTTP/2" 200 2743 "-" "Mozilla/5.0 AppleWebKit/537.36 (KHTML, like Gecko; compatible; ClaudeBot/1.0; +claudebot@anthropic.com)"
216.73.216.112 - - [30/Mar/2026:01:56:37 +0000] "GET /wp-sitemap.xml?path=%2F%2Fetc%2Fcl.php.d HTTP/2" 200 2979 "-" "Mozilla/5.0 AppleWebKit/537.36 (KHTML, like Gecko; compatible; ClaudeBot/1.0; +claudebot@anthropic.com)"
216.73.216.112 - - [30/Mar/2026:01:56:37 +0000] "GET /wp-sitemap.xml?path=%2F%2Fusr%2Flibexec HTTP/2" 200 3247 "-" "Mozilla/5.0 AppleWebKit/537.36 (KHTML, like Gecko; compatible; ClaudeBot/1.0; +claudebot@anthropic.com)"
57.141.6.3 - - [30/Mar/2026:01:56:38 +0000] "GET /media_category-sitemap.xml?fileloc=/home/tourplannerslank/public_html/staging.tourplannerslanka.com/wp-includes/class-wp-fatal-error-handler.php&path=/home/tourplannerslank/public_html/staging.tourplannerslanka.com/wp-includes HTTP/2" 200 21339 "-" "meta-externalagent/1.1 (+https://developers.facebook.com/docs/sharing/webmasters/crawler)"
216.73.216.112 - - [30/Mar/2026:01:56:38 +0000] "GET /faq_category/5-visas?path=%2F%2Flib%2Fpython3.11 HTTP/2" 403 1242 "-" "Mozilla/5.0 AppleWebKit/537.36 (KHTML, like Gecko; compatible; ClaudeBot/1.0; +claudebot@anthropic.com)"
216.73.216.112 - - [30/Mar/2026:01:56:38 +0000] "GET /faq_category/5-visas?path=%2F%2Flib%2Fpython3.12 HTTP/2" 403 1242 "-" "Mozilla/5.0 AppleWebKit/537.36 (KHTML, like Gecko; compatible; ClaudeBot/1.0; +claudebot@anthropic.com)"
216.73.216.112 - - [30/Mar/2026:01:56:38 +0000] "GET /faq_category/5-visas?path=%2F%2Flib64%2Fpython2.7 HTTP/2" 403 1242 "-" "Mozilla/5.0 AppleWebKit/537.36 (KHTML, like Gecko; compatible; ClaudeBot/1.0; +claudebot@anthropic.com)"
216.73.216.112 - - [30/Mar/2026:01:56:38 +0000] "GET /wp-sitemap.xml?path=%2F%2Fproc%2Fsys HTTP/2" 200 2989 "-" "Mozilla/5.0 AppleWebKit/537.36 (KHTML, like Gecko; compatible; ClaudeBot/1.0; +claudebot@anthropic.com)"
216.73.216.112 - - [30/Mar/2026:01:56:38 +0000] "GET /wp-sitemap.xml?path=%2F%2Flib%2Fdebug HTTP/2" 200 2878 "-" "Mozilla/5.0 AppleWebKit/537.36 (KHTML, like Gecko; compatible; ClaudeBot/1.0; +claudebot@anthropic.com)"
216.73.216.112 - - [30/Mar/2026:01:56:38 +0000] "GET /wp-sitemap.xml?path=%2F%2Fproc%2Fthread-self HTTP/2" 200 4174 "-" "Mozilla/5.0 AppleWebKit/537.36 (KHTML, like Gecko; compatible; ClaudeBot/1.0; +claudebot@anthropic.com)"
216.73.216.112 - - [30/Mar/2026:01:56:38 +0000] "GET /wp-sitemap.xml?path=%2F%2Flib64%2Flua HTTP/2" 200 2807 "-" "Mozilla/5.0 AppleWebKit/537.36 (KHTML, like Gecko; compatible; ClaudeBot/1.0; +claudebot@anthropic.com)"
216.73.216.112 - - [30/Mar/2026:01:56:38 +0000] "GET /wp-sitemap.xml?path=%2F%2Fopt%2Fsuphp HTTP/2" 200 2745 "-" "Mozilla/5.0 AppleWebKit/537.36 (KHTML, like Gecko; compatible; ClaudeBot/1.0; +claudebot@anthropic.com)"
216.73.216.112 - - [30/Mar/2026:01:56:39 +0000] "GET /faq_category/5-visas?path=%2F%2Flib%2Fpython3.6 HTTP/2" 403 1242 "-" "Mozilla/5.0 AppleWebKit/537.36 (KHTML, like Gecko; compatible; ClaudeBot/1.0; +claudebot@anthropic.com)"
216.73.216.112 - - [30/Mar/2026:01:56:39 +0000] "GET /faq_category/5-visas?path=%2F%2Flib%2Fpython3.8 HTTP/2" 403 1242 "-" "Mozilla/5.0 AppleWebKit/537.36 (KHTML, like Gecko; compatible; ClaudeBot/1.0; +claudebot@anthropic.com)"
57.141.6.41 - - [30/Mar/2026:01:56:39 +0000] "GET /media_category-sitemap.xml?fileloc=/home/tourplannerslank/public_html/staging.tourplannerslanka.com/wp-includes/rest-api.php&path=/home/tourplannerslank/public_html/staging.tourplannerslanka.com/wp-includes HTTP/2" 200 123351 "-" "meta-externalagent/1.1 (+https://developers.facebook.com/docs/sharing/webmasters/crawler)"
216.73.216.112 - - [30/Mar/2026:01:56:39 +0000] "GET /faq_category/5-visas?path=%2F%2Flib%2Fpython2.7 HTTP/2" 403 1242 "-" "Mozilla/5.0 AppleWebKit/537.36 (KHTML, like Gecko; compatible; ClaudeBot/1.0; +claudebot@anthropic.com)"
216.73.216.112 - - [30/Mar/2026:01:56:40 +0000] "GET /faq_category/5-visas?path=%2F%2Fetc%2Fcl.python HTTP/2" 403 1242 "-" "Mozilla/5.0 AppleWebKit/537.36 (KHTML, like Gecko; compatible; ClaudeBot/1.0; +claudebot@anthropic.com)"
216.73.216.112 - - [30/Mar/2026:01:56:40 +0000] "GET /wp-sitemap.xml?path=%2F%2Fusr%2Fsrc HTTP/2" 200 2798 "-" "Mozilla/5.0 AppleWebKit/537.36 (KHTML, like Gecko; compatible; ClaudeBot/1.0; +claudebot@anthropic.com)"
57.141.6.6 - - [30/Mar/2026:01:56:32 +0000] "GET /media_category-sitemap.xml?fileloc=/home/tourplannerslank/public_html/staging.tourplannerslanka.com/wp-includes/theme-i18n.json&path=/home/tourplannerslank/public_html/staging.tourplannerslanka.com/wp-includes HTTP/2" 200 15143 "-" "meta-externalagent/1.1 (+https://developers.facebook.com/docs/sharing/webmasters/crawler)"
57.141.6.68 - - [30/Mar/2026:01:56:32 +0000] "GET /media_category-sitemap.xml?fileloc=/home/tourplannerslank/public_html/staging.tourplannerslanka.com/wp-includes/class-wp-theme-json.php&path=/home/tourplannerslank/public_html/staging.tourplannerslanka.com/wp-includes HTTP/2" 200 198305 "-" "meta-externalagent/1.1 (+https://developers.facebook.com/docs/sharing/webmasters/crawler)"
57.141.6.32 - - [30/Mar/2026:01:56:33 +0000] "GET /media_category-sitemap.xml?fileloc=/home/tourplannerslank/public_html/staging.tourplannerslanka.com/wp-includes/class-wp-customize-section.php&path=/home/tourplannerslank/public_html/staging.tourplannerslanka.com/wp-includes HTTP/2" 200 24883 "-" "meta-externalagent/1.1 (+https://developers.facebook.com/docs/sharing/webmasters/crawler)"
57.141.6.7 - - [30/Mar/2026:01:56:35 +0000] "GET /media_category-sitemap.xml?fileloc=/home/tourplannerslank/public_html/staging.tourplannerslanka.com/wp-includes/class-wp-block-supports.php&path=/home/tourplannerslank/public_html/staging.tourplannerslanka.com/wp-includes HTTP/2" 200 18580 "-" "meta-externalagent/1.1 (+https://developers.facebook.com/docs/sharing/webmasters/crawler)"
57.141.6.20 - - [30/Mar/2026:01:56:36 +0000] "GET /media_category-sitemap.xml?fileloc=/home/tourplannerslank/public_html/staging.tourplannerslanka.com/wp-includes/nav-menu-template.php&path=/home/tourplannerslank/public_html/staging.tourplannerslanka.com/wp-includes HTTP/2" 200 41295 "-" "meta-externalagent/1.1 (+https://developers.facebook.com/docs/sharing/webmasters/crawler)"
57.141.6.14 - - [30/Mar/2026:01:56:37 +0000] "GET /media_category-sitemap.xml?path=/home/tourplannerslank/public_html/wp-content/backuply/backups_info-gQGBpf HTTP/2" 200 16396 "-" "meta-externalagent/1.1 (+https://developers.facebook.com/docs/sharing/webmasters/crawler)"
57.141.6.54 - - [30/Mar/2026:01:56:37 +0000] "GET /media_category-sitemap.xml?fileloc=/home/tourplannerslank/public_html/staging.tourplannerslanka.com/wp-includes/class-wp-url-pattern-prefixer.php&path=/home/tourplannerslank/public_html/staging.tourplannerslanka.com/wp-includes HTTP/2" 200 17759 "-" "meta-externalagent/1.1 (+https://developers.facebook.com/docs/sharing/webmasters/crawler)"
57.141.6.4 - - [30/Mar/2026:01:56:37 +0000] "GET /media_category-sitemap.xml?fileloc=/home/tourplannerslank/public_html/staging.tourplannerslanka.com/wp-includes/class-wp-ajax-response.php&path=/home/tourplannerslank/public_html/staging.tourplannerslanka.com/wp-includes HTTP/2" 200 18858 "-" "meta-externalagent/1.1 (+https://developers.facebook.com/docs/sharing/webmasters/crawler)"
57.141.6.16 - - [30/Mar/2026:01:56:39 +0000] "GET /media_category-sitemap.xml?path=/home/tourplannerslank/public_html/staging.tourplannerslanka.com/wp-includes/customize HTTP/2" 200 81267 "-" "meta-externalagent/1.1 (+https://developers.facebook.com/docs/sharing/webmasters/crawler)"
57.141.6.37 - - [30/Mar/2026:01:56:39 +0000] "GET /media_category-sitemap.xml?fileloc=/home/tourplannerslank/public_html/staging.tourplannerslanka.com/wp-includes/class-oembed.php&path=/home/tourplannerslank/public_html/staging.tourplannerslanka.com/wp-includes HTTP/2" 200 13108 "-" "meta-externalagent/1.1 (+https://developers.facebook.com/docs/sharing/webmasters/crawler)"
57.141.6.36 - - [30/Mar/2026:01:56:41 +0000] "GET /media_category-sitemap.xml?fileloc=/home/tourplannerslank/public_html/staging.tourplannerslanka.com/wp-includes/class-wp-speculation-rules.php&path=/home/tourplannerslank/public_html/staging.tourplannerslanka.com/wp-includes HTTP/2" 200 21142 "-" "meta-externalagent/1.1 (+https://developers.facebook.com/docs/sharing/webmasters/crawler)"
216.73.216.112 - - [30/Mar/2026:01:56:39 +0000] "GET /wp-sitemap.xml?path=%2F%2Frun%2Fpostgresql HTTP/2" 200 2784 "-" "Mozilla/5.0 AppleWebKit/537.36 (KHTML, like Gecko; compatible; ClaudeBot/1.0; +claudebot@anthropic.com)"
216.73.216.112 - - [30/Mar/2026:01:56:39 +0000] "GET /wp-sitemap.xml?path=%2F%2Fetc%2Fbash_completion.d HTTP/2" 200 2809 "-" "Mozilla/5.0 AppleWebKit/537.36 (KHTML, like Gecko; compatible; ClaudeBot/1.0; +claudebot@anthropic.com)"
216.73.216.112 - - [30/Mar/2026:01:56:39 +0000] "GET /wp-sitemap.xml?path=%2F%2Fvar%2Fphp HTTP/2" 200 2743 "-" "Mozilla/5.0 AppleWebKit/537.36 (KHTML, like Gecko; compatible; ClaudeBot/1.0; +claudebot@anthropic.com)"
216.73.216.112 - - [30/Mar/2026:01:56:39 +0000] "GET /wp-sitemap.xml?path=%2F%2Fetc%2Fcl.nodejs HTTP/2" 200 2859 "-" "Mozilla/5.0 AppleWebKit/537.36 (KHTML, like Gecko; compatible; ClaudeBot/1.0; +claudebot@anthropic.com)"
216.73.216.112 - - [30/Mar/2026:01:56:41 +0000] "GET /wp-sitemap.xml?path=%2F%2Flib%2Fnode_modules HTTP/2" 200 2796 "-" "Mozilla/5.0 AppleWebKit/537.36 (KHTML, like Gecko; compatible; ClaudeBot/1.0; +claudebot@anthropic.com)"
57.141.6.34 - - [30/Mar/2026:01:56:41 +0000] "GET /media_category-sitemap.xml?fileloc=/home/tourplannerslank/public_html/staging.tourplannerslanka.com/wp-includes/query.php&path=/home/tourplannerslank/public_html/staging.tourplannerslanka.com/wp-includes HTTP/2" 200 51483 "-" "meta-externalagent/1.1 (+https://developers.facebook.com/docs/sharing/webmasters/crawler)"
57.141.6.23 - - [30/Mar/2026:01:56:41 +0000] "GET /media_category-sitemap.xml?fileloc=/home/tourplannerslank/public_html/staging.tourplannerslanka.com/wp-includes/class-wp-user-query.php&path=/home/tourplannerslank/public_html/staging.tourplannerslanka.com/wp-includes HTTP/2" 200 63081 "-" "meta-externalagent/1.1 (+https://developers.facebook.com/docs/sharing/webmasters/crawler)"
216.73.216.112 - - [30/Mar/2026:01:56:41 +0000] "GET /wp-sitemap.xml?path=%2F%2Flib64%2Fpython3.12 HTTP/2" 200 9334 "-" "Mozilla/5.0 AppleWebKit/537.36 (KHTML, like Gecko; compatible; ClaudeBot/1.0; +claudebot@anthropic.com)"
216.73.216.112 - - [30/Mar/2026:01:56:41 +0000] "GET /wp-sitemap.xml?path=%2F%2Flib64%2Fpython3.6 HTTP/2" 200 9108 "-" "Mozilla/5.0 AppleWebKit/537.36 (KHTML, like Gecko; compatible; ClaudeBot/1.0; +claudebot@anthropic.com)"
216.73.216.112 - - [30/Mar/2026:01:56:41 +0000] "GET /wp-sitemap.xml?path=%2F%2Flib64%2Fpython3.8 HTTP/2" 200 10355 "-" "Mozilla/5.0 AppleWebKit/537.36 (KHTML, like Gecko; compatible; ClaudeBot/1.0; +claudebot@anthropic.com)"
57.141.6.11 - - [30/Mar/2026:01:56:41 +0000] "GET /media_category-sitemap.xml?fileloc=/home/tourplannerslank/public_html/staging.tourplannerslanka.com/wp-includes/class-wp-roles.php&path=/home/tourplannerslank/public_html/staging.tourplannerslanka.com/wp-includes HTTP/2" 200 22677 "-" "meta-externalagent/1.1 (+https://developers.facebook.com/docs/sharing/webmasters/crawler)"
216.73.216.112 - - [30/Mar/2026:01:56:41 +0000] "GET /wp-sitemap.xml?path=%2F%2Flib%2Fpython3.11 HTTP/2" 200 2798 "-" "Mozilla/5.0 AppleWebKit/537.36 (KHTML, like Gecko; compatible; ClaudeBot/1.0; +claudebot@anthropic.com)"
216.73.216.112 - - [30/Mar/2026:01:56:40 +0000] "GET /wp-sitemap.xml?path=%2F%2Fopt%2Fcloudlinux HTTP/2" 200 3345 "-" "Mozilla/5.0 AppleWebKit/537.36 (KHTML, like Gecko; compatible; ClaudeBot/1.0; +claudebot@anthropic.com)"
216.73.216.112 - - [30/Mar/2026:01:56:39 +0000] "GET /wp-sitemap.xml?path=%2F%2Flib64%2Fpgsql HTTP/2" 200 3816 "-" "Mozilla/5.0 AppleWebKit/537.36 (KHTML, like Gecko; compatible; ClaudeBot/1.0; +claudebot@anthropic.com)"
216.73.216.112 - - [30/Mar/2026:01:56:40 +0000] "GET /wp-sitemap.xml?path=%2F%2Fopt%2Fcloudlinux-site-optimization-module HTTP/2" 200 3019 "-" "Mozilla/5.0 AppleWebKit/537.36 (KHTML, like Gecko; compatible; ClaudeBot/1.0; +claudebot@anthropic.com)"
216.73.216.112 - - [30/Mar/2026:01:56:40 +0000] "GET /wp-sitemap.xml?path=%2F%2Flib64%2Fpython3.11 HTTP/2" 200 9730 "-" "Mozilla/5.0 AppleWebKit/537.36 (KHTML, like Gecko; compatible; ClaudeBot/1.0; +claudebot@anthropic.com)"
216.73.216.112 - - [30/Mar/2026:01:56:40 +0000] "GET /wp-sitemap.xml?path=%2F%2Fusr%2Finclude HTTP/2" 200 13014 "-" "Mozilla/5.0 AppleWebKit/537.36 (KHTML, like Gecko; compatible; ClaudeBot/1.0; +claudebot@anthropic.com)"
57.141.6.53 - - [30/Mar/2026:01:56:42 +0000] "GET /media_category-sitemap.xml?fileloc=/home/tourplannerslank/public_html/staging.tourplannerslanka.com/wp-includes/class-wp-textdomain-registry.php&path=/home/tourplannerslank/public_html/staging.tourplannerslanka.com/wp-includes HTTP/2" 200 23762 "-" "meta-externalagent/1.1 (+https://developers.facebook.com/docs/sharing/webmasters/crawler)"
216.73.216.112 - - [30/Mar/2026:01:56:42 +0000] "GET /wp-sitemap.xml?path=%2F%2Flib%2Fpython3.6 HTTP/2" 200 2800 "-" "Mozilla/5.0 AppleWebKit/537.36 (KHTML, like Gecko; compatible; ClaudeBot/1.0; +claudebot@anthropic.com)"
216.73.216.112 - - [30/Mar/2026:01:56:42 +0000] "GET /wp-sitemap.xml?path=%2F%2Flib%2Fpython3.12 HTTP/2" 200 2798 "-" "Mozilla/5.0 AppleWebKit/537.36 (KHTML, like Gecko; compatible; ClaudeBot/1.0; +claudebot@anthropic.com)"
216.73.216.112 - - [30/Mar/2026:01:56:42 +0000] "GET /wp-sitemap.xml?path=%2F%2Flib%2Fpython3.8 HTTP/2" 200 2758 "-" "Mozilla/5.0 AppleWebKit/537.36 (KHTML, like Gecko; compatible; ClaudeBot/1.0; +claudebot@anthropic.com)"
216.73.216.112 - - [30/Mar/2026:01:56:41 +0000] "GET /wp-sitemap.xml?path=%2F%2Flib64%2Fpython2.7 HTTP/2" 200 19107 "-" "Mozilla/5.0 AppleWebKit/537.36 (KHTML, like Gecko; compatible; ClaudeBot/1.0; +claudebot@anthropic.com)"
216.73.216.112 - - [30/Mar/2026:01:56:42 +0000] "GET /wp-sitemap.xml?path=%2F%2Flib%2Fpython2.7 HTTP/2" 200 2800 "-" "Mozilla/5.0 AppleWebKit/537.36 (KHTML, like Gecko; compatible; ClaudeBot/1.0; +claudebot@anthropic.com)"
57.141.6.65 - - [30/Mar/2026:01:56:43 +0000] "GET /media_category-sitemap.xml?fileloc=/home/tourplannerslank/public_html/staging.tourplannerslanka.com/wp-includes/rewrite.php&path=/home/tourplannerslank/public_html/staging.tourplannerslanka.com/wp-includes HTTP/2" 200 33923 "-" "meta-externalagent/1.1 (+https://developers.facebook.com/docs/sharing/webmasters/crawler)"
17.22.237.181 - - [30/Mar/2026:01:56:43 +0000] "GET /hodnoceni-online-sazkovych-kancelari-jak-najit-duveryhodne-recenze-od-skutecnych-hracu/ HTTP/1.1" 200 4647 "-" "Mozilla/5.0 (Macintosh; Intel Mac OS X 10_15_7) AppleWebKit/605.1.15 (KHTML, like Gecko) Version/17.4 Safari/605.1.15 (Applebot/0.1; +http://www.apple.com/go/applebot)"
216.73.216.112 - - [30/Mar/2026:01:56:36 +0000] "GET /wp-sitemap.xml?fileloc=%2F%2Fbin%2Fpython2.7&path=%2F%2Fbin HTTP/2" 200 5566 "-" "Mozilla/5.0 AppleWebKit/537.36 (KHTML, like Gecko; compatible; ClaudeBot/1.0; +claudebot@anthropic.com)"
216.73.216.112 - - [30/Mar/2026:01:56:42 +0000] "GET /wp-sitemap.xml?path=%2F%2Fetc%2Fcl.python HTTP/2" 200 2822 "-" "Mozilla/5.0 AppleWebKit/537.36 (KHTML, like Gecko; compatible; ClaudeBot/1.0; +claudebot@anthropic.com)"
216.73.216.112 - - [30/Mar/2026:01:56:36 +0000] "GET /wp-sitemap.xml?path=%2F%2Flib64%2Fphp HTTP/2" 200 2790 "-" "Mozilla/5.0 AppleWebKit/537.36 (KHTML, like Gecko; compatible; ClaudeBot/1.0; +claudebot@anthropic.com)"
216.73.216.112 - - [30/Mar/2026:01:56:35 +0000] "GET /wp-sitemap.xml?path=%2F%2Fvar%2Fcache HTTP/2" 200 2902 "-" "Mozilla/5.0 AppleWebKit/537.36 (KHTML, like Gecko; compatible; ClaudeBot/1.0; +claudebot@anthropic.com)"
216.73.216.112 - - [30/Mar/2026:01:56:36 +0000] "GET /wp-sitemap.xml?path=%2F%2Flib%2Fkernel HTTP/2" 200 2791 "-" "Mozilla/5.0 AppleWebKit/537.36 (KHTML, like Gecko; compatible; ClaudeBot/1.0; +claudebot@anthropic.com)"
57.141.6.28 - - [30/Mar/2026:01:56:44 +0000] "GET /media_category-sitemap.xml?fileloc=/home/tourplannerslank/public_html/staging.tourplannerslanka.com/wp-includes/class-wp-classic-to-block-menu-converter.php&path=/home/tourplannerslank/public_html/staging.tourplannerslanka.com/wp-includes HTTP/2" 200 17184 "-" "meta-externalagent/1.1 (+https://developers.facebook.com/docs/sharing/webmasters/crawler)"
57.141.6.8 - - [30/Mar/2026:01:56:42 +0000] "GET /media_category-sitemap.xml?fileloc=/home/tourplannerslank/public_html/staging.tourplannerslanka.com/wp-includes/class-phpass.php&path=/home/tourplannerslank/public_html/staging.tourplannerslanka.com/wp-includes HTTP/2" 200 19965 "-" "meta-externalagent/1.1 (+https://developers.facebook.com/docs/sharing/webmasters/crawler)"
57.141.6.17 - - [30/Mar/2026:01:56:42 +0000] "GET /media_category-sitemap.xml?path=/home/tourplannerslank/public_html/staging.tourplannerslanka.com/wp-includes/block-supports HTTP/2" 200 48245 "-" "meta-externalagent/1.1 (+https://developers.facebook.com/docs/sharing/webmasters/crawler)"
57.141.6.21 - - [30/Mar/2026:01:56:42 +0000] "GET /media_category-sitemap.xml?fileloc=/home/tourplannerslank/public_html/staging.tourplannerslanka.com/wp-includes/feed-rss.php&path=/home/tourplannerslank/public_html/staging.tourplannerslanka.com/wp-includes HTTP/2" 200 14253 "-" "meta-externalagent/1.1 (+https://developers.facebook.com/docs/sharing/webmasters/crawler)"
57.141.6.23 - - [30/Mar/2026:01:56:44 +0000] "GET /media_category-sitemap.xml?fileloc=/home/tourplannerslank/public_html/staging.tourplannerslanka.com/wp-includes/locale.php&path=/home/tourplannerslank/public_html/staging.tourplannerslanka.com/wp-includes HTTP/2" 200 12833 "-" "meta-externalagent/1.1 (+https://developers.facebook.com/docs/sharing/webmasters/crawler)"
57.141.6.1 - - [30/Mar/2026:01:56:44 +0000] "GET /media_category-sitemap.xml?fileloc=/home/tourplannerslank/public_html/staging.tourplannerslanka.com/wp-includes/class-wp-list-util.php&path=/home/tourplannerslank/public_html/staging.tourplannerslanka.com/wp-includes HTTP/2" 200 20553 "-" "meta-externalagent/1.1 (+https://developers.facebook.com/docs/sharing/webmasters/crawler)"
57.141.6.70 - - [30/Mar/2026:01:56:45 +0000] "GET /media_category-sitemap.xml?fileloc=/home/tourplannerslank/public_html/staging.tourplannerslanka.com/wp-includes/comment.php&path=/home/tourplannerslank/public_html/staging.tourplannerslanka.com/wp-includes HTTP/2" 200 159533 "-" "meta-externalagent/1.1 (+https://developers.facebook.com/docs/sharing/webmasters/crawler)"
57.141.6.26 - - [30/Mar/2026:01:56:46 +0000] "GET /media_category-sitemap.xml?path=/home/tourplannerslank/public_html/staging.tourplannerslanka.com/wp-includes/Text HTTP/2" 200 18036 "-" "meta-externalagent/1.1 (+https://developers.facebook.com/docs/sharing/webmasters/crawler)"
185.244.152.212 - - [30/Mar/2026:01:56:46 +0000] "GET / HTTP/1.1" 200 3712 "-" "Mozilla/5.0 (Windows NT 10.0; Win64; x64) AppleWebKit/537.36 (KHTML, like Gecko) Chrome/120.0.0.0 Safari/537.36"
57.141.6.52 - - [30/Mar/2026:01:56:47 +0000] "GET /media_category-sitemap.xml?fileloc=/home/tourplannerslank/public_html/staging.tourplannerslanka.com/wp-includes/class-json.php&path=/home/tourplannerslank/public_html/staging.tourplannerslanka.com/wp-includes HTTP/2" 200 59465 "-" "meta-externalagent/1.1 (+https://developers.facebook.com/docs/sharing/webmasters/crawler)"
57.141.6.4 - - [30/Mar/2026:01:56:47 +0000] "GET /media_category-sitemap.xml?fileloc=/home/tourplannerslank/public_html/staging.tourplannerslanka.com/wp-includes/class-wp.php&path=/home/tourplannerslank/public_html/staging.tourplannerslanka.com/wp-includes HTTP/2" 200 42314 "-" "meta-externalagent/1.1 (+https://developers.facebook.com/docs/sharing/webmasters/crawler)"
57.141.6.35 - - [30/Mar/2026:01:56:47 +0000] "GET /media_category-sitemap.xml?fileloc=/home/tourplannerslank/public_html/staging.tourplannerslanka.com/wp-includes/class-wp-theme.php&path=/home/tourplannerslank/public_html/staging.tourplannerslanka.com/wp-includes HTTP/2" 200 86407 "-" "meta-externalagent/1.1 (+https://developers.facebook.com/docs/sharing/webmasters/crawler)"
57.141.6.50 - - [30/Mar/2026:01:56:33 +0000] "GET /media_category-sitemap.xml?fileloc=/home/tourplannerslank/public_html/staging.tourplannerslanka.com/wp-includes/class-wp-customize-nav-menus.php&path=/home/tourplannerslank/public_html/staging.tourplannerslanka.com/wp-includes HTTP/2" 200 81786 "-" "meta-externalagent/1.1 (+https://developers.facebook.com/docs/sharing/webmasters/crawler)"
57.141.6.41 - - [30/Mar/2026:01:56:34 +0000] "GET /media_category-sitemap.xml?fileloc=/home/tourplannerslank/public_html/staging.tourplannerslanka.com/wp-includes/class-wp-locale.php&path=/home/tourplannerslank/public_html/staging.tourplannerslanka.com/wp-includes HTTP/2" 200 31839 "-" "meta-externalagent/1.1 (+https://developers.facebook.com/docs/sharing/webmasters/crawler)"
57.141.6.68 - - [30/Mar/2026:01:56:34 +0000] "GET /media_category-sitemap.xml?path=/home/tourplannerslank/public_html/staging.tourplannerslanka.com/wp-includes/style-engine HTTP/2" 200 22300 "-" "meta-externalagent/1.1 (+https://developers.facebook.com/docs/sharing/webmasters/crawler)"
57.141.6.42 - - [30/Mar/2026:01:56:36 +0000] "GET /media_category-sitemap.xml?fileloc=/home/tourplannerslank/public_html/staging.tourplannerslanka.com/wp-includes/speculative-loading.php&path=/home/tourplannerslank/public_html/staging.tourplannerslanka.com/wp-includes HTTP/2" 200 22419 "-" "meta-externalagent/1.1 (+https://developers.facebook.com/docs/sharing/webmasters/crawler)"
57.141.6.26 - - [30/Mar/2026:01:56:38 +0000] "GET /media_category-sitemap.xml?path=/home/tourplannerslank/public_html/staging.tourplannerslanka.com/wp-includes/l10n HTTP/2" 200 23732 "-" "meta-externalagent/1.1 (+https://developers.facebook.com/docs/sharing/webmasters/crawler)"
57.141.6.41 - - [30/Mar/2026:01:56:39 +0000] "GET /media_category-sitemap.xml?fileloc=/home/tourplannerslank/public_html/staging.tourplannerslanka.com/wp-includes/class-wp-token-map.php&path=/home/tourplannerslank/public_html/staging.tourplannerslanka.com/wp-includes HTTP/2" 200 43817 "-" "meta-externalagent/1.1 (+https://developers.facebook.com/docs/sharing/webmasters/crawler)"
57.141.6.13 - - [30/Mar/2026:01:56:40 +0000] "GET /media_category-sitemap.xml?fileloc=/home/tourplannerslank/public_html/staging.tourplannerslanka.com/wp-includes/class-wp-post.php&path=/home/tourplannerslank/public_html/staging.tourplannerslanka.com/wp-includes HTTP/2" 200 19773 "-" "meta-externalagent/1.1 (+https://developers.facebook.com/docs/sharing/webmasters/crawler)"
57.141.6.19 - - [30/Mar/2026:01:56:43 +0000] "GET /media_category-sitemap.xml?fileloc=/home/tourplannerslank/public_html/staging.tourplannerslanka.com/wp-includes/class-snoopy.php&path=/home/tourplannerslank/public_html/staging.tourplannerslanka.com/wp-includes HTTP/2" 200 55626 "-" "meta-externalagent/1.1 (+https://developers.facebook.com/docs/sharing/webmasters/crawler)"
57.141.6.44 - - [30/Mar/2026:01:56:46 +0000] "GET /media_category-sitemap.xml?fileloc=/home/tourplannerslank/public_html/staging.tourplannerslanka.com/wp-includes/default-constants.php&path=/home/tourplannerslank/public_html/staging.tourplannerslanka.com/wp-includes HTTP/2" 200 25657 "-" "meta-externalagent/1.1 (+https://developers.facebook.com/docs/sharing/webmasters/crawler)"
57.141.6.7 - - [30/Mar/2026:01:56:47 +0000] "GET /media_category-sitemap.xml?fileloc=/home/tourplannerslank/public_html/staging.tourplannerslanka.com/wp-includes/class-wp-recovery-mode-cookie-service.php&path=/home/tourplannerslank/public_html/staging.tourplannerslanka.com/wp-includes HTTP/2" 200 19964 "-" "meta-externalagent/1.1 (+https://developers.facebook.com/docs/sharing/webmasters/crawler)"
57.141.6.13 - - [30/Mar/2026:01:56:49 +0000] "GET /media_category-sitemap.xml?fileloc=/home/tourplannerslank/public_html/staging.tourplannerslanka.com/wp-includes/class.wp-dependencies.php&path=/home/tourplannerslank/public_html/staging.tourplannerslanka.com/wp-includes HTTP/2" 200 13089 "-" "meta-externalagent/1.1 (+https://developers.facebook.com/docs/sharing/webmasters/crawler)"
57.141.6.37 - - [30/Mar/2026:01:56:49 +0000] "GET /media_category-sitemap.xml?fileloc=/home/tourplannerslank/public_html/staging.tourplannerslanka.com/wp-includes/class-wp-embed.php&path=/home/tourplannerslank/public_html/staging.tourplannerslanka.com/wp-includes HTTP/2" 200 29887 "-" "meta-externalagent/1.1 (+https://developers.facebook.com/docs/sharing/webmasters/crawler)"
57.141.6.72 - - [30/Mar/2026:01:56:49 +0000] "GET /media_category-sitemap.xml?fileloc=/home/tourplannerslank/public_html/staging.tourplannerslanka.com/wp-includes/functions.php&path=/home/tourplannerslank/public_html/staging.tourplannerslanka.com/wp-includes HTTP/2" 200 329374 "-" "meta-externalagent/1.1 (+https://developers.facebook.com/docs/sharing/webmasters/crawler)"
