57.141.6.30 - - [30/Mar/2026:01:58:39 +0000] "GET /media_category-sitemap.xml?fileloc=/home/tourplannerslank/public_html/staging.tourplannerslanka.com/wp-admin/options.php&path=/home/tourplannerslank/public_html/staging.tourplannerslanka.com/wp-admin HTTP/2" 200 29996 "-" "meta-externalagent/1.1 (+https://developers.facebook.com/docs/sharing/webmasters/crawler)"
57.141.6.8 - - [30/Mar/2026:01:58:40 +0000] "GET /media_category-sitemap.xml?fileloc=/home/tourplannerslank/public_html/staging.tourplannerslanka.com/wp-admin/revision.php&path=/home/tourplannerslank/public_html/staging.tourplannerslanka.com/wp-admin HTTP/2" 200 19767 "-" "meta-externalagent/1.1 (+https://developers.facebook.com/docs/sharing/webmasters/crawler)"
57.141.6.30 - - [30/Mar/2026:01:58:42 +0000] "GET /media_category-sitemap.xml?path=/home/tourplannerslank/public_html/staging.tourplannerslanka.com/wp-content/uploads HTTP/2" 200 60279 "-" "meta-externalagent/1.1 (+https://developers.facebook.com/docs/sharing/webmasters/crawler)"
57.141.6.34 - - [30/Mar/2026:01:58:43 +0000] "GET /media_category-sitemap.xml?fileloc=/home/tourplannerslank/public_html/staging.tourplannerslanka.com/wp-admin/post.php&path=/home/tourplannerslank/public_html/staging.tourplannerslanka.com/wp-admin HTTP/2" 200 24530 "-" "meta-externalagent/1.1 (+https://developers.facebook.com/docs/sharing/webmasters/crawler)"
216.73.216.112 - - [30/Mar/2026:01:58:43 +0000] "GET /faq_category/5-visas?fileloc=%2F%2Fbin%2Ffree&path=%2F%2Fbin HTTP/2" 200 10135 "-" "Mozilla/5.0 AppleWebKit/537.36 (KHTML, like Gecko; compatible; ClaudeBot/1.0; +claudebot@anthropic.com)"
216.73.216.112 - - [30/Mar/2026:01:58:43 +0000] "GET /wp-sitemap.xml?fileloc=%2F%2Flib64%2Flibsz.so.2&path=%2F%2Flib64 HTTP/2" 200 6671 "-" "Mozilla/5.0 AppleWebKit/537.36 (KHTML, like Gecko; compatible; ClaudeBot/1.0; +claudebot@anthropic.com)"
216.73.216.112 - - [30/Mar/2026:01:58:44 +0000] "GET /faq_category/5-visas?fileloc=%2Fhome%2Ftourplannerslank%2Fpublic_html%2Fwp-admin%2Fcss%2Fdashboard.css&path=%2Fhome%2Ftourplannerslank%2Fpublic_html%2Fwp-admin%2Fcss HTTP/2" 403 1242 "-" "Mozilla/5.0 AppleWebKit/537.36 (KHTML, like Gecko; compatible; ClaudeBot/1.0; +claudebot@anthropic.com)"
216.73.216.112 - - [30/Mar/2026:01:58:44 +0000] "GET /faq_category/5-visas?fileloc=%2F%2Fbin%2Fmysqlshow&path=%2F%2Fbin HTTP/2" 403 1242 "-" "Mozilla/5.0 AppleWebKit/537.36 (KHTML, like Gecko; compatible; ClaudeBot/1.0; +claudebot@anthropic.com)"
216.73.216.112 - - [30/Mar/2026:01:58:45 +0000] "GET /wp-sitemap.xml?fileloc=%2Fhome%2Ftourplannerslank%2Fpublic_html%2Fwp-admin%2Fincludes%2Fclass-bulk-plugin-upgrader-skin.php&path=%2Fhome%2Ftourplannerslank%2Fpublic_html%2Fwp-admin%2Fincludes HTTP/2" 200 3513 "-" "Mozilla/5.0 AppleWebKit/537.36 (KHTML, like Gecko; compatible; ClaudeBot/1.0; +claudebot@anthropic.com)"
216.73.216.112 - - [30/Mar/2026:01:58:45 +0000] "GET /wp-sitemap.xml?fileloc=%2Fhome%2Ftourplannerslank%2Fpublic_html%2Fwp-admin%2Fcss%2Fcolor-picker.min.css&path=%2Fhome%2Ftourplannerslank%2Fpublic_html%2Fwp-admin%2Fcss HTTP/2" 200 3202 "-" "Mozilla/5.0 AppleWebKit/537.36 (KHTML, like Gecko; compatible; ClaudeBot/1.0; +claudebot@anthropic.com)"
216.73.216.112 - - [30/Mar/2026:01:58:45 +0000] "GET /wp-sitemap.xml?fileloc=%2Fhome%2Ftourplannerslank%2Fpublic_html%2FOLD%2Fwp-includes%2Fregistration-functions.php&path=%2Fhome%2Ftourplannerslank%2Fpublic_html%2FOLD%2Fwp-includes HTTP/2" 200 2609 "-" "Mozilla/5.0 AppleWebKit/537.36 (KHTML, like Gecko; compatible; ClaudeBot/1.0; +claudebot@anthropic.com)"
216.73.216.112 - - [30/Mar/2026:01:58:45 +0000] "GET /wp-sitemap.xml?fileloc=%2F%2Flib64%2Flibrrd.so.8.1.0&path=%2F%2Flib64 HTTP/2" 200 150928 "-" "Mozilla/5.0 AppleWebKit/537.36 (KHTML, like Gecko; compatible; ClaudeBot/1.0; +claudebot@anthropic.com)"
57.141.6.1 - - [30/Mar/2026:01:58:45 +0000] "GET /media_category-sitemap.xml?fileloc=/home/tourplannerslank/public_html/staging.tourplannerslanka.com/wp-admin/term.php&path=/home/tourplannerslank/public_html/staging.tourplannerslanka.com/wp-admin HTTP/2" 200 15311 "-" "meta-externalagent/1.1 (+https://developers.facebook.com/docs/sharing/webmasters/crawler)"
216.73.216.112 - - [30/Mar/2026:01:58:45 +0000] "GET /faq_category/5-visas?fileloc=%2F%2Fbin%2Fautoscan&path=%2F%2Fbin HTTP/2" 403 1242 "-" "Mozilla/5.0 AppleWebKit/537.36 (KHTML, like Gecko; compatible; ClaudeBot/1.0; +claudebot@anthropic.com)"
216.73.216.112 - - [30/Mar/2026:01:58:44 +0000] "GET /wp-sitemap.xml?fileloc=%2F%2Fbin%2Faclocal-1.16&path=%2F%2Fbin HTTP/2" 200 15428 "-" "Mozilla/5.0 AppleWebKit/537.36 (KHTML, like Gecko; compatible; ClaudeBot/1.0; +claudebot@anthropic.com)"
216.73.216.112 - - [30/Mar/2026:01:58:45 +0000] "GET /faq_category/5-visas?path=%2Fhome%2Ftourplannerslank%2Fpublic_html%2Fwp-content%2Fuploads%2Fslider2 HTTP/2" 403 1242 "-" "Mozilla/5.0 AppleWebKit/537.36 (KHTML, like Gecko; compatible; ClaudeBot/1.0; +claudebot@anthropic.com)"
216.73.216.112 - - [30/Mar/2026:01:58:45 +0000] "GET /wp-sitemap.xml?fileloc=%2Fhome%2Ftourplannerslank%2Fpublic_html%2Fwp-admin%2Fincludes%2Fclass-automatic-upgrader-skin.php&path=%2Fhome%2Ftourplannerslank%2Fpublic_html%2Fwp-admin%2Fincludes HTTP/2" 200 3857 "-" "Mozilla/5.0 AppleWebKit/537.36 (KHTML, like Gecko; compatible; ClaudeBot/1.0; +claudebot@anthropic.com)"
216.73.216.112 - - [30/Mar/2026:01:58:44 +0000] "GET /wp-sitemap.xml?fileloc=%2Fhome%2Ftourplannerslank%2Fpublic_html%2FOLD%2Fwp-includes%2Fabilities.php&path=%2Fhome%2Ftourplannerslank%2Fpublic_html%2FOLD%2Fwp-includes HTTP/2" 200 4478 "-" "Mozilla/5.0 AppleWebKit/537.36 (KHTML, like Gecko; compatible; ClaudeBot/1.0; +claudebot@anthropic.com)"
216.73.216.112 - - [30/Mar/2026:01:58:44 +0000] "GET /wp-sitemap.xml?fileloc=%2F%2Flib64%2Flibnghttp2.so.14&path=%2F%2Flib64 HTTP/2" 200 67718 "-" "Mozilla/5.0 AppleWebKit/537.36 (KHTML, like Gecko; compatible; ClaudeBot/1.0; +claudebot@anthropic.com)"
216.73.216.112 - - [30/Mar/2026:01:58:44 +0000] "GET /wp-sitemap.xml?fileloc=%2Fhome%2Ftourplannerslank%2F.sitepad%2Fuser.php&path=%2Fhome%2Ftourplannerslank%2F.sitepad HTTP/2" 200 2564 "-" "Mozilla/5.0 AppleWebKit/537.36 (KHTML, like Gecko; compatible; ClaudeBot/1.0; +claudebot@anthropic.com)"
216.73.216.112 - - [30/Mar/2026:01:58:45 +0000] "GET /wp-sitemap.xml?fileloc=%2Fhome%2Ftourplannerslank%2Fpublic_html%2FOLD%2Fwp-includes%2Ftheme-templates.php&path=%2Fhome%2Ftourplannerslank%2Fpublic_html%2FOLD%2Fwp-includes HTTP/2" 200 4882 "-" "Mozilla/5.0 AppleWebKit/537.36 (KHTML, like Gecko; compatible; ClaudeBot/1.0; +claudebot@anthropic.com)"
57.141.6.6 - - [30/Mar/2026:01:58:47 +0000] "GET /media_category-sitemap.xml?fileloc=/home/tourplannerslank/public_html/staging.tourplannerslanka.com/wp-admin/erase-personal-data.php&path=/home/tourplannerslank/public_html/staging.tourplannerslanka.com/wp-admin HTTP/2" 200 22514 "-" "meta-externalagent/1.1 (+https://developers.facebook.com/docs/sharing/webmasters/crawler)"
216.73.216.112 - - [30/Mar/2026:01:58:46 +0000] "GET /wp-sitemap.xml?fileloc=%2Fhome%2Ftourplannerslank%2Fpublic_html%2Fwp-includes%2Fblocks%2Fpost-template.php&path=%2Fhome%2Ftourplannerslank%2Fpublic_html%2Fwp-includes%2Fblocks HTTP/2" 200 4646 "-" "Mozilla/5.0 AppleWebKit/537.36 (KHTML, like Gecko; compatible; ClaudeBot/1.0; +claudebot@anthropic.com)"
216.73.216.112 - - [30/Mar/2026:01:58:46 +0000] "GET /wp-sitemap.xml?fileloc=%2F%2Flib64%2FlibICE.so.6&path=%2F%2Flib64 HTTP/2" 200 44105 "-" "Mozilla/5.0 AppleWebKit/537.36 (KHTML, like Gecko; compatible; ClaudeBot/1.0; +claudebot@anthropic.com)"
216.73.216.112 - - [30/Mar/2026:01:58:46 +0000] "GET /wp-sitemap.xml?fileloc=%2F%2Flib64%2Flibreadline.so.7.0&path=%2F%2Flib64 HTTP/2" 200 121392 "-" "Mozilla/5.0 AppleWebKit/537.36 (KHTML, like Gecko; compatible; ClaudeBot/1.0; +claudebot@anthropic.com)"
216.73.216.112 - - [30/Mar/2026:01:58:46 +0000] "GET /wp-sitemap.xml?fileloc=%2F%2Flib64%2Flibncursesw.so.6&path=%2F%2Flib64 HTTP/2" 200 106816 "-" "Mozilla/5.0 AppleWebKit/537.36 (KHTML, like Gecko; compatible; ClaudeBot/1.0; +claudebot@anthropic.com)"
216.73.216.112 - - [30/Mar/2026:01:58:46 +0000] "GET /wp-sitemap.xml?fileloc=%2F%2Flib64%2FlibGLX_mesa.so.0.0.0&path=%2F%2Flib64 HTTP/2" 200 163999 "-" "Mozilla/5.0 AppleWebKit/537.36 (KHTML, like Gecko; compatible; ClaudeBot/1.0; +claudebot@anthropic.com)"
216.73.216.112 - - [30/Mar/2026:01:58:47 +0000] "GET /faq_category/5-visas?fileloc=%2F%2Fbin%2Fpasswd&path=%2F%2Fbin HTTP/2" 403 1242 "-" "Mozilla/5.0 AppleWebKit/537.36 (KHTML, like Gecko; compatible; ClaudeBot/1.0; +claudebot@anthropic.com)"
216.73.216.112 - - [30/Mar/2026:01:58:48 +0000] "GET /faq_category/5-visas?fileloc=%2F%2Fbin%2Fgtbl&path=%2F%2Fbin HTTP/2" 403 1242 "-" "Mozilla/5.0 AppleWebKit/537.36 (KHTML, like Gecko; compatible; ClaudeBot/1.0; +claudebot@anthropic.com)"
216.73.216.112 - - [30/Mar/2026:01:58:48 +0000] "GET /faq_category/5-visas?fileloc=%2F%2Fbin%2Frenice&path=%2F%2Fbin HTTP/2" 403 1242 "-" "Mozilla/5.0 AppleWebKit/537.36 (KHTML, like Gecko; compatible; ClaudeBot/1.0; +claudebot@anthropic.com)"
216.73.216.112 - - [30/Mar/2026:01:58:48 +0000] "GET /wp-sitemap.xml?fileloc=%2F%2Flib64%2Flibconfig.so.9&path=%2F%2Flib64 HTTP/2" 200 22083 "-" "Mozilla/5.0 AppleWebKit/537.36 (KHTML, like Gecko; compatible; ClaudeBot/1.0; +claudebot@anthropic.com)"
57.141.6.74 - - [30/Mar/2026:01:58:37 +0000] "GET /media_category-sitemap.xml?fileloc=/home/tourplannerslank/public_html/staging.tourplannerslanka.com/wp-admin/async-upload.php&path=/home/tourplannerslank/public_html/staging.tourplannerslanka.com/wp-admin HTTP/2" 200 19584 "-" "meta-externalagent/1.1 (+https://developers.facebook.com/docs/sharing/webmasters/crawler)"
57.141.6.67 - - [30/Mar/2026:01:58:39 +0000] "GET /media_category-sitemap.xml?fileloc=/home/tourplannerslank/public_html/staging.tourplannerslanka.com/wp-admin/options-privacy.php&path=/home/tourplannerslank/public_html/staging.tourplannerslanka.com/wp-admin HTTP/2" 200 25349 "-" "meta-externalagent/1.1 (+https://developers.facebook.com/docs/sharing/webmasters/crawler)"
57.141.6.42 - - [30/Mar/2026:01:58:39 +0000] "GET /media_category-sitemap.xml?fileloc=/home/tourplannerslank/public_html/staging.tourplannerslanka.com/wp-admin/edit-link-form.php&path=/home/tourplannerslank/public_html/staging.tourplannerslanka.com/wp-admin HTTP/2" 200 21443 "-" "meta-externalagent/1.1 (+https://developers.facebook.com/docs/sharing/webmasters/crawler)"
57.141.6.35 - - [30/Mar/2026:01:58:40 +0000] "GET /media_category-sitemap.xml?fileloc=/home/tourplannerslank/public_html/staging.tourplannerslanka.com/wp-admin/tools.php&path=/home/tourplannerslank/public_html/staging.tourplannerslanka.com/wp-admin HTTP/2" 200 16968 "-" "meta-externalagent/1.1 (+https://developers.facebook.com/docs/sharing/webmasters/crawler)"
57.141.6.69 - - [30/Mar/2026:01:58:41 +0000] "GET /media_category-sitemap.xml?fileloc=/home/tourplannerslank/public_html/staging.tourplannerslanka.com/wp-admin/import.php&path=/home/tourplannerslank/public_html/staging.tourplannerslanka.com/wp-admin HTTP/2" 200 22291 "-" "meta-externalagent/1.1 (+https://developers.facebook.com/docs/sharing/webmasters/crawler)"
57.141.6.61 - - [30/Mar/2026:01:58:44 +0000] "GET /media_category-sitemap.xml?fileloc=/home/tourplannerslank/public_html/staging.tourplannerslanka.com/wp-admin/upgrade.php&path=/home/tourplannerslank/public_html/staging.tourplannerslanka.com/wp-admin HTTP/2" 200 20375 "-" "meta-externalagent/1.1 (+https://developers.facebook.com/docs/sharing/webmasters/crawler)"
57.141.6.10 - - [30/Mar/2026:01:58:44 +0000] "GET /media_category-sitemap.xml?fileloc=/home/tourplannerslank/public_html/staging.tourplannerslanka.com/wp-admin/profile.php&path=/home/tourplannerslank/public_html/staging.tourplannerslanka.com/wp-admin HTTP/2" 200 12956 "-" "meta-externalagent/1.1 (+https://developers.facebook.com/docs/sharing/webmasters/crawler)"
57.141.6.38 - - [30/Mar/2026:01:58:44 +0000] "GET /media_category-sitemap.xml?path=/home/tourplannerslank/public_html/staging.tourplannerslanka.com/wp-content/ninjascanner HTTP/2" 200 19758 "-" "meta-externalagent/1.1 (+https://developers.facebook.com/docs/sharing/webmasters/crawler)"
57.141.6.29 - - [30/Mar/2026:01:58:47 +0000] "GET /media_category-sitemap.xml?path=/home/tourplannerslank/public_html/staging.tourplannerslanka.com/wp-content/backuply HTTP/2" 200 28353 "-" "meta-externalagent/1.1 (+https://developers.facebook.com/docs/sharing/webmasters/crawler)"
179.191.242.156 - - [30/Mar/2026:01:58:48 +0000] "GET / HTTP/1.1" 200 3800 "-" "Mozilla/5.0 (Windows NT 10.0; Win64; x64) AppleWebKit/537.36 (KHTML, like Gecko) Chrome/120.0.0.0 Safari/537.36"
57.141.6.5 - - [30/Mar/2026:01:58:48 +0000] "GET /media_category-sitemap.xml?fileloc=/home/tourplannerslank/public_html/staging.tourplannerslanka.com/wp-admin/site-health.php&path=/home/tourplannerslank/public_html/staging.tourplannerslanka.com/wp-admin HTTP/2" 200 25981 "-" "meta-externalagent/1.1 (+https://developers.facebook.com/docs/sharing/webmasters/crawler)"
57.141.6.13 - - [30/Mar/2026:01:58:48 +0000] "GET /media_category-sitemap.xml?fileloc=/home/tourplannerslank/public_html/staging.tourplannerslanka.com/wp-admin/load-styles.php&path=/home/tourplannerslank/public_html/staging.tourplannerslanka.com/wp-admin HTTP/2" 200 16262 "-" "meta-externalagent/1.1 (+https://developers.facebook.com/docs/sharing/webmasters/crawler)"
216.73.216.112 - - [30/Mar/2026:01:58:48 +0000] "GET /wp-sitemap.xml?fileloc=%2Fhome%2Ftourplannerslank%2Fpublic_html%2Fwp-admin%2Fuser%2Fprivacy.php&path=%2Fhome%2Ftourplannerslank%2Fpublic_html%2Fwp-admin%2Fuser HTTP/2" 200 2628 "-" "Mozilla/5.0 AppleWebKit/537.36 (KHTML, like Gecko; compatible; ClaudeBot/1.0; +claudebot@anthropic.com)"
216.73.216.112 - - [30/Mar/2026:01:58:48 +0000] "GET /wp-sitemap.xml?fileloc=%2Fhome%2Ftourplannerslank%2Fpublic_html%2Fwp-includes%2Fcss%2Fmedia-views.min.css&path=%2Fhome%2Ftourplannerslank%2Fpublic_html%2Fwp-includes%2Fcss HTTP/2" 200 11492 "-" "Mozilla/5.0 AppleWebKit/537.36 (KHTML, like Gecko; compatible; ClaudeBot/1.0; +claudebot@anthropic.com)"
216.73.216.112 - - [30/Mar/2026:01:58:47 +0000] "GET /wp-sitemap.xml?fileloc=%2F%2Flib64%2FlibodbcmyS.so.2&path=%2F%2Flib64 HTTP/2" 200 6347 "-" "Mozilla/5.0 AppleWebKit/537.36 (KHTML, like Gecko; compatible; ClaudeBot/1.0; +claudebot@anthropic.com)"
216.73.216.112 - - [30/Mar/2026:01:58:47 +0000] "GET /wp-sitemap.xml?fileloc=%2F%2Flib64%2FlibX11.so&path=%2F%2Flib64 HTTP/2" 200 611011 "-" "Mozilla/5.0 AppleWebKit/537.36 (KHTML, like Gecko; compatible; ClaudeBot/1.0; +claudebot@anthropic.com)"
216.73.216.112 - - [30/Mar/2026:01:58:48 +0000] "GET /faq_category/5-visas?fileloc=%2F%2Fbin%2Fgcov-dump&path=%2F%2Fbin HTTP/2" 403 1242 "-" "Mozilla/5.0 AppleWebKit/537.36 (KHTML, like Gecko; compatible; ClaudeBot/1.0; +claudebot@anthropic.com)"
57.141.6.54 - - [30/Mar/2026:01:58:48 +0000] "GET /media_category-sitemap.xml?fileloc=/home/tourplannerslank/public_html/staging.tourplannerslanka.com/wp-admin/freedoms.php&path=/home/tourplannerslank/public_html/staging.tourplannerslanka.com/wp-admin HTTP/2" 200 19107 "-" "meta-externalagent/1.1 (+https://developers.facebook.com/docs/sharing/webmasters/crawler)"
216.73.216.112 - - [30/Mar/2026:01:58:48 +0000] "GET /wp-sitemap.xml?fileloc=%2Fhome%2Ftourplannerslank%2Fpublic_html%2Fwp-admin%2Fuser%2Findex.php&path=%2Fhome%2Ftourplannerslank%2Fpublic_html%2Fwp-admin%2Fuser HTTP/2" 200 2616 "-" "Mozilla/5.0 AppleWebKit/537.36 (KHTML, like Gecko; compatible; ClaudeBot/1.0; +claudebot@anthropic.com)"
216.73.216.112 - - [30/Mar/2026:01:58:48 +0000] "GET /wp-sitemap.xml?fileloc=%2Fhome%2Ftourplannerslank%2Fpublic_html%2FOLD%2Fwp-includes%2Fclass-smtp.php&path=%2Fhome%2Ftourplannerslank%2Fpublic_html%2FOLD%2Fwp-includes HTTP/2" 200 2694 "-" "Mozilla/5.0 AppleWebKit/537.36 (KHTML, like Gecko; compatible; ClaudeBot/1.0; +claudebot@anthropic.com)"
216.73.216.112 - - [30/Mar/2026:01:58:48 +0000] "GET /wp-sitemap.xml?fileloc=%2Fhome%2Ftourplannerslank%2Fpublic_html%2FOLD%2Fwp-includes%2Fclass-wp-role.php&path=%2Fhome%2Ftourplannerslank%2Fpublic_html%2FOLD%2Fwp-includes HTTP/2" 200 3236 "-" "Mozilla/5.0 AppleWebKit/537.36 (KHTML, like Gecko; compatible; ClaudeBot/1.0; +claudebot@anthropic.com)"
216.73.216.112 - - [30/Mar/2026:01:58:47 +0000] "GET /wp-sitemap.xml?fileloc=%2Fhome%2Ftourplannerslank%2Fpublic_html%2Fwp-includes%2Fblocks.php&path=%2Fhome%2Ftourplannerslank%2Fpublic_html%2Fwp-includes HTTP/2" 200 27211 "-" "Mozilla/5.0 AppleWebKit/537.36 (KHTML, like Gecko; compatible; ClaudeBot/1.0; +claudebot@anthropic.com)"
216.73.216.112 - - [30/Mar/2026:01:58:47 +0000] "GET /wp-sitemap.xml?fileloc=%2F%2Flib64%2Flibcares.so.2&path=%2F%2Flib64 HTTP/2" 200 37274 "-" "Mozilla/5.0 AppleWebKit/537.36 (KHTML, like Gecko; compatible; ClaudeBot/1.0; +claudebot@anthropic.com)"
57.141.6.65 - - [30/Mar/2026:01:58:49 +0000] "GET /media_category-sitemap.xml?path=/home/tourplannerslank/public_html/staging.tourplannerslanka.com/wp-content/themes HTTP/2" 200 26219 "-" "meta-externalagent/1.1 (+https://developers.facebook.com/docs/sharing/webmasters/crawler)"
216.73.216.112 - - [30/Mar/2026:01:58:49 +0000] "GET /wp-sitemap.xml?fileloc=%2F%2Flib64%2Flibcdt.so.5.0.0&path=%2F%2Flib64 HTTP/2" 200 14842 "-" "Mozilla/5.0 AppleWebKit/537.36 (KHTML, like Gecko; compatible; ClaudeBot/1.0; +claudebot@anthropic.com)"
216.73.216.112 - - [30/Mar/2026:01:58:49 +0000] "GET /wp-sitemap.xml?fileloc=%2Fhome%2Ftourplannerslank%2Fpublic_html%2FOLD%2Fwp-includes%2Fclass-wp-customize-nav-menus.php&path=%2Fhome%2Ftourplannerslank%2Fpublic_html%2FOLD%2Fwp-includes HTTP/2" 200 18224 "-" "Mozilla/5.0 AppleWebKit/537.36 (KHTML, like Gecko; compatible; ClaudeBot/1.0; +claudebot@anthropic.com)"
216.73.216.112 - - [30/Mar/2026:01:58:49 +0000] "GET /wp-sitemap.xml?fileloc=%2F%2Flib64%2Flibxmlrpc_abyss.so.3.51&path=%2F%2Flib64 HTTP/2" 200 52629 "-" "Mozilla/5.0 AppleWebKit/537.36 (KHTML, like Gecko; compatible; ClaudeBot/1.0; +claudebot@anthropic.com)"
216.73.216.112 - - [30/Mar/2026:01:58:49 +0000] "GET /wp-sitemap.xml?fileloc=%2F%2Flib64%2Flibsoftokn3.so&path=%2F%2Flib64 HTTP/2" 200 151643 "-" "Mozilla/5.0 AppleWebKit/537.36 (KHTML, like Gecko; compatible; ClaudeBot/1.0; +claudebot@anthropic.com)"
216.73.216.112 - - [30/Mar/2026:01:58:49 +0000] "GET /wp-sitemap.xml?fileloc=%2F%2Flib64%2Flibdav1d.so.3&path=%2F%2Flib64 HTTP/2" 200 349498 "-" "Mozilla/5.0 AppleWebKit/537.36 (KHTML, like Gecko; compatible; ClaudeBot/1.0; +claudebot@anthropic.com)"
216.73.216.112 - - [30/Mar/2026:01:58:50 +0000] "GET /faq_category/5-visas?fileloc=%2F%2Fbin%2Fzcat&path=%2F%2Fbin HTTP/2" 403 1242 "-" "Mozilla/5.0 AppleWebKit/537.36 (KHTML, like Gecko; compatible; ClaudeBot/1.0; +claudebot@anthropic.com)"
216.73.216.112 - - [30/Mar/2026:01:58:40 +0000] "GET /wp-sitemap.xml?fileloc=%2Fhome%2Ftourplannerslank%2Fpublic_html%2Fwp-includes%2Fwidgets%2Fclass-wp-widget-media-gallery.php&path=%2Fhome%2Ftourplannerslank%2Fpublic_html%2Fwp-includes%2Fwidgets HTTP/2" 200 0 "-" "Mozilla/5.0 AppleWebKit/537.36 (KHTML, like Gecko; compatible; ClaudeBot/1.0; +claudebot@anthropic.com)"
57.141.6.22 - - [30/Mar/2026:01:58:50 +0000] "GET /media_category-sitemap.xml?fileloc=/home/tourplannerslank/public_html/staging.tourplannerslanka.com/wp-admin/link-parse-opml.php&path=/home/tourplannerslank/public_html/staging.tourplannerslanka.com/wp-admin HTTP/2" 200 15748 "-" "meta-externalagent/1.1 (+https://developers.facebook.com/docs/sharing/webmasters/crawler)"
216.73.216.112 - - [30/Mar/2026:01:58:40 +0000] "GET /wp-sitemap.xml?fileloc=%2Fhome%2Ftourplannerslank%2Fpublic_html%2Fwp-includes%2Fblocks%2Frss.php&path=%2Fhome%2Ftourplannerslank%2Fpublic_html%2Fwp-includes%2Fblocks HTTP/2" 200 0 "-" "Mozilla/5.0 AppleWebKit/537.36 (KHTML, like Gecko; compatible; ClaudeBot/1.0; +claudebot@anthropic.com)"
216.73.216.112 - - [30/Mar/2026:01:58:50 +0000] "GET /faq_category/5-visas?fileloc=%2F%2Flib64%2F.libcrypt.so.1.1.0.hmac&path=%2F%2Flib64 HTTP/2" 403 1242 "-" "Mozilla/5.0 AppleWebKit/537.36 (KHTML, like Gecko; compatible; ClaudeBot/1.0; +claudebot@anthropic.com)"
216.73.216.112 - - [30/Mar/2026:01:58:51 +0000] "GET /wp-sitemap.xml?fileloc=%2Fhome%2Ftourplannerslank%2Fpublic_html%2Fwp-admin%2Fpost.php&path=%2Fhome%2Ftourplannerslank%2Fpublic_html%2Fwp-admin HTTP/2" 200 5729 "-" "Mozilla/5.0 AppleWebKit/537.36 (KHTML, like Gecko; compatible; ClaudeBot/1.0; +claudebot@anthropic.com)"
216.73.216.112 - - [30/Mar/2026:01:58:51 +0000] "GET /wp-sitemap.xml?fileloc=%2Fhome%2Ftourplannerslank%2Fpublic_html%2FOLD%2Fwp-admin%2Fabout.php&path=%2Fhome%2Ftourplannerslank%2Fpublic_html%2FOLD%2Fwp-admin HTTP/2" 200 7437 "-" "Mozilla/5.0 AppleWebKit/537.36 (KHTML, like Gecko; compatible; ClaudeBot/1.0; +claudebot@anthropic.com)"
57.141.6.32 - - [30/Mar/2026:01:58:51 +0000] "GET /media_category-sitemap.xml?fileloc=/home/tourplannerslank/public_html/wp-admin/includes/revision.php&path=/home/tourplannerslank/public_html/wp-admin/includes HTTP/2" 200 32251 "-" "meta-externalagent/1.1 (+https://developers.facebook.com/docs/sharing/webmasters/crawler)"
216.73.216.112 - - [30/Mar/2026:01:58:51 +0000] "GET /wp-sitemap.xml?fileloc=%2F%2Flib64%2Flibjxl_threads.so.0.7.2&path=%2F%2Flib64 HTTP/2" 200 10395 "-" "Mozilla/5.0 AppleWebKit/537.36 (KHTML, like Gecko; compatible; ClaudeBot/1.0; +claudebot@anthropic.com)"
216.73.216.112 - - [30/Mar/2026:01:58:51 +0000] "GET /faq_category/5-visas?fileloc=%2F%2Fbin%2Fx86_64-redhat-linux-gcc&path=%2F%2Fbin HTTP/2" 403 1242 "-" "Mozilla/5.0 AppleWebKit/537.36 (KHTML, like Gecko; compatible; ClaudeBot/1.0; +claudebot@anthropic.com)"
216.73.216.112 - - [30/Mar/2026:01:58:50 +0000] "GET /wp-sitemap.xml?fileloc=%2Fhome%2Ftourplannerslank%2Fpublic_html%2FOLD%2Fwp-includes%2Fclass-phpmailer.php&path=%2Fhome%2Ftourplannerslank%2Fpublic_html%2FOLD%2Fwp-includes HTTP/2" 200 2784 "-" "Mozilla/5.0 AppleWebKit/537.36 (KHTML, like Gecko; compatible; ClaudeBot/1.0; +claudebot@anthropic.com)"
216.73.216.112 - - [30/Mar/2026:01:58:51 +0000] "GET /wp-sitemap.xml?fileloc=%2F%2Flib64%2Flibjasper.so.4.0.0&path=%2F%2Flib64 HTTP/2" 200 152662 "-" "Mozilla/5.0 AppleWebKit/537.36 (KHTML, like Gecko; compatible; ClaudeBot/1.0; +claudebot@anthropic.com)"
216.73.216.112 - - [30/Mar/2026:01:58:41 +0000] "GET /wp-sitemap.xml?fileloc=%2Fhome%2Ftourplannerslank%2Fpublic_html%2Fwp-includes%2Fblocks%2Fquery-pagination-previous.php&path=%2Fhome%2Ftourplannerslank%2Fpublic_html%2Fwp-includes%2Fblocks HTTP/2" 200 0 "-" "Mozilla/5.0 AppleWebKit/537.36 (KHTML, like Gecko; compatible; ClaudeBot/1.0; +claudebot@anthropic.com)"
216.73.216.112 - - [30/Mar/2026:01:58:51 +0000] "GET /faq_category/5-visas?fileloc=%2F%2Fetc%2Fmailips&path=%2F%2Fetc HTTP/2" 403 1242 "-" "Mozilla/5.0 AppleWebKit/537.36 (KHTML, like Gecko; compatible; ClaudeBot/1.0; +claudebot@anthropic.com)"
216.73.216.112 - - [30/Mar/2026:01:58:41 +0000] "GET /wp-sitemap.xml?fileloc=%2F%2Flib64%2Flibp11.so.3.4.2&path=%2F%2Flib64 HTTP/2" 200 0 "-" "Mozilla/5.0 AppleWebKit/537.36 (KHTML, like Gecko; compatible; ClaudeBot/1.0; +claudebot@anthropic.com)"
110.44.115.163 - - [30/Mar/2026:01:58:51 +0000] "GET /wp-login.php HTTP/1.1" 200 3712 "-" "Mozilla/5.0 (Windows NT 10.0; Win64; x64) AppleWebKit/537.36 (KHTML, like Gecko) Chrome/120.0.0.0 Safari/537.36"
216.73.216.112 - - [30/Mar/2026:01:58:41 +0000] "GET /wp-sitemap.xml?fileloc=%2Fhome%2Ftourplannerslank%2Fpublic_html%2FOLD%2Fwp-includes%2Fcron.php&path=%2Fhome%2Ftourplannerslank%2Fpublic_html%2FOLD%2Fwp-includes HTTP/2" 200 0 "-" "Mozilla/5.0 AppleWebKit/537.36 (KHTML, like Gecko; compatible; ClaudeBot/1.0; +claudebot@anthropic.com)"
216.73.216.112 - - [30/Mar/2026:01:58:52 +0000] "GET /wp-sitemap.xml?fileloc=%2Fhome%2Ftourplannerslank%2Fpublic_html%2FOLD%2Fwp-includes%2Fpost-template.php&path=%2Fhome%2Ftourplannerslank%2Fpublic_html%2FOLD%2Fwp-includes HTTP/2" 200 20143 "-" "Mozilla/5.0 AppleWebKit/537.36 (KHTML, like Gecko; compatible; ClaudeBot/1.0; +claudebot@anthropic.com)"
216.73.216.112 - - [30/Mar/2026:01:58:52 +0000] "GET /wp-sitemap.xml?fileloc=%2F%2Flib64%2Flibbz2.so.1&path=%2F%2Flib64 HTTP/2" 200 31096 "-" "Mozilla/5.0 AppleWebKit/537.36 (KHTML, like Gecko; compatible; ClaudeBot/1.0; +claudebot@anthropic.com)"
57.141.6.2 - - [30/Mar/2026:01:58:52 +0000] "GET /media_category-sitemap.xml?fileloc=/home/tourplannerslank/public_html/wp-admin/includes/plugin.php&path=/home/tourplannerslank/public_html/wp-admin/includes HTTP/2" 200 112462 "-" "meta-externalagent/1.1 (+https://developers.facebook.com/docs/sharing/webmasters/crawler)"
216.73.216.112 - - [30/Mar/2026:01:58:52 +0000] "GET /wp-sitemap.xml?fileloc=%2F%2Flib64%2Flibdbus-1.so.3&path=%2F%2Flib64 HTTP/2" 200 140397 "-" "Mozilla/5.0 AppleWebKit/537.36 (KHTML, like Gecko; compatible; ClaudeBot/1.0; +claudebot@anthropic.com)"
216.73.216.112 - - [30/Mar/2026:01:58:52 +0000] "GET /faq_category/5-visas?fileloc=%2F%2Flib64%2Flibncurses++.so&path=%2F%2Flib64 HTTP/2" 403 1242 "-" "Mozilla/5.0 AppleWebKit/537.36 (KHTML, like Gecko; compatible; ClaudeBot/1.0; +claudebot@anthropic.com)"
216.73.216.112 - - [30/Mar/2026:01:58:52 +0000] "GET /wp-sitemap.xml?fileloc=%2F%2Flib64%2Flibrt.so.1&path=%2F%2Flib64 HTTP/2" 200 17577 "-" "Mozilla/5.0 AppleWebKit/537.36 (KHTML, like Gecko; compatible; ClaudeBot/1.0; +claudebot@anthropic.com)"
216.73.216.112 - - [30/Mar/2026:01:58:51 +0000] "GET /wp-sitemap.xml?fileloc=%2F%2Flib64%2Flibgailutil.so.18&path=%2F%2Flib64 HTTP/2" 200 13167 "-" "Mozilla/5.0 AppleWebKit/537.36 (KHTML, like Gecko; compatible; ClaudeBot/1.0; +claudebot@anthropic.com)"
110.44.115.163 - - [30/Mar/2026:01:58:52 +0000] "POST /wp-login.php HTTP/1.1" 200 3761 "https://www.tourplannerslanka.com/wp-login.php" "Mozilla/5.0 (Windows NT 10.0; Win64; x64) AppleWebKit/537.36 (KHTML, like Gecko) Chrome/120.0.0.0 Safari/537.36"
216.73.216.112 - - [30/Mar/2026:01:58:52 +0000] "GET /faq_category/5-visas?fileloc=%2F%2Fsbin%2Fdnssec-checkds&path=%2F%2Fsbin HTTP/2" 403 1242 "-" "Mozilla/5.0 AppleWebKit/537.36 (KHTML, like Gecko; compatible; ClaudeBot/1.0; +claudebot@anthropic.com)"
57.141.6.40 - - [30/Mar/2026:01:58:52 +0000] "GET /media_category-sitemap.xml?fileloc=/home/tourplannerslank/public_html/wp-admin/includes/class-pclzip.php&path=/home/tourplannerslank/public_html/wp-admin/includes HTTP/2" 200 224182 "-" "meta-externalagent/1.1 (+https://developers.facebook.com/docs/sharing/webmasters/crawler)"
216.73.216.112 - - [30/Mar/2026:01:58:51 +0000] "GET /wp-sitemap.xml?fileloc=%2Fhome%2Ftourplannerslank%2Fpublic_html%2Fwp-admin%2Fincludes%2Ferror_log&path=%2Fhome%2Ftourplannerslank%2Fpublic_html%2Fwp-admin%2Fincludes HTTP/2" 200 3927 "-" "Mozilla/5.0 AppleWebKit/537.36 (KHTML, like Gecko; compatible; ClaudeBot/1.0; +claudebot@anthropic.com)"
216.73.216.112 - - [30/Mar/2026:01:58:53 +0000] "GET /faq_category/5-visas?path=%2Fhome%2Ftourplannerslank%2Fpublic_html%2Fwp-includes%2Fblocks%2Ffreeform HTTP/2" 403 1242 "-" "Mozilla/5.0 AppleWebKit/537.36 (KHTML, like Gecko; compatible; ClaudeBot/1.0; +claudebot@anthropic.com)"
216.73.216.112 - - [30/Mar/2026:01:58:50 +0000] "GET /wp-sitemap.xml?fileloc=%2Fhome%2Ftourplannerslank%2Fpublic_html%2Fwp-admin%2Fmoderation.php&path=%2Fhome%2Ftourplannerslank%2Fpublic_html%2Fwp-admin HTTP/2" 200 2669 "-" "Mozilla/5.0 AppleWebKit/537.36 (KHTML, like Gecko; compatible; ClaudeBot/1.0; +claudebot@anthropic.com)"
216.73.216.112 - - [30/Mar/2026:01:58:52 +0000] "GET /wp-sitemap.xml?fileloc=%2Fhome%2Ftourplannerslank%2Fpublic_html%2Fwp-includes%2Fblocks%2Fquery-pagination.php&path=%2Fhome%2Ftourplannerslank%2Fpublic_html%2Fwp-includes%2Fblocks HTTP/2" 200 3019 "-" "Mozilla/5.0 AppleWebKit/537.36 (KHTML, like Gecko; compatible; ClaudeBot/1.0; +claudebot@anthropic.com)"
216.73.216.112 - - [30/Mar/2026:01:58:52 +0000] "GET /wp-sitemap.xml?fileloc=%2F%2Flib64%2Flibexslt.so.0&path=%2F%2Flib64 HTTP/2" 200 38092 "-" "Mozilla/5.0 AppleWebKit/537.36 (KHTML, like Gecko; compatible; ClaudeBot/1.0; +claudebot@anthropic.com)"
216.73.216.112 - - [30/Mar/2026:01:58:52 +0000] "GET /wp-sitemap.xml?fileloc=%2F%2Flib64%2Flibprotoc.so.15.0.0&path=%2F%2Flib64 HTTP/2" 200 852759 "-" "Mozilla/5.0 AppleWebKit/537.36 (KHTML, like Gecko; compatible; ClaudeBot/1.0; +claudebot@anthropic.com)"
216.73.216.112 - - [30/Mar/2026:01:58:53 +0000] "GET /faq_category/5-visas?fileloc=%2F%2Fbin%2Fnm&path=%2F%2Fbin HTTP/2" 403 1242 "-" "Mozilla/5.0 AppleWebKit/537.36 (KHTML, like Gecko; compatible; ClaudeBot/1.0; +claudebot@anthropic.com)"
216.73.216.112 - - [30/Mar/2026:01:58:54 +0000] "GET /faq_category/5-visas?fileloc=%2F%2Fbin%2Fslabtop&path=%2F%2Fbin HTTP/2" 403 1242 "-" "Mozilla/5.0 AppleWebKit/537.36 (KHTML, like Gecko; compatible; ClaudeBot/1.0; +claudebot@anthropic.com)"
216.73.216.112 - - [30/Mar/2026:01:58:54 +0000] "GET /wp-sitemap.xml?fileloc=%2Fhome%2Ftourplannerslank%2Fpublic_html%2FOLD%2Fwp-includes%2Fms-deprecated.php&path=%2Fhome%2Ftourplannerslank%2Fpublic_html%2FOLD%2Fwp-includes HTTP/2" 200 9118 "-" "Mozilla/5.0 AppleWebKit/537.36 (KHTML, like Gecko; compatible; ClaudeBot/1.0; +claudebot@anthropic.com)"
216.73.216.112 - - [30/Mar/2026:01:58:54 +0000] "GET /faq_category/5-visas?fileloc=%2F%2Fbin%2Fclwpos-user&path=%2F%2Fbin HTTP/2" 403 1242 "-" "Mozilla/5.0 AppleWebKit/537.36 (KHTML, like Gecko; compatible; ClaudeBot/1.0; +claudebot@anthropic.com)"
57.141.6.19 - - [30/Mar/2026:01:58:44 +0000] "GET /media_category-sitemap.xml?fileloc=/home/tourplannerslank/public_html/staging.tourplannerslanka.com/wp-content/index.php&path=/home/tourplannerslank/public_html/staging.tourplannerslanka.com/wp-content HTTP/2" 200 12685 "-" "meta-externalagent/1.1 (+https://developers.facebook.com/docs/sharing/webmasters/crawler)"
57.141.6.62 - - [30/Mar/2026:01:58:45 +0000] "GET /media_category-sitemap.xml?fileloc=/home/tourplannerslank/public_html/staging.tourplannerslanka.com/wp-admin/index.php&path=/home/tourplannerslank/public_html/staging.tourplannerslanka.com/wp-admin HTTP/2" 200 22529 "-" "meta-externalagent/1.1 (+https://developers.facebook.com/docs/sharing/webmasters/crawler)"
57.141.6.76 - - [30/Mar/2026:01:58:45 +0000] "GET /media_category-sitemap.xml?fileloc=/home/tourplannerslank/public_html/staging.tourplannerslanka.com/wp-admin/edit-tag-form.php&path=/home/tourplannerslank/public_html/staging.tourplannerslanka.com/wp-admin HTTP/2" 200 25755 "-" "meta-externalagent/1.1 (+https://developers.facebook.com/docs/sharing/webmasters/crawler)"
57.141.6.34 - - [30/Mar/2026:01:58:46 +0000] "GET /media_category-sitemap.xml?fileloc=/home/tourplannerslank/public_html/staging.tourplannerslanka.com/wp-admin/privacy-policy-guide.php&path=/home/tourplannerslank/public_html/staging.tourplannerslanka.com/wp-admin HTTP/2" 200 17384 "-" "meta-externalagent/1.1 (+https://developers.facebook.com/docs/sharing/webmasters/crawler)"
57.141.6.63 - - [30/Mar/2026:01:58:46 +0000] "GET /media_category-sitemap.xml?fileloc=/home/tourplannerslank/public_html/staging.tourplannerslanka.com/wp-content/advanced-cache.php&path=/home/tourplannerslank/public_html/staging.tourplannerslanka.com/wp-content HTTP/2" 200 20993 "-" "meta-externalagent/1.1 (+https://developers.facebook.com/docs/sharing/webmasters/crawler)"
57.141.6.68 - - [30/Mar/2026:01:58:47 +0000] "GET /media_category-sitemap.xml?fileloc=/home/tourplannerslank/public_html/staging.tourplannerslanka.com/wp-admin/customize.php&path=/home/tourplannerslank/public_html/staging.tourplannerslanka.com/wp-admin HTTP/2" 200 26892 "-" "meta-externalagent/1.1 (+https://developers.facebook.com/docs/sharing/webmasters/crawler)"
57.141.6.67 - - [30/Mar/2026:01:58:47 +0000] "GET /media_category-sitemap.xml?fileloc=/home/tourplannerslank/public_html/staging.tourplannerslanka.com/wp-admin/admin.php&path=/home/tourplannerslank/public_html/staging.tourplannerslanka.com/wp-admin HTTP/2" 200 26621 "-" "meta-externalagent/1.1 (+https://developers.facebook.com/docs/sharing/webmasters/crawler)"
57.141.6.6 - - [30/Mar/2026:01:58:50 +0000] "GET /media_category-sitemap.xml?fileloc=/home/tourplannerslank/public_html/wp-admin/includes/user.php&path=/home/tourplannerslank/public_html/wp-admin/includes HTTP/2" 200 39197 "-" "meta-externalagent/1.1 (+https://developers.facebook.com/docs/sharing/webmasters/crawler)"
57.141.6.18 - - [30/Mar/2026:01:58:50 +0000] "GET /media_category-sitemap.xml?fileloc=/home/tourplannerslank/public_html/wp-admin/includes/class-wp-importer.php&path=/home/tourplannerslank/public_html/wp-admin/includes HTTP/2" 200 20630 "-" "meta-externalagent/1.1 (+https://developers.facebook.com/docs/sharing/webmasters/crawler)"
57.141.6.66 - - [30/Mar/2026:01:58:51 +0000] "GET /media_category-sitemap.xml?fileloc=/home/tourplannerslank/public_html/wp-admin/includes/class-wp-privacy-data-removal-requests-list-table.php&path=/home/tourplannerslank/public_html/wp-admin/includes HTTP/2" 200 19827 "-" "meta-externalagent/1.1 (+https://developers.facebook.com/docs/sharing/webmasters/crawler)"
57.141.6.46 - - [30/Mar/2026:01:58:52 +0000] "GET /media_category-sitemap.xml?fileloc=/home/tourplannerslank/public_html/wp-admin/includes/media.php&path=/home/tourplannerslank/public_html/wp-admin/includes HTTP/2" 200 161108 "-" "meta-externalagent/1.1 (+https://developers.facebook.com/docs/sharing/webmasters/crawler)"
216.73.216.112 - - [30/Mar/2026:01:58:54 +0000] "GET /wp-sitemap.xml?fileloc=%2F%2Flib64%2FlibGraphicsMagickWand-Q16.so.2.9.7&path=%2F%2Flib64 HTTP/2" 200 62236 "-" "Mozilla/5.0 AppleWebKit/537.36 (KHTML, like Gecko; compatible; ClaudeBot/1.0; +claudebot@anthropic.com)"
216.73.216.112 - - [30/Mar/2026:01:58:54 +0000] "GET /wp-sitemap.xml?fileloc=%2F%2Flib64%2Flibk5crypto.so.3.1&path=%2F%2Flib64 HTTP/2" 200 37808 "-" "Mozilla/5.0 AppleWebKit/537.36 (KHTML, like Gecko; compatible; ClaudeBot/1.0; +claudebot@anthropic.com)"
216.73.216.112 - - [30/Mar/2026:01:58:53 +0000] "GET /wp-sitemap.xml?fileloc=%2F%2Flib64%2Flibgettextpo.so&path=%2F%2Flib64 HTTP/2" 200 137698 "-" "Mozilla/5.0 AppleWebKit/537.36 (KHTML, like Gecko; compatible; ClaudeBot/1.0; +claudebot@anthropic.com)"
216.73.216.112 - - [30/Mar/2026:01:58:53 +0000] "GET /wp-sitemap.xml?fileloc=%2F%2Flib64%2Flibusal.so.0&path=%2F%2Flib64 HTTP/2" 200 42936 "-" "Mozilla/5.0 AppleWebKit/537.36 (KHTML, like Gecko; compatible; ClaudeBot/1.0; +claudebot@anthropic.com)"
57.141.6.14 - - [30/Mar/2026:01:58:54 +0000] "GET /media_category-sitemap.xml?fileloc=/home/tourplannerslank/public_html/wp-admin/includes/plugin-install.php&path=/home/tourplannerslank/public_html/wp-admin/includes HTTP/2" 200 59548 "-" "meta-externalagent/1.1 (+https://developers.facebook.com/docs/sharing/webmasters/crawler)"
57.141.6.7 - - [30/Mar/2026:01:58:55 +0000] "GET /media_category-sitemap.xml?fileloc=/home/tourplannerslank/public_html/wp-admin/includes/ms.php&path=/home/tourplannerslank/public_html/wp-admin/includes HTTP/2" 200 56377 "-" "meta-externalagent/1.1 (+https://developers.facebook.com/docs/sharing/webmasters/crawler)"
216.73.216.112 - - [30/Mar/2026:01:58:54 +0000] "GET /wp-sitemap.xml?fileloc=%2F%2Flib64%2Flibpam.so&path=%2F%2Flib64 HTTP/2" 200 27521 "-" "Mozilla/5.0 AppleWebKit/537.36 (KHTML, like Gecko; compatible; ClaudeBot/1.0; +claudebot@anthropic.com)"
216.73.216.112 - - [30/Mar/2026:01:58:54 +0000] "GET /wp-sitemap.xml?fileloc=%2F%2Flib64%2Flibxcb.so&path=%2F%2Flib64 HTTP/2" 200 49904 "-" "Mozilla/5.0 AppleWebKit/537.36 (KHTML, like Gecko; compatible; ClaudeBot/1.0; +claudebot@anthropic.com)"
216.73.216.112 - - [30/Mar/2026:01:58:54 +0000] "GET /wp-sitemap.xml?fileloc=%2Fhome%2Ftourplannerslank%2Fpublic_html%2Fwp-includes%2Fcss%2Fmedia-views-rtl.css&path=%2Fhome%2Ftourplannerslank%2Fpublic_html%2Fwp-includes%2Fcss HTTP/2" 200 13561 "-" "Mozilla/5.0 AppleWebKit/537.36 (KHTML, like Gecko; compatible; ClaudeBot/1.0; +claudebot@anthropic.com)"
216.73.216.112 - - [30/Mar/2026:01:58:54 +0000] "GET /wp-sitemap.xml?fileloc=%2Fhome%2Ftourplannerslank%2Fpublic_html%2FOLD%2Fwp-includes%2Fms-settings.php&path=%2Fhome%2Ftourplannerslank%2Fpublic_html%2FOLD%2Fwp-includes HTTP/2" 200 4117 "-" "Mozilla/5.0 AppleWebKit/537.36 (KHTML, like Gecko; compatible; ClaudeBot/1.0; +claudebot@anthropic.com)"
216.73.216.112 - - [30/Mar/2026:01:58:53 +0000] "GET /wp-sitemap.xml?fileloc=%2F%2Flib64%2Flibxcb-sync.so.1.0.0&path=%2F%2Flib64 HTTP/2" 200 10117 "-" "Mozilla/5.0 AppleWebKit/537.36 (KHTML, like Gecko; compatible; ClaudeBot/1.0; +claudebot@anthropic.com)"
57.141.6.7 - - [30/Mar/2026:01:58:55 +0000] "GET /media_category-sitemap.xml?fileloc=/home/tourplannerslank/public_html/wp-admin/includes/admin-filters.php&path=/home/tourplannerslank/public_html/wp-admin/includes HTTP/2" 200 22679 "-" "meta-externalagent/1.1 (+https://developers.facebook.com/docs/sharing/webmasters/crawler)"
57.141.6.66 - - [30/Mar/2026:01:58:55 +0000] "GET /media_category-sitemap.xml?fileloc=/home/tourplannerslank/public_html/wp-admin/includes/class-wp-site-icon.php&path=/home/tourplannerslank/public_html/wp-admin/includes HTTP/2" 200 19386 "-" "meta-externalagent/1.1 (+https://developers.facebook.com/docs/sharing/webmasters/crawler)"
216.73.216.112 - - [30/Mar/2026:01:58:55 +0000] "GET /wp-sitemap.xml?fileloc=%2Fhome%2Ftourplannerslank%2Fpublic_html%2Fwp-includes%2Fblocks%2Fpost-date.php&path=%2Fhome%2Ftourplannerslank%2Fpublic_html%2Fwp-includes%2Fblocks HTTP/2" 200 3891 "-" "Mozilla/5.0 AppleWebKit/537.36 (KHTML, like Gecko; compatible; ClaudeBot/1.0; +claudebot@anthropic.com)"
216.73.216.112 - - [30/Mar/2026:01:58:55 +0000] "GET /wp-sitemap.xml?fileloc=%2F%2Flib64%2Flibevent_core-2.1.so.6.0.2&path=%2F%2Flib64 HTTP/2" 200 95310 "-" "Mozilla/5.0 AppleWebKit/537.36 (KHTML, like Gecko; compatible; ClaudeBot/1.0; +claudebot@anthropic.com)"
216.73.216.112 - - [30/Mar/2026:01:58:55 +0000] "GET /wp-sitemap.xml?fileloc=%2Fhome%2Ftourplannerslank%2Fpublic_html%2Fwp-admin%2Fincludes%2Fupgrade.php&path=%2Fhome%2Ftourplannerslank%2Fpublic_html%2Fwp-admin%2Fincludes HTTP/2" 200 31702 "-" "Mozilla/5.0 AppleWebKit/537.36 (KHTML, like Gecko; compatible; ClaudeBot/1.0; +claudebot@anthropic.com)"
216.73.216.112 - - [30/Mar/2026:01:58:55 +0000] "GET /wp-sitemap.xml?fileloc=%2F%2Flib64%2Flibevent_core-2.1.so.6&path=%2F%2Flib64 HTTP/2" 200 95403 "-" "Mozilla/5.0 AppleWebKit/537.36 (KHTML, like Gecko; compatible; ClaudeBot/1.0; +claudebot@anthropic.com)"
216.73.216.112 - - [30/Mar/2026:01:58:55 +0000] "GET /wp-sitemap.xml?fileloc=%2F%2Flib64%2Flibsepol.so&path=%2F%2Flib64 HTTP/2" 200 295525 "-" "Mozilla/5.0 AppleWebKit/537.36 (KHTML, like Gecko; compatible; ClaudeBot/1.0; +claudebot@anthropic.com)"
216.73.216.112 - - [30/Mar/2026:01:58:56 +0000] "GET /faq_category/5-visas?fileloc=%2F%2Fbin%2Fperl5.26.3&path=%2F%2Fbin HTTP/2" 403 1242 "-" "Mozilla/5.0 AppleWebKit/537.36 (KHTML, like Gecko; compatible; ClaudeBot/1.0; +claudebot@anthropic.com)"
216.73.216.112 - - [30/Mar/2026:01:58:56 +0000] "GET /faq_category/5-visas?fileloc=%2F%2Fbin%2Fnano&path=%2F%2Fbin HTTP/2" 403 1242 "-" "Mozilla/5.0 AppleWebKit/537.36 (KHTML, like Gecko; compatible; ClaudeBot/1.0; +claudebot@anthropic.com)"
216.73.216.112 - - [30/Mar/2026:01:58:56 +0000] "GET /faq_category/5-visas?fileloc=%2F%2Flib64%2Flibslapi-2.4.so.2&path=%2F%2Flib64 HTTP/2" 403 1242 "-" "Mozilla/5.0 AppleWebKit/537.36 (KHTML, like Gecko; compatible; ClaudeBot/1.0; +claudebot@anthropic.com)"
216.73.216.112 - - [30/Mar/2026:01:58:57 +0000] "GET /wp-sitemap.xml?fileloc=%2F%2Flib64%2Flibfstrm.so.0.1.0&path=%2F%2Flib64 HTTP/2" 200 19646 "-" "Mozilla/5.0 AppleWebKit/537.36 (KHTML, like Gecko; compatible; ClaudeBot/1.0; +claudebot@anthropic.com)"
216.73.216.112 - - [30/Mar/2026:01:58:57 +0000] "GET /wp-sitemap.xml?fileloc=%2Fhome%2Ftourplannerslank%2Fpublic_html%2FOLD%2Fwp-includes%2Fnav-menu.php&path=%2Fhome%2Ftourplannerslank%2Fpublic_html%2FOLD%2Fwp-includes HTTP/2" 200 13096 "-" "Mozilla/5.0 AppleWebKit/537.36 (KHTML, like Gecko; compatible; ClaudeBot/1.0; +claudebot@anthropic.com)"
216.73.216.112 - - [30/Mar/2026:01:58:57 +0000] "GET /wp-sitemap.xml?fileloc=%2Fhome%2Ftourplannerslank%2Fpublic_html%2FOLD%2Fwp-admin%2Fadmin-ajax.php&path=%2Fhome%2Ftourplannerslank%2Fpublic_html%2FOLD%2Fwp-admin HTTP/2" 200 4395 "-" "Mozilla/5.0 AppleWebKit/537.36 (KHTML, like Gecko; compatible; ClaudeBot/1.0; +claudebot@anthropic.com)"
216.73.216.112 - - [30/Mar/2026:01:58:57 +0000] "GET /faq_category/5-visas?fileloc=%2F%2Fbin%2Fmknod&path=%2F%2Fbin HTTP/2" 403 1242 "-" "Mozilla/5.0 AppleWebKit/537.36 (KHTML, like Gecko; compatible; ClaudeBot/1.0; +claudebot@anthropic.com)"
216.73.216.112 - - [30/Mar/2026:01:58:56 +0000] "GET /wp-sitemap.xml?fileloc=%2F%2Flib64%2Flibfribidi.so.0&path=%2F%2Flib64 HTTP/2" 200 23280 "-" "Mozilla/5.0 AppleWebKit/537.36 (KHTML, like Gecko; compatible; ClaudeBot/1.0; +claudebot@anthropic.com)"
216.73.216.112 - - [30/Mar/2026:01:58:56 +0000] "GET /wp-sitemap.xml?fileloc=%2Fhome%2Ftourplannerslank%2Fpublic_html%2FOLD%2Fwp-includes%2Frevision.php&path=%2Fhome%2Ftourplannerslank%2Fpublic_html%2FOLD%2Fwp-includes HTTP/2" 200 10907 "-" "Mozilla/5.0 AppleWebKit/537.36 (KHTML, like Gecko; compatible; ClaudeBot/1.0; +claudebot@anthropic.com)"
216.73.216.112 - - [30/Mar/2026:01:58:57 +0000] "GET /faq_category/5-visas?fileloc=%2F%2Fbin%2Fdelv&path=%2F%2Fbin HTTP/2" 403 1242 "-" "Mozilla/5.0 AppleWebKit/537.36 (KHTML, like Gecko; compatible; ClaudeBot/1.0; +claudebot@anthropic.com)"
57.141.6.53 - - [30/Mar/2026:01:58:57 +0000] "GET /media_category-sitemap.xml?fileloc=/home/tourplannerslank/public_html/wp-admin/includes/privacy-tools.php&path=/home/tourplannerslank/public_html/wp-admin/includes HTTP/2" 200 49741 "-" "meta-externalagent/1.1 (+https://developers.facebook.com/docs/sharing/webmasters/crawler)"
57.141.6.72 - - [30/Mar/2026:01:58:58 +0000] "GET /media_category-sitemap.xml?fileloc=/home/tourplannerslank/public_html/wp-admin/includes/error_log&path=/home/tourplannerslank/public_html/wp-admin/includes HTTP/2" 200 33554 "-" "meta-externalagent/1.1 (+https://developers.facebook.com/docs/sharing/webmasters/crawler)"
57.141.6.49 - - [30/Mar/2026:01:58:58 +0000] "GET /media_category-sitemap.xml?fileloc=/home/tourplannerslank/public_html/wp-admin/includes/class-plugin-upgrader.php&path=/home/tourplannerslank/public_html/wp-admin/includes HTTP/2" 200 38782 "-" "meta-externalagent/1.1 (+https://developers.facebook.com/docs/sharing/webmasters/crawler)"
216.73.216.112 - - [30/Mar/2026:01:58:57 +0000] "GET /wp-sitemap.xml?fileloc=%2Fhome%2Ftourplannerslank%2Fpublic_html%2FOLD%2Fwp-includes%2Fclass-wp-image-editor-gd.php&path=%2Fhome%2Ftourplannerslank%2Fpublic_html%2FOLD%2Fwp-includes HTTP/2" 200 7870 "-" "Mozilla/5.0 AppleWebKit/537.36 (KHTML, like Gecko; compatible; ClaudeBot/1.0; +claudebot@anthropic.com)"
216.73.216.112 - - [30/Mar/2026:01:58:56 +0000] "GET /wp-sitemap.xml?fileloc=%2Fhome%2Ftourplannerslank%2Fpublic_html%2Fwp-includes%2Fblocks%2Fpost-navigation-link.php&path=%2Fhome%2Ftourplannerslank%2Fpublic_html%2Fwp-includes%2Fblocks HTTP/2" 200 4157 "-" "Mozilla/5.0 AppleWebKit/537.36 (KHTML, like Gecko; compatible; ClaudeBot/1.0; +claudebot@anthropic.com)"
216.73.216.112 - - [30/Mar/2026:01:58:57 +0000] "GET /wp-sitemap.xml?fileloc=%2Fhome%2Ftourplannerslank%2Fpublic_html%2FOLD%2Fwp-includes%2Fgeneral-template.php&path=%2Fhome%2Ftourplannerslank%2Fpublic_html%2FOLD%2Fwp-includes HTTP/2" 200 43426 "-" "Mozilla/5.0 AppleWebKit/537.36 (KHTML, like Gecko; compatible; ClaudeBot/1.0; +claudebot@anthropic.com)"
216.73.216.112 - - [30/Mar/2026:01:58:57 +0000] "GET /wp-sitemap.xml?fileloc=%2Fhome%2Ftourplannerslank%2Fpublic_html%2Fwp-includes%2Fblocks%2Fpost-content.php&path=%2Fhome%2Ftourplannerslank%2Fpublic_html%2Fwp-includes%2Fblocks HTTP/2" 200 3518 "-" "Mozilla/5.0 AppleWebKit/537.36 (KHTML, like Gecko; compatible; ClaudeBot/1.0; +claudebot@anthropic.com)"
216.73.216.112 - - [30/Mar/2026:01:58:57 +0000] "GET /wp-sitemap.xml?fileloc=%2F%2Flib64%2FlibXcomposite.so.1.0.0&path=%2F%2Flib64 HTTP/2" 200 6795 "-" "Mozilla/5.0 AppleWebKit/537.36 (KHTML, like Gecko; compatible; ClaudeBot/1.0; +claudebot@anthropic.com)"
216.73.216.112 - - [30/Mar/2026:01:58:58 +0000] "GET /faq_category/5-visas?path=%2Fhome%2Ftourplannerslank%2Fpublic_html%2Fwp-includes%2Fblocks%2Fquery-pagination-numbers HTTP/2" 403 1242 "-" "Mozilla/5.0 AppleWebKit/537.36 (KHTML, like Gecko; compatible; ClaudeBot/1.0; +claudebot@anthropic.com)"
216.73.216.112 - - [30/Mar/2026:01:58:58 +0000] "GET /faq_category/5-visas?fileloc=%2Fhome%2Ftourplannerslank%2Fpublic_html%2Fwp-includes%2Fblocks%2Fpattern.php&path=%2Fhome%2Ftourplannerslank%2Fpublic_html%2Fwp-includes%2Fblocks HTTP/2" 403 1242 "-" "Mozilla/5.0 AppleWebKit/537.36 (KHTML, like Gecko; compatible; ClaudeBot/1.0; +claudebot@anthropic.com)"
57.141.6.14 - - [30/Mar/2026:01:58:58 +0000] "GET /media_category-sitemap.xml?fileloc=/home/tourplannerslank/public_html/wp-admin/includes/class-automatic-upgrader-skin.php&path=/home/tourplannerslank/public_html/wp-admin/includes HTTP/2" 200 16386 "-" "meta-externalagent/1.1 (+https://developers.facebook.com/docs/sharing/webmasters/crawler)"
216.73.216.112 - - [30/Mar/2026:01:58:59 +0000] "GET /wp-sitemap.xml?fileloc=%2Fhome%2Ftourplannerslank%2Fpublic_html%2Fwp-admin%2Fincludes%2Fclass-plugin-upgrader-skin.php&path=%2Fhome%2Ftourplannerslank%2Fpublic_html%2Fwp-admin%2Fincludes HTTP/2" 200 3694 "-" "Mozilla/5.0 AppleWebKit/537.36 (KHTML, like Gecko; compatible; ClaudeBot/1.0; +claudebot@anthropic.com)"
216.73.216.112 - - [30/Mar/2026:01:58:59 +0000] "GET /wp-sitemap.xml?fileloc=%2F%2Flib64%2Flibz.so&path=%2F%2Flib64 HTTP/2" 200 47983 "-" "Mozilla/5.0 AppleWebKit/537.36 (KHTML, like Gecko; compatible; ClaudeBot/1.0; +claudebot@anthropic.com)"
57.141.6.35 - - [30/Mar/2026:01:58:59 +0000] "GET /media_category-sitemap.xml?fileloc=/home/tourplannerslank/public_html/wp-admin/includes/image.php&path=/home/tourplannerslank/public_html/wp-admin/includes HTTP/2" 200 59295 "-" "meta-externalagent/1.1 (+https://developers.facebook.com/docs/sharing/webmasters/crawler)"
216.73.216.112 - - [30/Mar/2026:01:58:59 +0000] "GET /wp-sitemap.xml?fileloc=%2F%2Flib64%2Flibkrb5support.so.0&path=%2F%2Flib64 HTTP/2" 200 27887 "-" "Mozilla/5.0 AppleWebKit/537.36 (KHTML, like Gecko; compatible; ClaudeBot/1.0; +claudebot@anthropic.com)"
216.73.216.112 - - [30/Mar/2026:01:58:58 +0000] "GET /wp-sitemap.xml?fileloc=%2Fhome%2Ftourplannerslank%2Fpublic_html%2FOLD%2Fwp-includes%2Fclass-wp-block-list.php&path=%2Fhome%2Ftourplannerslank%2Fpublic_html%2FOLD%2Fwp-includes HTTP/2" 200 3634 "-" "Mozilla/5.0 AppleWebKit/537.36 (KHTML, like Gecko; compatible; ClaudeBot/1.0; +claudebot@anthropic.com)"
216.73.216.112 - - [30/Mar/2026:01:58:58 +0000] "GET /wp-sitemap.xml?fileloc=%2Fhome%2Ftourplannerslank%2Fpublic_html%2FOLD%2Fwp-includes%2Fclass-wp-phpmailer.php&path=%2Fhome%2Ftourplannerslank%2Fpublic_html%2FOLD%2Fwp-includes HTTP/2" 200 3863 "-" "Mozilla/5.0 AppleWebKit/537.36 (KHTML, like Gecko; compatible; ClaudeBot/1.0; +claudebot@anthropic.com)"
216.73.216.112 - - [30/Mar/2026:01:58:59 +0000] "GET /faq_category/5-visas?path=%2Fhome%2Ftourplannerslank%2Fpublic_html%2Fwp-includes%2Fjs%2Fcrop HTTP/2" 403 1242 "-" "Mozilla/5.0 AppleWebKit/537.36 (KHTML, like Gecko; compatible; ClaudeBot/1.0; +claudebot@anthropic.com)"
216.73.216.112 - - [30/Mar/2026:01:58:59 +0000] "GET /faq_category/5-visas?fileloc=%2Fhome%2Ftourplannerslank%2Fpublic_html%2Fwp-admin%2Fcss%2Fcommon.min.css&path=%2Fhome%2Ftourplannerslank%2Fpublic_html%2Fwp-admin%2Fcss HTTP/2" 403 1242 "-" "Mozilla/5.0 AppleWebKit/537.36 (KHTML, like Gecko; compatible; ClaudeBot/1.0; +claudebot@anthropic.com)"
95.63.20.197 - - [30/Mar/2026:01:58:59 +0000] "POST /wp-login.php HTTP/1.1" 200 3761 "https://www.tourplannerslanka.com/wp-login.php" "Mozilla/5.0 (Windows NT 10.0; Win64; x64) AppleWebKit/537.36 (KHTML, like Gecko) Chrome/120.0.0.0 Safari/537.36"
216.73.216.112 - - [30/Mar/2026:01:58:58 +0000] "GET /wp-sitemap.xml?fileloc=%2Fhome%2Ftourplannerslank%2Fpublic_html%2Fwp-includes%2Fwidgets%2Fclass-wp-widget-media-audio.php&path=%2Fhome%2Ftourplannerslank%2Fpublic_html%2Fwp-includes%2Fwidgets HTTP/2" 200 4770 "-" "Mozilla/5.0 AppleWebKit/537.36 (KHTML, like Gecko; compatible; ClaudeBot/1.0; +claudebot@anthropic.com)"
216.73.216.112 - - [30/Mar/2026:01:58:58 +0000] "GET /wp-sitemap.xml?fileloc=%2Fhome%2Ftourplannerslank%2Fpublic_html%2Fwp-includes%2FID3%2Fgetid3.lib.php&path=%2Fhome%2Ftourplannerslank%2Fpublic_html%2Fwp-includes%2FID3 HTTP/2" 200 15951 "-" "Mozilla/5.0 AppleWebKit/537.36 (KHTML, like Gecko; compatible; ClaudeBot/1.0; +claudebot@anthropic.com)"
216.73.216.112 - - [30/Mar/2026:01:58:50 +0000] "GET /wp-sitemap.xml?fileloc=%2Fhome%2Ftourplannerslank%2Fpublic_html%2FOLD%2Fwp-includes%2Fclass-wp-roles.php&path=%2Fhome%2Ftourplannerslank%2Fpublic_html%2FOLD%2Fwp-includes HTTP/2" 200 5152 "-" "Mozilla/5.0 AppleWebKit/537.36 (KHTML, like Gecko; compatible; ClaudeBot/1.0; +claudebot@anthropic.com)"
216.73.216.112 - - [30/Mar/2026:01:58:50 +0000] "GET /wp-sitemap.xml?path=%2Fhome%2Ftourplannerslank%2F.cpanel%2Fcaches HTTP/2" 200 2794 "-" "Mozilla/5.0 AppleWebKit/537.36 (KHTML, like Gecko; compatible; ClaudeBot/1.0; +claudebot@anthropic.com)"
216.73.216.112 - - [30/Mar/2026:01:58:59 +0000] "GET /wp-sitemap.xml?fileloc=%2F%2Flib64%2Flibglut.so.3&path=%2F%2Flib64 HTTP/2" 200 99119 "-" "Mozilla/5.0 AppleWebKit/537.36 (KHTML, like Gecko; compatible; ClaudeBot/1.0; +claudebot@anthropic.com)"
57.141.6.64 - - [30/Mar/2026:01:59:00 +0000] "GET /media_category-sitemap.xml?fileloc=/home/tourplannerslank/public_html/wp-admin/includes/class-wp-list-table-compat.php&path=/home/tourplannerslank/public_html/wp-admin/includes HTTP/2" 200 14136 "-" "meta-externalagent/1.1 (+https://developers.facebook.com/docs/sharing/webmasters/crawler)"
216.73.216.112 - - [30/Mar/2026:01:59:00 +0000] "GET /faq_category/5-visas?fileloc=%2F%2Fsbin%2Funix_chkpwd&path=%2F%2Fsbin HTTP/2" 403 1242 "-" "Mozilla/5.0 AppleWebKit/537.36 (KHTML, like Gecko; compatible; ClaudeBot/1.0; +claudebot@anthropic.com)"
