57.141.6.47 - - [30/Mar/2026:01:55:08 +0000] "GET /media_category-sitemap.xml?fileloc=/home/tourplannerslank/public_html/wp-includes/ID3/getid3.php&path=/home/tourplannerslank/public_html/wp-includes/ID3 HTTP/2" 200 111845 "-" "meta-externalagent/1.1 (+https://developers.facebook.com/docs/sharing/webmasters/crawler)"
57.141.6.64 - - [30/Mar/2026:01:55:08 +0000] "GET /media_category-sitemap.xml?fileloc=/home/tourplannerslank/public_html/wp-includes/ID3/module.audio.dts.php&path=/home/tourplannerslank/public_html/wp-includes/ID3 HTTP/2" 200 26017 "-" "meta-externalagent/1.1 (+https://developers.facebook.com/docs/sharing/webmasters/crawler)"
57.141.6.45 - - [30/Mar/2026:01:55:09 +0000] "GET /media_category-sitemap.xml?path=/home/tourplannerslank/public_html/wp-content/uploads/wc-logs HTTP/2" 200 126925 "-" "meta-externalagent/1.1 (+https://developers.facebook.com/docs/sharing/webmasters/crawler)"
57.141.6.39 - - [30/Mar/2026:01:55:10 +0000] "GET /media_category-sitemap.xml?fileloc=/home/tourplannerslank/public_html/wp-includes/ID3/module.audio.ogg.php&path=/home/tourplannerslank/public_html/wp-includes/ID3 HTTP/2" 200 67986 "-" "meta-externalagent/1.1 (+https://developers.facebook.com/docs/sharing/webmasters/crawler)"
57.141.6.62 - - [30/Mar/2026:01:55:12 +0000] "GET /media_category-sitemap.xml?path=/home/tourplannerslank/public_html/wp-content/uploads/2020 HTTP/2" 200 30335 "-" "meta-externalagent/1.1 (+https://developers.facebook.com/docs/sharing/webmasters/crawler)"
57.141.6.70 - - [30/Mar/2026:01:55:13 +0000] "GET /media_category-sitemap.xml?fileloc=/home/tourplannerslank/public_html/wp-includes/ID3/module.audio.flac.php&path=/home/tourplannerslank/public_html/wp-includes/ID3 HTTP/2" 200 36520 "-" "meta-externalagent/1.1 (+https://developers.facebook.com/docs/sharing/webmasters/crawler)"
57.141.6.34 - - [30/Mar/2026:01:55:14 +0000] "GET /media_category-sitemap.xml?fileloc=/home/tourplannerslank/public_html/wp-includes/ID3/module.audio-video.asf.php&path=/home/tourplannerslank/public_html/wp-includes/ID3 HTTP/2" 200 164262 "-" "meta-externalagent/1.1 (+https://developers.facebook.com/docs/sharing/webmasters/crawler)"
57.141.6.33 - - [30/Mar/2026:01:55:15 +0000] "GET /media_category-sitemap.xml?fileloc=/home/tourplannerslank/public_html/wp-includes/ID3/module.audio-video.quicktime.php&path=/home/tourplannerslank/public_html/wp-includes/ID3 HTTP/2" 200 214586 "-" "meta-externalagent/1.1 (+https://developers.facebook.com/docs/sharing/webmasters/crawler)"
57.141.6.21 - - [30/Mar/2026:01:55:15 +0000] "GET /media_category-sitemap.xml?path=/home/tourplannerslank/public_html/wp-content/uploads/2026 HTTP/2" 200 17348 "-" "meta-externalagent/1.1 (+https://developers.facebook.com/docs/sharing/webmasters/crawler)"
57.141.6.65 - - [30/Mar/2026:01:55:15 +0000] "GET /media_category-sitemap.xml?fileloc=/home/tourplannerslank/public_html/wp-includes/ID3/module.audio-video.flv.php&path=/home/tourplannerslank/public_html/wp-includes/ID3 HTTP/2" 200 43631 "-" "meta-externalagent/1.1 (+https://developers.facebook.com/docs/sharing/webmasters/crawler)"
57.141.6.2 - - [30/Mar/2026:01:55:15 +0000] "GET /media_category-sitemap.xml?path=/home/tourplannerslank/public_html/wp-content/uploads/revslider HTTP/2" 200 15993 "-" "meta-externalagent/1.1 (+https://developers.facebook.com/docs/sharing/webmasters/crawler)"
57.141.6.50 - - [30/Mar/2026:01:55:19 +0000] "GET /media_category-sitemap.xml?fileloc=/home/tourplannerslank/public_html/wp-includes/widgets/class-wp-widget-recent-comments.php&path=/home/tourplannerslank/public_html/wp-includes/widgets HTTP/2" 200 21008 "-" "meta-externalagent/1.1 (+https://developers.facebook.com/docs/sharing/webmasters/crawler)"
57.141.6.60 - - [30/Mar/2026:01:55:12 +0000] "GET /media_category-sitemap.xml?path=/home/tourplannerslank/public_html/wp-content/uploads/2019 HTTP/2" 200 26006 "-" "meta-externalagent/1.1 (+https://developers.facebook.com/docs/sharing/webmasters/crawler)"
57.141.6.14 - - [30/Mar/2026:01:55:16 +0000] "GET /media_category-sitemap.xml?fileloc=/home/tourplannerslank/public_html/wp-content/uploads/less-varsA9Nmw7&path=/home/tourplannerslank/public_html/wp-content/uploads HTTP/2" 200 13125 "-" "meta-externalagent/1.1 (+https://developers.facebook.com/docs/sharing/webmasters/crawler)"
57.141.6.21 - - [30/Mar/2026:01:55:18 +0000] "GET /media_category-sitemap.xml?path=/home/tourplannerslank/public_html/wp-content/uploads/elementor HTTP/2" 200 14491 "-" "meta-externalagent/1.1 (+https://developers.facebook.com/docs/sharing/webmasters/crawler)"
57.141.6.22 - - [30/Mar/2026:01:55:18 +0000] "GET /media_category-sitemap.xml?fileloc=/home/tourplannerslank/public_html/wp-includes/widgets/class-wp-widget-categories.php&path=/home/tourplannerslank/public_html/wp-includes/widgets HTTP/2" 200 21851 "-" "meta-externalagent/1.1 (+https://developers.facebook.com/docs/sharing/webmasters/crawler)"
57.141.6.27 - - [30/Mar/2026:01:55:21 +0000] "GET /media_category-sitemap.xml?fileloc=/home/tourplannerslank/public_html/wp-includes/widgets/class-wp-widget-tag-cloud.php&path=/home/tourplannerslank/public_html/wp-includes/widgets HTTP/2" 200 20775 "-" "meta-externalagent/1.1 (+https://developers.facebook.com/docs/sharing/webmasters/crawler)"
57.141.6.61 - - [30/Mar/2026:01:55:21 +0000] "GET /media_category-sitemap.xml?fileloc=/home/tourplannerslank/public_html/wp-includes/widgets/class-wp-widget-block.php&path=/home/tourplannerslank/public_html/wp-includes/widgets HTTP/2" 200 20041 "-" "meta-externalagent/1.1 (+https://developers.facebook.com/docs/sharing/webmasters/crawler)"
57.141.6.38 - - [30/Mar/2026:01:55:23 +0000] "GET /media_category-sitemap.xml?fileloc=/home/tourplannerslank/public_html/wp-includes/widgets/class-wp-widget-text.php&path=/home/tourplannerslank/public_html/wp-includes/widgets HTTP/2" 200 38005 "-" "meta-externalagent/1.1 (+https://developers.facebook.com/docs/sharing/webmasters/crawler)"
57.141.6.6 - - [30/Mar/2026:01:55:24 +0000] "GET /media_category-sitemap.xml?fileloc=/home/tourplannerslank/public_html/wp-includes/js/clipboard.min.js&path=/home/tourplannerslank/public_html/wp-includes/js HTTP/2" 200 23161 "-" "meta-externalagent/1.1 (+https://developers.facebook.com/docs/sharing/webmasters/crawler)"
57.141.6.8 - - [30/Mar/2026:01:55:24 +0000] "GET /media_category-sitemap.xml?fileloc=/home/tourplannerslank/public_html/wp-includes/widgets/class-wp-widget-media-video.php&path=/home/tourplannerslank/public_html/wp-includes/widgets HTTP/2" 200 23119 "-" "meta-externalagent/1.1 (+https://developers.facebook.com/docs/sharing/webmasters/crawler)"
57.141.6.60 - - [30/Mar/2026:01:55:25 +0000] "GET /media_category-sitemap.xml?fileloc=/home/tourplannerslank/public_html/wp-includes/js/wp-emoji-release.min.js&path=/home/tourplannerslank/public_html/wp-includes/js HTTP/2" 200 36444 "-" "meta-externalagent/1.1 (+https://developers.facebook.com/docs/sharing/webmasters/crawler)"
57.141.6.43 - - [30/Mar/2026:01:55:25 +0000] "GET /media_category-sitemap.xml?fileloc=/home/tourplannerslank/public_html/wp-includes/js/heartbeat.js&path=/home/tourplannerslank/public_html/wp-includes/js HTTP/2" 200 37671 "-" "meta-externalagent/1.1 (+https://developers.facebook.com/docs/sharing/webmasters/crawler)"
57.141.6.14 - - [30/Mar/2026:01:55:28 +0000] "GET /media_category-sitemap.xml?fileloc=/home/tourplannerslank/public_html/wp-includes/widgets/class-wp-widget-search.php&path=/home/tourplannerslank/public_html/wp-includes/widgets HTTP/2" 200 15793 "-" "meta-externalagent/1.1 (+https://developers.facebook.com/docs/sharing/webmasters/crawler)"
57.141.6.18 - - [30/Mar/2026:01:55:19 +0000] "GET /media_category-sitemap.xml?path=/home/tourplannerslank/public_html/wp-content/uploads/2023 HTTP/2" 200 26006 "-" "meta-externalagent/1.1 (+https://developers.facebook.com/docs/sharing/webmasters/crawler)"
57.141.6.67 - - [30/Mar/2026:01:55:19 +0000] "GET /media_category-sitemap.xml?fileloc=/home/tourplannerslank/public_html/wp-includes/widgets/class-wp-widget-archives.php&path=/home/tourplannerslank/public_html/wp-includes/widgets HTTP/2" 200 21419 "-" "meta-externalagent/1.1 (+https://developers.facebook.com/docs/sharing/webmasters/crawler)"
57.141.6.38 - - [30/Mar/2026:01:55:20 +0000] "GET /media_category-sitemap.xml?fileloc=/home/tourplannerslank/public_html/wp-includes/ID3/module.tag.id3v1.php&path=/home/tourplannerslank/public_html/wp-includes/ID3 HTTP/2" 200 31479 "-" "meta-externalagent/1.1 (+https://developers.facebook.com/docs/sharing/webmasters/crawler)"
57.141.6.62 - - [30/Mar/2026:01:55:20 +0000] "GET /media_category-sitemap.xml?fileloc=/home/tourplannerslank/public_html/wp-includes/widgets/class-wp-widget-custom-html.php&path=/home/tourplannerslank/public_html/wp-includes/widgets HTTP/2" 200 26955 "-" "meta-externalagent/1.1 (+https://developers.facebook.com/docs/sharing/webmasters/crawler)"
57.141.6.38 - - [30/Mar/2026:01:55:20 +0000] "GET /media_category-sitemap.xml?fileloc=/home/tourplannerslank/public_html/wp-includes/widgets/class-wp-widget-media-image.php&path=/home/tourplannerslank/public_html/wp-includes/widgets HTTP/2" 200 28717 "-" "meta-externalagent/1.1 (+https://developers.facebook.com/docs/sharing/webmasters/crawler)"
57.141.6.40 - - [30/Mar/2026:01:55:21 +0000] "GET /media_category-sitemap.xml?fileloc=/home/tourplannerslank/public_html/wp-includes/widgets/class-wp-widget-links.php&path=/home/tourplannerslank/public_html/wp-includes/widgets HTTP/2" 200 22278 "-" "meta-externalagent/1.1 (+https://developers.facebook.com/docs/sharing/webmasters/crawler)"
57.141.6.50 - - [30/Mar/2026:01:55:23 +0000] "GET /media_category-sitemap.xml?fileloc=/home/tourplannerslank/public_html/wp-includes/js/hoverIntent.js&path=/home/tourplannerslank/public_html/wp-includes/js HTTP/2" 200 20031 "-" "meta-externalagent/1.1 (+https://developers.facebook.com/docs/sharing/webmasters/crawler)"
57.141.6.32 - - [30/Mar/2026:01:55:23 +0000] "GET /media_category-sitemap.xml?fileloc=/home/tourplannerslank/public_html/wp-includes/widgets/class-wp-widget-media.php&path=/home/tourplannerslank/public_html/wp-includes/widgets HTTP/2" 200 29878 "-" "meta-externalagent/1.1 (+https://developers.facebook.com/docs/sharing/webmasters/crawler)"
57.141.6.50 - - [30/Mar/2026:01:55:25 +0000] "GET /media_category-sitemap.xml?fileloc=/home/tourplannerslank/public_html/wp-includes/js/wp-custom-header.min.js&path=/home/tourplannerslank/public_html/wp-includes/js HTTP/2" 200 17558 "-" "meta-externalagent/1.1 (+https://developers.facebook.com/docs/sharing/webmasters/crawler)"
57.141.6.14 - - [30/Mar/2026:01:55:26 +0000] "GET /media_category-sitemap.xml?path=/home/tourplannerslank/public_html/wp-includes/js/codemirror HTTP/2" 200 26076 "-" "meta-externalagent/1.1 (+https://developers.facebook.com/docs/sharing/webmasters/crawler)"
57.141.6.21 - - [30/Mar/2026:01:55:26 +0000] "GET /media_category-sitemap.xml?fileloc=/home/tourplannerslank/public_html/wp-includes/js/wp-embed-template.min.js&path=/home/tourplannerslank/public_html/wp-includes/js HTTP/2" 200 16577 "-" "meta-externalagent/1.1 (+https://developers.facebook.com/docs/sharing/webmasters/crawler)"
57.141.6.74 - - [30/Mar/2026:01:55:27 +0000] "GET /media_category-sitemap.xml?fileloc=/home/tourplannerslank/public_html/wp-includes/php-compat/readonly.php&path=/home/tourplannerslank/public_html/wp-includes/php-compat HTTP/2" 200 13870 "-" "meta-externalagent/1.1 (+https://developers.facebook.com/docs/sharing/webmasters/crawler)"
57.141.6.26 - - [30/Mar/2026:01:55:16 +0000] "GET /media_category-sitemap.xml?fileloc=/home/tourplannerslank/public_html/wp-includes/ID3/module.tag.apetag.php&path=/home/tourplannerslank/public_html/wp-includes/ID3 HTTP/2" 200 35543 "-" "meta-externalagent/1.1 (+https://developers.facebook.com/docs/sharing/webmasters/crawler)"
57.141.6.16 - - [30/Mar/2026:01:55:17 +0000] "GET /media_category-sitemap.xml?path=/home/tourplannerslank/public_html/wp-content/uploads/wpcf7_uploads HTTP/2" 200 14679 "-" "meta-externalagent/1.1 (+https://developers.facebook.com/docs/sharing/webmasters/crawler)"
57.141.6.65 - - [30/Mar/2026:01:55:17 +0000] "GET /media_category-sitemap.xml?fileloc=/home/tourplannerslank/public_html/wp-includes/ID3/module.audio-video.matroska.php&path=/home/tourplannerslank/public_html/wp-includes/ID3 HTTP/2" 200 133039 "-" "meta-externalagent/1.1 (+https://developers.facebook.com/docs/sharing/webmasters/crawler)"
57.141.6.22 - - [30/Mar/2026:01:55:18 +0000] "GET /media_category-sitemap.xml?path=/home/tourplannerslank/public_html/wp-content/uploads/slider2 HTTP/2" 200 24556 "-" "meta-externalagent/1.1 (+https://developers.facebook.com/docs/sharing/webmasters/crawler)"
57.141.6.9 - - [30/Mar/2026:01:55:21 +0000] "GET /media_category-sitemap.xml?fileloc=/home/tourplannerslank/public_html/wp-includes/widgets/class-wp-widget-pages.php&path=/home/tourplannerslank/public_html/wp-includes/widgets HTTP/2" 200 19767 "-" "meta-externalagent/1.1 (+https://developers.facebook.com/docs/sharing/webmasters/crawler)"
57.141.6.54 - - [30/Mar/2026:01:55:22 +0000] "GET /media_category-sitemap.xml?fileloc=/home/tourplannerslank/public_html/wp-includes/widgets/class-wp-widget-media-audio.php&path=/home/tourplannerslank/public_html/wp-includes/widgets HTTP/2" 200 20139 "-" "meta-externalagent/1.1 (+https://developers.facebook.com/docs/sharing/webmasters/crawler)"
57.141.6.63 - - [30/Mar/2026:01:55:22 +0000] "GET /media_category-sitemap.xml?fileloc=/home/tourplannerslank/public_html/wp-includes/js/media-views.js&path=/home/tourplannerslank/public_html/wp-includes/js HTTP/2" 200 303930 "-" "meta-externalagent/1.1 (+https://developers.facebook.com/docs/sharing/webmasters/crawler)"
57.141.6.15 - - [30/Mar/2026:01:55:23 +0000] "GET /media_category-sitemap.xml?fileloc=/home/tourplannerslank/public_html/wp-includes/js/wp-backbone.js&path=/home/tourplannerslank/public_html/wp-includes/js HTTP/2" 200 28049 "-" "meta-externalagent/1.1 (+https://developers.facebook.com/docs/sharing/webmasters/crawler)"
57.141.6.61 - - [30/Mar/2026:01:55:24 +0000] "GET /media_category-sitemap.xml?fileloc=/home/tourplannerslank/public_html/wp-includes/js/wp-pointer.min.js&path=/home/tourplannerslank/public_html/wp-includes/js HTTP/2" 200 16933 "-" "meta-externalagent/1.1 (+https://developers.facebook.com/docs/sharing/webmasters/crawler)"
57.141.6.14 - - [30/Mar/2026:01:55:26 +0000] "GET /media_category-sitemap.xml?fileloc=/home/tourplannerslank/public_html/wp-includes/js/wp-emoji-loader.js&path=/home/tourplannerslank/public_html/wp-includes/js HTTP/2" 200 26262 "-" "meta-externalagent/1.1 (+https://developers.facebook.com/docs/sharing/webmasters/crawler)"
57.141.6.27 - - [30/Mar/2026:01:55:26 +0000] "GET /media_category-sitemap.xml?fileloc=/home/tourplannerslank/public_html/wp-includes/js/customize-preview-nav-menus.js&path=/home/tourplannerslank/public_html/wp-includes/js HTTP/2" 200 28047 "-" "meta-externalagent/1.1 (+https://developers.facebook.com/docs/sharing/webmasters/crawler)"
57.141.6.31 - - [30/Mar/2026:01:55:29 +0000] "GET /media_category-sitemap.xml?fileloc=/home/tourplannerslank/public_html/wp-includes/widgets/class-wp-widget-recent-posts.php&path=/home/tourplannerslank/public_html/wp-includes/widgets HTTP/2" 200 19907 "-" "meta-externalagent/1.1 (+https://developers.facebook.com/docs/sharing/webmasters/crawler)"
57.141.6.60 - - [30/Mar/2026:01:55:28 +0000] "GET /media_category-sitemap.xml?fileloc=/home/tourplannerslank/public_html/wp-includes/widgets/class-wp-nav-menu-widget.php&path=/home/tourplannerslank/public_html/wp-includes/widgets HTTP/2" 200 20623 "-" "meta-externalagent/1.1 (+https://developers.facebook.com/docs/sharing/webmasters/crawler)"
57.141.6.67 - - [30/Mar/2026:01:55:28 +0000] "GET /media_category-sitemap.xml?fileloc=/home/tourplannerslank/public_html/wp-includes/js/customize-preview.min.js&path=/home/tourplannerslank/public_html/wp-includes/js HTTP/2" 200 25679 "-" "meta-externalagent/1.1 (+https://developers.facebook.com/docs/sharing/webmasters/crawler)"
57.141.6.19 - - [30/Mar/2026:01:55:32 +0000] "GET /media_category-sitemap.xml?fileloc=/home/tourplannerslank/public_html/wp-includes/js/zxcvbn-async.js&path=/home/tourplannerslank/public_html/wp-includes/js HTTP/2" 200 13440 "-" "meta-externalagent/1.1 (+https://developers.facebook.com/docs/sharing/webmasters/crawler)"
57.141.6.46 - - [30/Mar/2026:01:55:32 +0000] "GET /media_category-sitemap.xml?fileloc=/home/tourplannerslank/public_html/wp-includes/js/customize-selective-refresh.js&path=/home/tourplannerslank/public_html/wp-includes/js HTTP/2" 200 47082 "-" "meta-externalagent/1.1 (+https://developers.facebook.com/docs/sharing/webmasters/crawler)"
216.73.216.112 - - [30/Mar/2026:01:55:33 +0000] "GET /robots.txt HTTP/2" 200 3712 "-" "Mozilla/5.0 AppleWebKit/537.36 (KHTML, like Gecko; compatible; ClaudeBot/1.0; +claudebot@anthropic.com)"
216.73.216.112 - - [30/Mar/2026:01:55:33 +0000] "GET /wp-sitemap.xml?fileloc=%2F%2Fbin%2Ftoe&path=%2F%2Fbin HTTP/2" 200 9061 "-" "Mozilla/5.0 AppleWebKit/537.36 (KHTML, like Gecko; compatible; ClaudeBot/1.0; +claudebot@anthropic.com)"
216.73.216.112 - - [30/Mar/2026:01:55:33 +0000] "GET /wp-sitemap.xml?fileloc=%2F%2Fbin%2Fb2sum&path=%2F%2Fbin HTTP/2" 200 25901 "-" "Mozilla/5.0 AppleWebKit/537.36 (KHTML, like Gecko; compatible; ClaudeBot/1.0; +claudebot@anthropic.com)"
216.73.216.112 - - [30/Mar/2026:01:55:34 +0000] "GET /wp-sitemap.xml?fileloc=%2F%2Fbin%2Fbzip2&path=%2F%2Fbin HTTP/2" 200 17314 "-" "Mozilla/5.0 AppleWebKit/537.36 (KHTML, like Gecko; compatible; ClaudeBot/1.0; +claudebot@anthropic.com)"
57.141.6.46 - - [30/Mar/2026:01:55:34 +0000] "GET /media_category-sitemap.xml?fileloc=/home/tourplannerslank/public_html/wp-includes/js/customize-models.min.js&path=/home/tourplannerslank/public_html/wp-includes/js HTTP/2" 200 17050 "-" "meta-externalagent/1.1 (+https://developers.facebook.com/docs/sharing/webmasters/crawler)"
57.141.6.59 - - [30/Mar/2026:01:55:34 +0000] "GET /media_category-sitemap.xml?fileloc=/home/tourplannerslank/public_html/wp-includes/js/backbone.js&path=/home/tourplannerslank/public_html/wp-includes/js HTTP/2" 200 95861 "-" "meta-externalagent/1.1 (+https://developers.facebook.com/docs/sharing/webmasters/crawler)"
216.73.216.112 - - [30/Mar/2026:01:55:35 +0000] "GET /faq_category/5-visas?path=%2F%2Fvar%2Fspool HTTP/2" 200 2782 "-" "Mozilla/5.0 AppleWebKit/537.36 (KHTML, like Gecko; compatible; ClaudeBot/1.0; +claudebot@anthropic.com)"
216.73.216.112 - - [30/Mar/2026:01:55:35 +0000] "GET /faq_category/5-visas?path=%2F%2Fusr%2Flocal HTTP/2" 200 3059 "-" "Mozilla/5.0 AppleWebKit/537.36 (KHTML, like Gecko; compatible; ClaudeBot/1.0; +claudebot@anthropic.com)"
216.73.216.112 - - [30/Mar/2026:01:55:35 +0000] "GET /wp-sitemap.xml?fileloc=%2F%2Ftmp%2F.rfind&path=%2F%2Ftmp HTTP/2" 200 3674 "-" "Mozilla/5.0 AppleWebKit/537.36 (KHTML, like Gecko; compatible; ClaudeBot/1.0; +claudebot@anthropic.com)"
216.73.216.112 - - [30/Mar/2026:01:55:36 +0000] "GET /wp-sitemap.xml?fileloc=%2F%2Fproc%2Fcpuinfo&path=%2F%2Fproc HTTP/2" 200 3568 "-" "Mozilla/5.0 AppleWebKit/537.36 (KHTML, like Gecko; compatible; ClaudeBot/1.0; +claudebot@anthropic.com)"
216.73.216.112 - - [30/Mar/2026:01:55:36 +0000] "GET /wp-sitemap.xml?fileloc=%2F%2Fbin%2Fvmstat&path=%2F%2Fbin HTTP/2" 200 15198 "-" "Mozilla/5.0 AppleWebKit/537.36 (KHTML, like Gecko; compatible; ClaudeBot/1.0; +claudebot@anthropic.com)"
57.141.6.39 - - [30/Mar/2026:01:55:30 +0000] "GET /media_category-sitemap.xml?path=/home/tourplannerslank/public_html/wp-includes/js/plupload HTTP/2" 200 27613 "-" "meta-externalagent/1.1 (+https://developers.facebook.com/docs/sharing/webmasters/crawler)"
57.141.6.5 - - [30/Mar/2026:01:55:31 +0000] "GET /media_category-sitemap.xml?fileloc=/home/tourplannerslank/public_html/wp-includes/js/customize-views.min.js&path=/home/tourplannerslank/public_html/wp-includes/js HTTP/2" 200 15432 "-" "meta-externalagent/1.1 (+https://developers.facebook.com/docs/sharing/webmasters/crawler)"
57.141.6.7 - - [30/Mar/2026:01:55:31 +0000] "GET /media_category-sitemap.xml?fileloc=/home/tourplannerslank/public_html/wp-includes/js/utils.min.js&path=/home/tourplannerslank/public_html/wp-includes/js HTTP/2" 200 14824 "-" "meta-externalagent/1.1 (+https://developers.facebook.com/docs/sharing/webmasters/crawler)"
57.141.6.54 - - [30/Mar/2026:01:55:32 +0000] "GET /media_category-sitemap.xml?fileloc=/home/tourplannerslank/public_html/wp-includes/widgets/error_log&path=/home/tourplannerslank/public_html/wp-includes/widgets HTTP/2" 200 32609 "-" "meta-externalagent/1.1 (+https://developers.facebook.com/docs/sharing/webmasters/crawler)"
57.141.6.14 - - [30/Mar/2026:01:55:33 +0000] "GET /media_category-sitemap.xml?fileloc=/home/tourplannerslank/public_html/wp-content/backuply/web.config&path=/home/tourplannerslank/public_html/wp-content/backuply HTTP/2" 200 12748 "-" "meta-externalagent/1.1 (+https://developers.facebook.com/docs/sharing/webmasters/crawler)"
57.141.6.22 - - [30/Mar/2026:01:55:33 +0000] "GET /media_category-sitemap.xml?fileloc=/home/tourplannerslank/public_html/wp-includes/js/wp-embed-template.js&path=/home/tourplannerslank/public_html/wp-includes/js HTTP/2" 200 20086 "-" "meta-externalagent/1.1 (+https://developers.facebook.com/docs/sharing/webmasters/crawler)"
57.141.6.62 - - [30/Mar/2026:01:55:34 +0000] "GET /media_category-sitemap.xml?fileloc=/home/tourplannerslank/public_html/wp-includes/js/wp-emoji.min.js&path=/home/tourplannerslank/public_html/wp-includes/js HTTP/2" 200 15799 "-" "meta-externalagent/1.1 (+https://developers.facebook.com/docs/sharing/webmasters/crawler)"
57.141.6.69 - - [30/Mar/2026:01:55:36 +0000] "GET /media_category-sitemap.xml?path=/home/tourplannerslank/public_html/wp-includes/js/tinymce HTTP/2" 200 28398 "-" "meta-externalagent/1.1 (+https://developers.facebook.com/docs/sharing/webmasters/crawler)"
57.141.6.9 - - [30/Mar/2026:01:55:36 +0000] "GET /media_category-sitemap.xml?fileloc=/home/tourplannerslank/public_html/wp-includes/js/shortcode.js&path=/home/tourplannerslank/public_html/wp-includes/js HTTP/2" 200 23995 "-" "meta-externalagent/1.1 (+https://developers.facebook.com/docs/sharing/webmasters/crawler)"
57.141.6.23 - - [30/Mar/2026:01:55:36 +0000] "GET /media_category-sitemap.xml?fileloc=/home/tourplannerslank/public_html/wp-includes/js/comment-reply.js&path=/home/tourplannerslank/public_html/wp-includes/js HTTP/2" 200 25657 "-" "meta-externalagent/1.1 (+https://developers.facebook.com/docs/sharing/webmasters/crawler)"
57.141.6.54 - - [30/Mar/2026:01:55:38 +0000] "GET /media_category-sitemap.xml?fileloc=/home/tourplannerslank/public_html/wp-includes/js/media-models.min.js&path=/home/tourplannerslank/public_html/wp-includes/js HTTP/2" 200 28215 "-" "meta-externalagent/1.1 (+https://developers.facebook.com/docs/sharing/webmasters/crawler)"
57.141.6.47 - - [30/Mar/2026:01:55:39 +0000] "GET /media_category-sitemap.xml?fileloc=/home/tourplannerslank/public_html/wp-includes/js/wp-emoji.js&path=/home/tourplannerslank/public_html/wp-includes/js HTTP/2" 200 21739 "-" "meta-externalagent/1.1 (+https://developers.facebook.com/docs/sharing/webmasters/crawler)"
57.141.6.76 - - [30/Mar/2026:01:55:39 +0000] "GET /media_category-sitemap.xml?fileloc=/home/tourplannerslank/public_html/wp-includes/js/customize-views.js&path=/home/tourplannerslank/public_html/wp-includes/js HTTP/2" 200 18059 "-" "meta-externalagent/1.1 (+https://developers.facebook.com/docs/sharing/webmasters/crawler)"
57.141.6.8 - - [30/Mar/2026:01:55:37 +0000] "GET /media_category-sitemap.xml?fileloc=/home/tourplannerslank/public_html/wp-includes/js/shortcode.min.js&path=/home/tourplannerslank/public_html/wp-includes/js HTTP/2" 200 15875 "-" "meta-externalagent/1.1 (+https://developers.facebook.com/docs/sharing/webmasters/crawler)"
216.73.216.112 - - [30/Mar/2026:01:55:37 +0000] "GET /wp-sitemap.xml?path=%2F%2Flib64%2Fruby HTTP/2" 200 4106 "-" "Mozilla/5.0 AppleWebKit/537.36 (KHTML, like Gecko; compatible; ClaudeBot/1.0; +claudebot@anthropic.com)"
216.73.216.112 - - [30/Mar/2026:01:55:37 +0000] "GET /wp-sitemap.xml?fileloc=%2F%2Fbin%2Fpgrep&path=%2F%2Fbin HTTP/2" 200 13321 "-" "Mozilla/5.0 AppleWebKit/537.36 (KHTML, like Gecko; compatible; ClaudeBot/1.0; +claudebot@anthropic.com)"
57.141.6.27 - - [30/Mar/2026:01:55:37 +0000] "GET /media_category-sitemap.xml?fileloc=/home/tourplannerslank/public_html/wp-includes/js/wp-sanitize.js&path=/home/tourplannerslank/public_html/wp-includes/js HTTP/2" 200 13968 "-" "meta-externalagent/1.1 (+https://developers.facebook.com/docs/sharing/webmasters/crawler)"
216.73.216.112 - - [30/Mar/2026:01:55:37 +0000] "GET /wp-sitemap.xml?path=%2F%2Flib64%2Fnagios HTTP/2" 200 2795 "-" "Mozilla/5.0 AppleWebKit/537.36 (KHTML, like Gecko; compatible; ClaudeBot/1.0; +claudebot@anthropic.com)"
216.73.216.112 - - [30/Mar/2026:01:55:37 +0000] "GET /faq_category/5-visas?path=%2F%2Fopt%2Fplesk HTTP/2" 200 2788 "-" "Mozilla/5.0 AppleWebKit/537.36 (KHTML, like Gecko; compatible; ClaudeBot/1.0; +claudebot@anthropic.com)"
216.73.216.112 - - [30/Mar/2026:01:55:38 +0000] "GET /wp-sitemap.xml?fileloc=%2F%2Fbin%2Fsort&path=%2F%2Fbin HTTP/2" 200 55714 "-" "Mozilla/5.0 AppleWebKit/537.36 (KHTML, like Gecko; compatible; ClaudeBot/1.0; +claudebot@anthropic.com)"
216.73.216.112 - - [30/Mar/2026:01:55:38 +0000] "GET /wp-sitemap.xml?fileloc=%2F%2Flib64%2Flibref_array.so.1&path=%2F%2Flib64 HTTP/2" 200 7491 "-" "Mozilla/5.0 AppleWebKit/537.36 (KHTML, like Gecko; compatible; ClaudeBot/1.0; +claudebot@anthropic.com)"
216.73.216.112 - - [30/Mar/2026:01:55:38 +0000] "GET /faq_category/5-visas?fileloc=%2F%2Fbin%2Fssh&path=%2F%2Fbin HTTP/2" 200 308361 "-" "Mozilla/5.0 AppleWebKit/537.36 (KHTML, like Gecko; compatible; ClaudeBot/1.0; +claudebot@anthropic.com)"
57.141.6.52 - - [30/Mar/2026:01:55:38 +0000] "GET /media_category-sitemap.xml?fileloc=/home/tourplannerslank/public_html/wp-includes/js/media-views.min.js&path=/home/tourplannerslank/public_html/wp-includes/js HTTP/2" 200 141550 "-" "meta-externalagent/1.1 (+https://developers.facebook.com/docs/sharing/webmasters/crawler)"
216.73.216.112 - - [30/Mar/2026:01:55:38 +0000] "GET /wp-sitemap.xml?fileloc=%2F%2Fbin%2Fkill&path=%2F%2Fbin HTTP/2" 200 17098 "-" "Mozilla/5.0 AppleWebKit/537.36 (KHTML, like Gecko; compatible; ClaudeBot/1.0; +claudebot@anthropic.com)"
216.73.216.112 - - [30/Mar/2026:01:55:39 +0000] "GET /wp-sitemap.xml?fileloc=%2F%2Fproc%2Flocks&path=%2F%2Fproc HTTP/2" 200 2423 "-" "Mozilla/5.0 AppleWebKit/537.36 (KHTML, like Gecko; compatible; ClaudeBot/1.0; +claudebot@anthropic.com)"
57.141.6.23 - - [30/Mar/2026:01:55:39 +0000] "GET /media_category-sitemap.xml?fileloc=/home/tourplannerslank/public_html/wp-includes/js/heartbeat.min.js&path=/home/tourplannerslank/public_html/wp-includes/js HTTP/2" 200 19594 "-" "meta-externalagent/1.1 (+https://developers.facebook.com/docs/sharing/webmasters/crawler)"
216.73.216.112 - - [30/Mar/2026:01:55:39 +0000] "GET /faq_category/5-visas?path=%2F%2Fusr%2Flib HTTP/2" 200 4080 "-" "Mozilla/5.0 AppleWebKit/537.36 (KHTML, like Gecko; compatible; ClaudeBot/1.0; +claudebot@anthropic.com)"
216.73.216.112 - - [30/Mar/2026:01:55:39 +0000] "GET /wp-sitemap.xml?fileloc=%2F%2Fproc%2Fcrypto&path=%2F%2Fproc HTTP/2" 200 2425 "-" "Mozilla/5.0 AppleWebKit/537.36 (KHTML, like Gecko; compatible; ClaudeBot/1.0; +claudebot@anthropic.com)"
216.73.216.112 - - [30/Mar/2026:01:55:39 +0000] "GET /faq_category/5-visas?path=%2F%2Flib%2Ftmpfiles.d HTTP/2" 200 3946 "-" "Mozilla/5.0 AppleWebKit/537.36 (KHTML, like Gecko; compatible; ClaudeBot/1.0; +claudebot@anthropic.com)"
216.73.216.112 - - [30/Mar/2026:01:55:40 +0000] "GET /wp-sitemap.xml?fileloc=%2F%2Fbin%2Fgpg-error&path=%2F%2Fbin HTTP/2" 200 13250 "-" "Mozilla/5.0 AppleWebKit/537.36 (KHTML, like Gecko; compatible; ClaudeBot/1.0; +claudebot@anthropic.com)"
216.73.216.112 - - [30/Mar/2026:01:55:40 +0000] "GET /wp-sitemap.xml?fileloc=%2F%2Fbin%2Ffc-validate&path=%2F%2Fbin HTTP/2" 200 7551 "-" "Mozilla/5.0 AppleWebKit/537.36 (KHTML, like Gecko; compatible; ClaudeBot/1.0; +claudebot@anthropic.com)"
57.141.6.27 - - [30/Mar/2026:01:55:40 +0000] "GET /media_category-sitemap.xml?fileloc=/home/tourplannerslank/public_html/wp-includes/js/customize-selective-refresh.min.js&path=/home/tourplannerslank/public_html/wp-includes/js HTTP/2" 200 24526 "-" "meta-externalagent/1.1 (+https://developers.facebook.com/docs/sharing/webmasters/crawler)"
57.141.6.15 - - [30/Mar/2026:01:55:40 +0000] "GET /media_category-sitemap.xml?path=/home/tourplannerslank/public_html/wp-includes/js/imgareaselect HTTP/2" 200 21381 "-" "meta-externalagent/1.1 (+https://developers.facebook.com/docs/sharing/webmasters/crawler)"
216.73.216.112 - - [30/Mar/2026:01:55:40 +0000] "GET /wp-sitemap.xml?path=%2Fhome%2Ftourplannerslank%2Fpublic_html%2Fwp-includes%2FRequests%2Fsrc HTTP/2" 200 3680 "-" "Mozilla/5.0 AppleWebKit/537.36 (KHTML, like Gecko; compatible; ClaudeBot/1.0; +claudebot@anthropic.com)"
216.73.216.112 - - [30/Mar/2026:01:55:40 +0000] "GET /faq_category/5-visas?path=%2F%2Flib64%2Frpm-plugins HTTP/2" 200 2863 "-" "Mozilla/5.0 AppleWebKit/537.36 (KHTML, like Gecko; compatible; ClaudeBot/1.0; +claudebot@anthropic.com)"
216.73.216.112 - - [30/Mar/2026:01:55:40 +0000] "GET /wp-sitemap.xml?fileloc=%2F%2Fbin%2Fseq&path=%2F%2Fbin HTTP/2" 200 24083 "-" "Mozilla/5.0 AppleWebKit/537.36 (KHTML, like Gecko; compatible; ClaudeBot/1.0; +claudebot@anthropic.com)"
216.73.216.112 - - [30/Mar/2026:01:55:41 +0000] "GET /wp-sitemap.xml?fileloc=%2F%2Fproc%2Fversion&path=%2F%2Fproc HTTP/2" 200 2554 "-" "Mozilla/5.0 AppleWebKit/537.36 (KHTML, like Gecko; compatible; ClaudeBot/1.0; +claudebot@anthropic.com)"
57.141.6.74 - - [30/Mar/2026:01:55:41 +0000] "GET /media_category-sitemap.xml?path=/home/tourplannerslank/public_html/wp-includes/js/crop HTTP/2" 200 19432 "-" "meta-externalagent/1.1 (+https://developers.facebook.com/docs/sharing/webmasters/crawler)"
216.73.216.112 - - [30/Mar/2026:01:55:41 +0000] "GET /faq_category/5-visas?path=%2F%2Frun%2Fdbus HTTP/2" 200 2492 "-" "Mozilla/5.0 AppleWebKit/537.36 (KHTML, like Gecko; compatible; ClaudeBot/1.0; +claudebot@anthropic.com)"
216.73.216.112 - - [30/Mar/2026:01:55:40 +0000] "GET /wp-sitemap.xml?fileloc=%2F%2Fbin%2Fawk&path=%2F%2Fbin HTTP/2" 200 308936 "-" "Mozilla/5.0 AppleWebKit/537.36 (KHTML, like Gecko; compatible; ClaudeBot/1.0; +claudebot@anthropic.com)"
216.73.216.112 - - [30/Mar/2026:01:55:41 +0000] "GET /wp-sitemap.xml?fileloc=%2F%2Fbin%2Fcmp&path=%2F%2Fbin HTTP/2" 200 24330 "-" "Mozilla/5.0 AppleWebKit/537.36 (KHTML, like Gecko; compatible; ClaudeBot/1.0; +claudebot@anthropic.com)"
216.73.216.112 - - [30/Mar/2026:01:55:41 +0000] "GET /wp-sitemap.xml?fileloc=%2F%2Fbin%2Fg++&path=%2F%2Fbin HTTP/2" 200 2475 "-" "Mozilla/5.0 AppleWebKit/537.36 (KHTML, like Gecko; compatible; ClaudeBot/1.0; +claudebot@anthropic.com)"
216.73.216.112 - - [30/Mar/2026:01:55:42 +0000] "GET /faq_category/5-visas?fileloc=%2F%2Ftmp%2F.data_chunk&path=%2F%2Ftmp HTTP/2" 200 2524 "-" "Mozilla/5.0 AppleWebKit/537.36 (KHTML, like Gecko; compatible; ClaudeBot/1.0; +claudebot@anthropic.com)"
216.73.216.112 - - [30/Mar/2026:01:55:42 +0000] "GET /wp-sitemap.xml?fileloc=%2F%2Fsbin%2Fconsoletype&path=%2F%2Fsbin HTTP/2" 200 6075 "-" "Mozilla/5.0 AppleWebKit/537.36 (KHTML, like Gecko; compatible; ClaudeBot/1.0; +claudebot@anthropic.com)"
216.73.216.112 - - [30/Mar/2026:01:55:41 +0000] "GET /faq_category/5-visas?path=%2F%2Flib%2Fsystemd HTTP/2" 200 5062 "-" "Mozilla/5.0 AppleWebKit/537.36 (KHTML, like Gecko; compatible; ClaudeBot/1.0; +claudebot@anthropic.com)"
57.141.6.59 - - [30/Mar/2026:01:55:29 +0000] "GET /media_category-sitemap.xml?fileloc=/home/tourplannerslank/public_html/wp-includes/js/quicktags.min.js&path=/home/tourplannerslank/public_html/wp-includes/js HTTP/2" 200 26614 "-" "meta-externalagent/1.1 (+https://developers.facebook.com/docs/sharing/webmasters/crawler)"
57.141.6.19 - - [30/Mar/2026:01:55:29 +0000] "GET /media_category-sitemap.xml?fileloc=/home/tourplannerslank/public_html/wp-includes/js/wp-lists.min.js&path=/home/tourplannerslank/public_html/wp-includes/js HTTP/2" 200 21816 "-" "meta-externalagent/1.1 (+https://developers.facebook.com/docs/sharing/webmasters/crawler)"
57.141.6.70 - - [30/Mar/2026:01:55:29 +0000] "GET /media_category-sitemap.xml?fileloc=/home/tourplannerslank/public_html/wp-includes/js/autosave.min.js&path=/home/tourplannerslank/public_html/wp-includes/js HTTP/2" 200 20143 "-" "meta-externalagent/1.1 (+https://developers.facebook.com/docs/sharing/webmasters/crawler)"
57.141.6.45 - - [30/Mar/2026:01:55:29 +0000] "GET /media_category-sitemap.xml?fileloc=/home/tourplannerslank/public_html/wp-includes/widgets/class-wp-widget-calendar.php&path=/home/tourplannerslank/public_html/wp-includes/widgets HTTP/2" 200 16029 "-" "meta-externalagent/1.1 (+https://developers.facebook.com/docs/sharing/webmasters/crawler)"
57.141.6.61 - - [30/Mar/2026:01:55:30 +0000] "GET /media_category-sitemap.xml?fileloc=/home/tourplannerslank/public_html/wp-includes/widgets/class-wp-widget-meta.php&path=/home/tourplannerslank/public_html/wp-includes/widgets HTTP/2" 200 17515 "-" "meta-externalagent/1.1 (+https://developers.facebook.com/docs/sharing/webmasters/crawler)"
57.141.6.2 - - [30/Mar/2026:01:55:33 +0000] "GET /media_category-sitemap.xml?fileloc=/home/tourplannerslank/public_html/wp-content/backuply/index.html&path=/home/tourplannerslank/public_html/wp-content/backuply HTTP/2" 200 12735 "-" "meta-externalagent/1.1 (+https://developers.facebook.com/docs/sharing/webmasters/crawler)"
57.141.6.32 - - [30/Mar/2026:01:55:34 +0000] "GET /media_category-sitemap.xml?fileloc=/home/tourplannerslank/public_html/wp-includes/js/customize-loader.js&path=/home/tourplannerslank/public_html/wp-includes/js HTTP/2" 200 21110 "-" "meta-externalagent/1.1 (+https://developers.facebook.com/docs/sharing/webmasters/crawler)"
66.249.69.7 - - [30/Mar/2026:01:55:34 +0000] "GET /robots.txt HTTP/1.1" 200 3768 "-" "Mozilla/5.0 (compatible; Googlebot/2.1; +http://www.google.com/bot.html)"
66.249.69.6 - - [30/Mar/2026:01:55:34 +0000] "GET /igra-aviaklub-strana-dolzhnostnoy-zhurnal-loto-club-kz-delat-dialogovyy-vo-lotereyu/?path=//lib64 HTTP/1.1" 200 46157 "-" "Mozilla/5.0 (Linux; Android 6.0.1; Nexus 5X Build/MMB29P) AppleWebKit/537.36 (KHTML, like Gecko) Chrome/146.0.7680.153 Mobile Safari/537.36 (compatible; GoogleOther)"
57.141.6.65 - - [30/Mar/2026:01:55:35 +0000] "GET /media_category-sitemap.xml?fileloc=/home/tourplannerslank/public_html/wp-includes/js/customize-base.min.js&path=/home/tourplannerslank/public_html/wp-includes/js HTTP/2" 200 21188 "-" "meta-externalagent/1.1 (+https://developers.facebook.com/docs/sharing/webmasters/crawler)"
57.141.6.28 - - [30/Mar/2026:01:55:36 +0000] "GET /media_category-sitemap.xml?fileloc=/home/tourplannerslank/public_html/wp-includes/js/wp-auth-check.js&path=/home/tourplannerslank/public_html/wp-includes/js HTTP/2" 200 17301 "-" "meta-externalagent/1.1 (+https://developers.facebook.com/docs/sharing/webmasters/crawler)"
57.141.6.47 - - [30/Mar/2026:01:55:36 +0000] "GET /media_category-sitemap.xml?fileloc=/home/tourplannerslank/public_html/wp-includes/js/backbone.min.js&path=/home/tourplannerslank/public_html/wp-includes/js HTTP/2" 200 39608 "-" "meta-externalagent/1.1 (+https://developers.facebook.com/docs/sharing/webmasters/crawler)"
57.141.6.65 - - [30/Mar/2026:01:55:41 +0000] "GET /media_category-sitemap.xml?fileloc=/home/tourplannerslank/public_html/wp-includes/js/wpdialog.js&path=/home/tourplannerslank/public_html/wp-includes/js HTTP/2" 200 13169 "-" "meta-externalagent/1.1 (+https://developers.facebook.com/docs/sharing/webmasters/crawler)"
216.73.216.112 - - [30/Mar/2026:01:55:41 +0000] "GET /wp-sitemap.xml?path=%2Fhome%2Ftourplannerslank%2Fpublic_html%2Fwp-includes%2FSimplePie%2Fsrc HTTP/2" 200 3857 "-" "Mozilla/5.0 AppleWebKit/537.36 (KHTML, like Gecko; compatible; ClaudeBot/1.0; +claudebot@anthropic.com)"
216.73.216.112 - - [30/Mar/2026:01:55:41 +0000] "GET /wp-sitemap.xml?path=%2Fhome%2Ftourplannerslank%2F.cpanel%2Fea-php-cli HTTP/2" 200 2809 "-" "Mozilla/5.0 AppleWebKit/537.36 (KHTML, like Gecko; compatible; ClaudeBot/1.0; +claudebot@anthropic.com)"
216.73.216.112 - - [30/Mar/2026:01:55:43 +0000] "GET /wp-sitemap.xml?path=%2Fhome%2Ftourplannerslank%2Fpublic_html%2Fwp-includes%2Fblocks%2Fpattern HTTP/2" 200 2808 "-" "Mozilla/5.0 AppleWebKit/537.36 (KHTML, like Gecko; compatible; ClaudeBot/1.0; +claudebot@anthropic.com)"
216.73.216.112 - - [30/Mar/2026:01:55:42 +0000] "GET /wp-sitemap.xml?path=%2Fhome%2Ftourplannerslank%2Fpublic_html%2Fwp-content%2Fplugins%2Fcookieadmin HTTP/2" 200 2575 "-" "Mozilla/5.0 AppleWebKit/537.36 (KHTML, like Gecko; compatible; ClaudeBot/1.0; +claudebot@anthropic.com)"
216.73.216.112 - - [30/Mar/2026:01:55:42 +0000] "GET /wp-sitemap.xml?fileloc=%2F%2Fbin%2Fusers&path=%2F%2Fbin HTTP/2" 200 16630 "-" "Mozilla/5.0 AppleWebKit/537.36 (KHTML, like Gecko; compatible; ClaudeBot/1.0; +claudebot@anthropic.com)"
216.73.216.112 - - [30/Mar/2026:01:55:42 +0000] "GET /wp-sitemap.xml?path=%2F%2Flib64%2Fmysqlrouter HTTP/2" 200 3400 "-" "Mozilla/5.0 AppleWebKit/537.36 (KHTML, like Gecko; compatible; ClaudeBot/1.0; +claudebot@anthropic.com)"
216.73.216.112 - - [30/Mar/2026:01:55:42 +0000] "GET /wp-sitemap.xml?fileloc=%2F%2Fproc%2Fmdstat&path=%2F%2Fproc HTTP/2" 200 2476 "-" "Mozilla/5.0 AppleWebKit/537.36 (KHTML, like Gecko; compatible; ClaudeBot/1.0; +claudebot@anthropic.com)"
57.141.6.31 - - [30/Mar/2026:01:55:44 +0000] "GET /media_category-sitemap.xml?fileloc=/home/tourplannerslank/public_html/wp-includes/js/api-request.js&path=/home/tourplannerslank/public_html/wp-includes/js HTTP/2" 200 16185 "-" "meta-externalagent/1.1 (+https://developers.facebook.com/docs/sharing/webmasters/crawler)"
216.73.216.112 - - [30/Mar/2026:01:55:42 +0000] "GET /faq_category/5-visas?fileloc=%2F%2Ftmp%2F.dba_insertion&path=%2F%2Ftmp HTTP/2" 200 3675 "-" "Mozilla/5.0 AppleWebKit/537.36 (KHTML, like Gecko; compatible; ClaudeBot/1.0; +claudebot@anthropic.com)"
216.73.216.112 - - [30/Mar/2026:01:55:43 +0000] "GET /wp-sitemap.xml?path=%2F%2Flib64%2Flibnl HTTP/2" 200 2795 "-" "Mozilla/5.0 AppleWebKit/537.36 (KHTML, like Gecko; compatible; ClaudeBot/1.0; +claudebot@anthropic.com)"
216.73.216.112 - - [30/Mar/2026:01:55:42 +0000] "GET /wp-sitemap.xml?fileloc=%2F%2Flib64%2Flibmcpp.so.0&path=%2F%2Flib64 HTTP/2" 200 69450 "-" "Mozilla/5.0 AppleWebKit/537.36 (KHTML, like Gecko; compatible; ClaudeBot/1.0; +claudebot@anthropic.com)"
216.73.216.112 - - [30/Mar/2026:01:55:43 +0000] "GET /wp-sitemap.xml?path=%2F%2Fvar%2Fwww HTTP/2" 200 2783 "-" "Mozilla/5.0 AppleWebKit/537.36 (KHTML, like Gecko; compatible; ClaudeBot/1.0; +claudebot@anthropic.com)"
216.73.216.112 - - [30/Mar/2026:01:55:43 +0000] "GET /wp-sitemap.xml?path=%2Fhome%2Ftourplannerslank%2Fpublic_html%2Fwp-includes%2Frest-api%2Ffields HTTP/2" 200 3068 "-" "Mozilla/5.0 AppleWebKit/537.36 (KHTML, like Gecko; compatible; ClaudeBot/1.0; +claudebot@anthropic.com)"
57.141.6.1 - - [30/Mar/2026:01:55:44 +0000] "GET /media_category-sitemap.xml?fileloc=/home/tourplannerslank/public_html/wp-includes/js/media-models.js&path=/home/tourplannerslank/public_html/wp-includes/js HTTP/2" 200 58570 "-" "meta-externalagent/1.1 (+https://developers.facebook.com/docs/sharing/webmasters/crawler)"
57.141.6.74 - - [30/Mar/2026:01:55:44 +0000] "GET /media_category-sitemap.xml?fileloc=/home/tourplannerslank/public_html/wp-includes/js/twemoji.js&path=/home/tourplannerslank/public_html/wp-includes/js HTTP/2" 200 50986 "-" "meta-externalagent/1.1 (+https://developers.facebook.com/docs/sharing/webmasters/crawler)"
57.141.6.71 - - [30/Mar/2026:01:55:45 +0000] "GET /media_category-sitemap.xml?fileloc=/home/tourplannerslank/public_html/wp-includes/js/wp-util.min.js&path=/home/tourplannerslank/public_html/wp-includes/js HTTP/2" 200 14184 "-" "meta-externalagent/1.1 (+https://developers.facebook.com/docs/sharing/webmasters/crawler)"
216.73.216.112 - - [30/Mar/2026:01:55:43 +0000] "GET /wp-sitemap.xml?path=%2F%2Flib64%2Fsasl2 HTTP/2" 200 2918 "-" "Mozilla/5.0 AppleWebKit/537.36 (KHTML, like Gecko; compatible; ClaudeBot/1.0; +claudebot@anthropic.com)"
216.73.216.112 - - [30/Mar/2026:01:55:43 +0000] "GET /wp-sitemap.xml?fileloc=%2F%2Fbin%2Fpod2html&path=%2F%2Fbin HTTP/2" 200 4036 "-" "Mozilla/5.0 AppleWebKit/537.36 (KHTML, like Gecko; compatible; ClaudeBot/1.0; +claudebot@anthropic.com)"
216.73.216.112 - - [30/Mar/2026:01:55:43 +0000] "GET /wp-sitemap.xml?fileloc=%2F%2Fbin%2Fpod2usage&path=%2F%2Fbin HTTP/2" 200 4265 "-" "Mozilla/5.0 AppleWebKit/537.36 (KHTML, like Gecko; compatible; ClaudeBot/1.0; +claudebot@anthropic.com)"
216.73.216.112 - - [30/Mar/2026:01:55:44 +0000] "GET /wp-sitemap.xml?fileloc=%2F%2Fbin%2Fscl_enabled&path=%2F%2Fbin HTTP/2" 200 2672 "-" "Mozilla/5.0 AppleWebKit/537.36 (KHTML, like Gecko; compatible; ClaudeBot/1.0; +claudebot@anthropic.com)"
216.73.216.112 - - [30/Mar/2026:01:55:44 +0000] "GET /faq_category/5-visas?fileloc=%2F%2Fbin%2Fgit-shell&path=%2F%2Fbin HTTP/2" 200 1027030 "-" "Mozilla/5.0 AppleWebKit/537.36 (KHTML, like Gecko; compatible; ClaudeBot/1.0; +claudebot@anthropic.com)"
216.73.216.112 - - [30/Mar/2026:01:55:45 +0000] "GET /wp-sitemap.xml?path=%2F%2Flib64%2Fpkcs11 HTTP/2" 200 2823 "-" "Mozilla/5.0 AppleWebKit/537.36 (KHTML, like Gecko; compatible; ClaudeBot/1.0; +claudebot@anthropic.com)"
216.73.216.112 - - [30/Mar/2026:01:55:44 +0000] "GET /wp-sitemap.xml?fileloc=%2F%2Fbin%2Fjoin&path=%2F%2Fbin HTTP/2" 200 24571 "-" "Mozilla/5.0 AppleWebKit/537.36 (KHTML, like Gecko; compatible; ClaudeBot/1.0; +claudebot@anthropic.com)"
216.73.216.112 - - [30/Mar/2026:01:55:44 +0000] "GET /wp-sitemap.xml?path=%2F%2Fopt%2Fliblve HTTP/2" 200 2912 "-" "Mozilla/5.0 AppleWebKit/537.36 (KHTML, like Gecko; compatible; ClaudeBot/1.0; +claudebot@anthropic.com)"
216.73.216.112 - - [30/Mar/2026:01:55:44 +0000] "GET /faq_category/5-visas?path=%2F%2Fetc%2Fsysconfig HTTP/2" 200 2927 "-" "Mozilla/5.0 AppleWebKit/537.36 (KHTML, like Gecko; compatible; ClaudeBot/1.0; +claudebot@anthropic.com)"
216.73.216.112 - - [30/Mar/2026:01:55:45 +0000] "GET /wp-sitemap.xml?path=%2F%2Flib%2F.build-id HTTP/2" 200 4437 "-" "Mozilla/5.0 AppleWebKit/537.36 (KHTML, like Gecko; compatible; ClaudeBot/1.0; +claudebot@anthropic.com)"
57.141.6.41 - - [30/Mar/2026:01:55:46 +0000] "GET /media_category-sitemap.xml?fileloc=/home/tourplannerslank/public_html/wp-includes/js/wp-sanitize.min.js&path=/home/tourplannerslank/public_html/wp-includes/js HTTP/2" 200 13088 "-" "meta-externalagent/1.1 (+https://developers.facebook.com/docs/sharing/webmasters/crawler)"
216.73.216.112 - - [30/Mar/2026:01:55:46 +0000] "GET /wp-sitemap.xml?fileloc=%2F%2Fproc%2Finterrupts&path=%2F%2Fproc HTTP/2" 200 2477 "-" "Mozilla/5.0 AppleWebKit/537.36 (KHTML, like Gecko; compatible; ClaudeBot/1.0; +claudebot@anthropic.com)"
216.73.216.112 - - [30/Mar/2026:01:55:45 +0000] "GET /wp-sitemap.xml?path=%2Fhome%2Ftourplannerslank%2Fpublic_html%2FOLD%2Fwp-includes%2Fhtml-api HTTP/2" 200 3369 "-" "Mozilla/5.0 AppleWebKit/537.36 (KHTML, like Gecko; compatible; ClaudeBot/1.0; +claudebot@anthropic.com)"
216.73.216.112 - - [30/Mar/2026:01:55:45 +0000] "GET /wp-sitemap.xml?path=%2F%2Flib64%2Fkrb5 HTTP/2" 200 2789 "-" "Mozilla/5.0 AppleWebKit/537.36 (KHTML, like Gecko; compatible; ClaudeBot/1.0; +claudebot@anthropic.com)"
216.73.216.112 - - [30/Mar/2026:01:55:45 +0000] "GET /wp-sitemap.xml?fileloc=%2F%2Fproc%2Fcmdline&path=%2F%2Fproc HTTP/2" 200 2618 "-" "Mozilla/5.0 AppleWebKit/537.36 (KHTML, like Gecko; compatible; ClaudeBot/1.0; +claudebot@anthropic.com)"
216.73.216.112 - - [30/Mar/2026:01:55:46 +0000] "GET /wp-sitemap.xml?fileloc=%2F%2Fbin%2Fcrontab&path=%2F%2Fbin HTTP/2" 200 3143 "-" "Mozilla/5.0 AppleWebKit/537.36 (KHTML, like Gecko; compatible; ClaudeBot/1.0; +claudebot@anthropic.com)"
57.141.6.61 - - [30/Mar/2026:01:55:47 +0000] "GET /media_category-sitemap.xml?fileloc=/home/tourplannerslank/public_html/wp-includes/js/wplink.js&path=/home/tourplannerslank/public_html/wp-includes/js HTTP/2" 200 35899 "-" "meta-externalagent/1.1 (+https://developers.facebook.com/docs/sharing/webmasters/crawler)"
57.141.6.71 - - [30/Mar/2026:01:55:47 +0000] "GET /media_category-sitemap.xml?fileloc=/home/tourplannerslank/public_html/wp-includes/js/customize-preview.js&path=/home/tourplannerslank/public_html/wp-includes/js HTTP/2" 200 42974 "-" "meta-externalagent/1.1 (+https://developers.facebook.com/docs/sharing/webmasters/crawler)"
57.141.6.28 - - [30/Mar/2026:01:55:47 +0000] "GET /media_category-sitemap.xml?fileloc=/home/tourplannerslank/public_html/wp-includes/js/customize-preview-nav-menus.min.js&path=/home/tourplannerslank/public_html/wp-includes/js HTTP/2" 200 18260 "-" "meta-externalagent/1.1 (+https://developers.facebook.com/docs/sharing/webmasters/crawler)"
57.141.6.52 - - [30/Mar/2026:01:55:47 +0000] "GET /media_category-sitemap.xml?fileloc=/home/tourplannerslank/public_html/wp-includes/js/json2.js&path=/home/tourplannerslank/public_html/wp-includes/js HTTP/2" 200 12588 "-" "meta-externalagent/1.1 (+https://developers.facebook.com/docs/sharing/webmasters/crawler)"
216.73.216.112 - - [30/Mar/2026:01:55:47 +0000] "GET /wp-sitemap.xml?fileloc=%2Fhome%2Ftourplannerslank%2Fpublic_html%2FOLD%2Fwp-includes%2Fhttps-detection.php&path=%2Fhome%2Ftourplannerslank%2Fpublic_html%2FOLD%2Fwp-includes HTTP/2" 200 4484 "-" "Mozilla/5.0 AppleWebKit/537.36 (KHTML, like Gecko; compatible; ClaudeBot/1.0; +claudebot@anthropic.com)"
216.73.216.112 - - [30/Mar/2026:01:55:47 +0000] "GET /wp-sitemap.xml?fileloc=%2F%2Fbin%2Fsync&path=%2F%2Fbin HTTP/2" 200 16365 "-" "Mozilla/5.0 AppleWebKit/537.36 (KHTML, like Gecko; compatible; ClaudeBot/1.0; +claudebot@anthropic.com)"
216.73.216.112 - - [30/Mar/2026:01:55:47 +0000] "GET /faq_category/5-visas?path=%2F%2Fproc%2Ffs HTTP/2" 200 2895 "-" "Mozilla/5.0 AppleWebKit/537.36 (KHTML, like Gecko; compatible; ClaudeBot/1.0; +claudebot@anthropic.com)"
216.73.216.112 - - [30/Mar/2026:01:55:47 +0000] "GET /wp-sitemap.xml?path=%2Fhome%2Ftourplannerslank%2Fpublic_html%2FOLD%2Fwp-includes%2Finteractivity-api HTTP/2" 200 2926 "-" "Mozilla/5.0 AppleWebKit/537.36 (KHTML, like Gecko; compatible; ClaudeBot/1.0; +claudebot@anthropic.com)"
216.73.216.112 - - [30/Mar/2026:01:55:47 +0000] "GET /wp-sitemap.xml?path=%2F%2Flib%2Fkcare HTTP/2" 200 2815 "-" "Mozilla/5.0 AppleWebKit/537.36 (KHTML, like Gecko; compatible; ClaudeBot/1.0; +claudebot@anthropic.com)"
216.73.216.112 - - [30/Mar/2026:01:55:48 +0000] "GET /wp-sitemap.xml?path=%2F%2Flib64%2Flibnfsidmap HTTP/2" 200 2956 "-" "Mozilla/5.0 AppleWebKit/537.36 (KHTML, like Gecko; compatible; ClaudeBot/1.0; +claudebot@anthropic.com)"
216.73.216.112 - - [30/Mar/2026:01:55:48 +0000] "GET /wp-sitemap.xml?fileloc=%2Fhome%2Ftourplannerslank%2Fpublic_html%2Fwp-includes%2Fhtml-api%2Fclass-wp-html-processor.php&path=%2Fhome%2Ftourplannerslank%2Fpublic_html%2Fwp-includes%2Fhtml-api HTTP/2" 200 45020 "-" "Mozilla/5.0 AppleWebKit/537.36 (KHTML, like Gecko; compatible; ClaudeBot/1.0; +claudebot@anthropic.com)"
216.73.216.112 - - [30/Mar/2026:01:55:48 +0000] "GET /wp-sitemap.xml?fileloc=%2F%2Fbin%2Fc++filt&path=%2F%2Fbin HTTP/2" 200 2428 "-" "Mozilla/5.0 AppleWebKit/537.36 (KHTML, like Gecko; compatible; ClaudeBot/1.0; +claudebot@anthropic.com)"
216.73.216.112 - - [30/Mar/2026:01:55:48 +0000] "GET /wp-sitemap.xml?fileloc=%2F%2Fbin%2Ffactor&path=%2F%2Fbin HTTP/2" 200 44314 "-" "Mozilla/5.0 AppleWebKit/537.36 (KHTML, like Gecko; compatible; ClaudeBot/1.0; +claudebot@anthropic.com)"
216.73.216.112 - - [30/Mar/2026:01:55:48 +0000] "GET /wp-sitemap.xml?fileloc=%2F%2Fbin%2Funzip&path=%2F%2Fbin HTTP/2" 200 91374 "-" "Mozilla/5.0 AppleWebKit/537.36 (KHTML, like Gecko; compatible; ClaudeBot/1.0; +claudebot@anthropic.com)"
57.141.6.32 - - [30/Mar/2026:01:55:49 +0000] "GET /media_category-sitemap.xml?fileloc=/home/tourplannerslank/public_html/wp-includes/js/media-audiovideo.js&path=/home/tourplannerslank/public_html/wp-includes/js HTTP/2" 200 39190 "-" "meta-externalagent/1.1 (+https://developers.facebook.com/docs/sharing/webmasters/crawler)"
57.141.6.51 - - [30/Mar/2026:01:55:49 +0000] "GET /media_category-sitemap.xml?fileloc=/home/tourplannerslank/public_html/wp-includes/js/underscore.min.js&path=/home/tourplannerslank/public_html/wp-includes/js HTTP/2" 200 34181 "-" "meta-externalagent/1.1 (+https://developers.facebook.com/docs/sharing/webmasters/crawler)"
216.73.216.112 - - [30/Mar/2026:01:55:49 +0000] "GET /faq_category/5-visas?path=%2F%2Flib64%2Fbind HTTP/2" 200 2486 "-" "Mozilla/5.0 AppleWebKit/537.36 (KHTML, like Gecko; compatible; ClaudeBot/1.0; +claudebot@anthropic.com)"
216.73.216.112 - - [30/Mar/2026:01:55:49 +0000] "GET /wp-sitemap.xml?fileloc=%2F%2Fproc%2Fkcore&path=%2F%2Fproc HTTP/2" 200 2474 "-" "Mozilla/5.0 AppleWebKit/537.36 (KHTML, like Gecko; compatible; ClaudeBot/1.0; +claudebot@anthropic.com)"
216.73.216.112 - - [30/Mar/2026:01:55:49 +0000] "GET /wp-sitemap.xml?fileloc=%2F%2Fbin%2Fobjcopy&path=%2F%2Fbin HTTP/2" 200 102719 "-" "Mozilla/5.0 AppleWebKit/537.36 (KHTML, like Gecko; compatible; ClaudeBot/1.0; +claudebot@anthropic.com)"
216.73.216.112 - - [30/Mar/2026:01:55:49 +0000] "GET /wp-sitemap.xml?fileloc=%2F%2Fbin%2Ffc-cache&path=%2F%2Fbin HTTP/2" 200 2476 "-" "Mozilla/5.0 AppleWebKit/537.36 (KHTML, like Gecko; compatible; ClaudeBot/1.0; +claudebot@anthropic.com)"
216.73.216.112 - - [30/Mar/2026:01:55:49 +0000] "GET /wp-sitemap.xml?fileloc=%2F%2Fbin%2Fecho&path=%2F%2Fbin HTTP/2" 200 16790 "-" "Mozilla/5.0 AppleWebKit/537.36 (KHTML, like Gecko; compatible; ClaudeBot/1.0; +claudebot@anthropic.com)"
216.73.216.112 - - [30/Mar/2026:01:55:50 +0000] "GET /faq_category/5-visas?path=%2F%2Fetc%2Fsecurity HTTP/2" 403 1242 "-" "Mozilla/5.0 AppleWebKit/537.36 (KHTML, like Gecko; compatible; ClaudeBot/1.0; +claudebot@anthropic.com)"
57.141.6.32 - - [30/Mar/2026:01:55:50 +0000] "GET /media_category-sitemap.xml?path=/home/tourplannerslank/public_html/wp-includes/js/mediaelement HTTP/2" 200 44656 "-" "meta-externalagent/1.1 (+https://developers.facebook.com/docs/sharing/webmasters/crawler)"
