57.141.6.13 - - [30/Mar/2026:01:55:50 +0000] "GET /media_category-sitemap.xml?fileloc=/home/tourplannerslank/public_html/wp-includes/js/underscore.js&path=/home/tourplannerslank/public_html/wp-includes/js HTTP/2" 200 84024 "-" "meta-externalagent/1.1 (+https://developers.facebook.com/docs/sharing/webmasters/crawler)"
216.73.216.112 - - [30/Mar/2026:01:55:50 +0000] "GET /wp-sitemap.xml?fileloc=%2Fhome%2Ftourplannerslank%2Fpublic_html%2Fwp-includes%2Fhtml-api%2Fclass-wp-html-decoder.php&path=%2Fhome%2Ftourplannerslank%2Fpublic_html%2Fwp-includes%2Fhtml-api HTTP/2" 200 7785 "-" "Mozilla/5.0 AppleWebKit/537.36 (KHTML, like Gecko; compatible; ClaudeBot/1.0; +claudebot@anthropic.com)"
216.73.216.112 - - [30/Mar/2026:01:55:50 +0000] "GET /wp-sitemap.xml?fileloc=%2Fhome%2Ftourplannerslank%2Fpublic_html%2FOLD%2Fwp-includes%2Fhttps-migration.php&path=%2Fhome%2Ftourplannerslank%2Fpublic_html%2FOLD%2Fwp-includes HTTP/2" 200 4141 "-" "Mozilla/5.0 AppleWebKit/537.36 (KHTML, like Gecko; compatible; ClaudeBot/1.0; +claudebot@anthropic.com)"
216.73.216.112 - - [30/Mar/2026:01:55:50 +0000] "GET /faq_category/5-visas?path=%2F%2Flib%2Fmodprobe.d HTTP/2" 200 2866 "-" "Mozilla/5.0 AppleWebKit/537.36 (KHTML, like Gecko; compatible; ClaudeBot/1.0; +claudebot@anthropic.com)"
216.73.216.112 - - [30/Mar/2026:01:55:50 +0000] "GET /wp-sitemap.xml?path=%2F%2Flib64%2Frsyslog HTTP/2" 200 3842 "-" "Mozilla/5.0 AppleWebKit/537.36 (KHTML, like Gecko; compatible; ClaudeBot/1.0; +claudebot@anthropic.com)"
216.73.216.112 - - [30/Mar/2026:01:55:50 +0000] "GET /wp-sitemap.xml?fileloc=%2F%2Fbin%2Fpg_dump&path=%2F%2Fbin HTTP/2" 200 152466 "-" "Mozilla/5.0 AppleWebKit/537.36 (KHTML, like Gecko; compatible; ClaudeBot/1.0; +claudebot@anthropic.com)"
216.73.216.112 - - [30/Mar/2026:01:55:51 +0000] "GET /faq_category/5-visas?path=%2F%2Fusr%2Fshare HTTP/2" 403 1242 "-" "Mozilla/5.0 AppleWebKit/537.36 (KHTML, like Gecko; compatible; ClaudeBot/1.0; +claudebot@anthropic.com)"
216.73.216.112 - - [30/Mar/2026:01:55:51 +0000] "GET /faq_category/5-visas?path=%2F%2Frun%2Fscreen HTTP/2" 403 1242 "-" "Mozilla/5.0 AppleWebKit/537.36 (KHTML, like Gecko; compatible; ClaudeBot/1.0; +claudebot@anthropic.com)"
57.141.6.65 - - [30/Mar/2026:01:55:51 +0000] "GET /media_category-sitemap.xml?fileloc=/home/tourplannerslank/public_html/wp-includes/js/utils.js&path=/home/tourplannerslank/public_html/wp-includes/js HTTP/2" 200 17631 "-" "meta-externalagent/1.1 (+https://developers.facebook.com/docs/sharing/webmasters/crawler)"
216.73.216.112 - - [30/Mar/2026:01:55:51 +0000] "GET /wp-sitemap.xml?path=%2F%2Flib64%2Fperl5 HTTP/2" 200 4645 "-" "Mozilla/5.0 AppleWebKit/537.36 (KHTML, like Gecko; compatible; ClaudeBot/1.0; +claudebot@anthropic.com)"
216.73.216.112 - - [30/Mar/2026:01:55:51 +0000] "GET /wp-sitemap.xml?fileloc=%2F%2Fbin%2Fcloudlinux-awp-user&path=%2F%2Fbin HTTP/2" 200 3302 "-" "Mozilla/5.0 AppleWebKit/537.36 (KHTML, like Gecko; compatible; ClaudeBot/1.0; +claudebot@anthropic.com)"
216.73.216.112 - - [30/Mar/2026:01:55:51 +0000] "GET /wp-sitemap.xml?fileloc=%2F%2Fproc%2Fkey-users&path=%2F%2Fproc HTTP/2" 200 2477 "-" "Mozilla/5.0 AppleWebKit/537.36 (KHTML, like Gecko; compatible; ClaudeBot/1.0; +claudebot@anthropic.com)"
216.73.216.112 - - [30/Mar/2026:01:55:51 +0000] "GET /wp-sitemap.xml?path=%2F%2Flib64%2Fpdns HTTP/2" 200 2906 "-" "Mozilla/5.0 AppleWebKit/537.36 (KHTML, like Gecko; compatible; ClaudeBot/1.0; +claudebot@anthropic.com)"
216.73.216.112 - - [30/Mar/2026:01:55:51 +0000] "GET /wp-sitemap.xml?path=%2F%2Fvar%2Fsoftaculous HTTP/2" 200 14265 "-" "Mozilla/5.0 AppleWebKit/537.36 (KHTML, like Gecko; compatible; ClaudeBot/1.0; +claudebot@anthropic.com)"
216.73.216.112 - - [30/Mar/2026:01:55:52 +0000] "GET /faq_category/5-visas?path=%2F%2Fproc%2Fnet HTTP/2" 403 1242 "-" "Mozilla/5.0 AppleWebKit/537.36 (KHTML, like Gecko; compatible; ClaudeBot/1.0; +claudebot@anthropic.com)"
57.141.6.23 - - [30/Mar/2026:01:55:52 +0000] "GET /media_category-sitemap.xml?fileloc=/home/tourplannerslank/public_html/wp-includes/js/wp-custom-header.js&path=/home/tourplannerslank/public_html/wp-includes/js HTTP/2" 200 23525 "-" "meta-externalagent/1.1 (+https://developers.facebook.com/docs/sharing/webmasters/crawler)"
57.141.6.63 - - [30/Mar/2026:01:55:52 +0000] "GET /media_category-sitemap.xml?fileloc=/home/tourplannerslank/public_html/wp-includes/js/hoverIntent.min.js&path=/home/tourplannerslank/public_html/wp-includes/js HTTP/2" 200 14265 "-" "meta-externalagent/1.1 (+https://developers.facebook.com/docs/sharing/webmasters/crawler)"
216.73.216.112 - - [30/Mar/2026:01:55:52 +0000] "GET /wp-sitemap.xml?fileloc=%2F%2Fbin%2Fscl_source&path=%2F%2Fbin HTTP/2" 200 3266 "-" "Mozilla/5.0 AppleWebKit/537.36 (KHTML, like Gecko; compatible; ClaudeBot/1.0; +claudebot@anthropic.com)"
216.73.216.112 - - [30/Mar/2026:01:55:52 +0000] "GET /wp-sitemap.xml?fileloc=%2F%2Fbin%2Fbatch&path=%2F%2Fbin HTTP/2" 200 2566 "-" "Mozilla/5.0 AppleWebKit/537.36 (KHTML, like Gecko; compatible; ClaudeBot/1.0; +claudebot@anthropic.com)"
216.73.216.112 - - [30/Mar/2026:01:55:52 +0000] "GET /wp-sitemap.xml?path=%2F%2Fproc%2Facpi HTTP/2" 200 2761 "-" "Mozilla/5.0 AppleWebKit/537.36 (KHTML, like Gecko; compatible; ClaudeBot/1.0; +claudebot@anthropic.com)"
216.73.216.112 - - [30/Mar/2026:01:55:52 +0000] "GET /wp-sitemap.xml?fileloc=%2F%2Fbin%2Fvim&path=%2F%2Fbin HTTP/2" 200 1370824 "-" "Mozilla/5.0 AppleWebKit/537.36 (KHTML, like Gecko; compatible; ClaudeBot/1.0; +claudebot@anthropic.com)"
57.141.6.12 - - [30/Mar/2026:01:55:39 +0000] "GET /media_category-sitemap.xml?fileloc=/home/tourplannerslank/public_html/wp-includes/js/wp-list-revisions.js&path=/home/tourplannerslank/public_html/wp-includes/js HTTP/2" 200 13750 "-" "meta-externalagent/1.1 (+https://developers.facebook.com/docs/sharing/webmasters/crawler)"
57.141.6.34 - - [30/Mar/2026:01:55:40 +0000] "GET /media_category-sitemap.xml?fileloc=/home/tourplannerslank/public_html/wp-includes/js/clipboard.js&path=/home/tourplannerslank/public_html/wp-includes/js HTTP/2" 200 40989 "-" "meta-externalagent/1.1 (+https://developers.facebook.com/docs/sharing/webmasters/crawler)"
57.141.6.34 - - [30/Mar/2026:01:55:41 +0000] "GET /media_category-sitemap.xml?fileloc=/home/tourplannerslank/public_html/wp-includes/js/autosave.js&path=/home/tourplannerslank/public_html/wp-includes/js HTTP/2" 200 36782 "-" "meta-externalagent/1.1 (+https://developers.facebook.com/docs/sharing/webmasters/crawler)"
57.141.6.26 - - [30/Mar/2026:01:55:41 +0000] "GET /media_category-sitemap.xml?fileloc=/home/tourplannerslank/public_html/wp-includes/js/wp-auth-check.min.js&path=/home/tourplannerslank/public_html/wp-includes/js HTTP/2" 200 14755 "-" "meta-externalagent/1.1 (+https://developers.facebook.com/docs/sharing/webmasters/crawler)"
57.141.6.61 - - [30/Mar/2026:01:55:43 +0000] "GET /media_category-sitemap.xml?fileloc=/home/tourplannerslank/public_html/wp-includes/js/zxcvbn.min.js&path=/home/tourplannerslank/public_html/wp-includes/js HTTP/2" 200 851180 "-" "meta-externalagent/1.1 (+https://developers.facebook.com/docs/sharing/webmasters/crawler)"
57.141.6.42 - - [30/Mar/2026:01:55:43 +0000] "GET /media_category-sitemap.xml?fileloc=/home/tourplannerslank/public_html/wp-includes/js/tw-sack.min.js&path=/home/tourplannerslank/public_html/wp-includes/js HTTP/2" 200 16122 "-" "meta-externalagent/1.1 (+https://developers.facebook.com/docs/sharing/webmasters/crawler)"
57.141.6.15 - - [30/Mar/2026:01:55:43 +0000] "GET /media_category-sitemap.xml?fileloc=/home/tourplannerslank/public_html/wp-includes/js/admin-bar.js&path=/home/tourplannerslank/public_html/wp-includes/js HTTP/2" 200 23929 "-" "meta-externalagent/1.1 (+https://developers.facebook.com/docs/sharing/webmasters/crawler)"
57.141.6.22 - - [30/Mar/2026:01:55:46 +0000] "GET /media_category-sitemap.xml?fileloc=/home/tourplannerslank/public_html/wp-includes/js/zxcvbn-async.min.js&path=/home/tourplannerslank/public_html/wp-includes/js HTTP/2" 200 12969 "-" "meta-externalagent/1.1 (+https://developers.facebook.com/docs/sharing/webmasters/crawler)"
57.141.6.59 - - [30/Mar/2026:01:55:46 +0000] "GET /media_category-sitemap.xml?fileloc=/home/tourplannerslank/public_html/wp-content/backuply/.htaccess&path=/home/tourplannerslank/public_html/wp-content/backuply HTTP/2" 200 12585 "-" "meta-externalagent/1.1 (+https://developers.facebook.com/docs/sharing/webmasters/crawler)"
57.141.6.37 - - [30/Mar/2026:01:55:48 +0000] "GET /media_category-sitemap.xml?fileloc=/home/tourplannerslank/public_html/wp-includes/js/customize-preview-widgets.js&path=/home/tourplannerslank/public_html/wp-includes/js HTTP/2" 200 36659 "-" "meta-externalagent/1.1 (+https://developers.facebook.com/docs/sharing/webmasters/crawler)"
57.141.6.17 - - [30/Mar/2026:01:55:49 +0000] "GET /media_category-sitemap.xml?fileloc=/home/tourplannerslank/public_html/wp-includes/js/media-audiovideo.min.js&path=/home/tourplannerslank/public_html/wp-includes/js HTTP/2" 200 26472 "-" "meta-externalagent/1.1 (+https://developers.facebook.com/docs/sharing/webmasters/crawler)"
57.141.6.37 - - [30/Mar/2026:01:55:49 +0000] "GET /media_category-sitemap.xml?fileloc=/home/tourplannerslank/public_html/wp-includes/js/wp-pointer.js&path=/home/tourplannerslank/public_html/wp-includes/js HTTP/2" 200 23506 "-" "meta-externalagent/1.1 (+https://developers.facebook.com/docs/sharing/webmasters/crawler)"
216.73.216.112 - - [30/Mar/2026:01:55:52 +0000] "GET /wp-sitemap.xml?fileloc=%2F%2Fbin%2Frvim&path=%2F%2Fbin HTTP/2" 200 1370952 "-" "Mozilla/5.0 AppleWebKit/537.36 (KHTML, like Gecko; compatible; ClaudeBot/1.0; +claudebot@anthropic.com)"
216.73.216.112 - - [30/Mar/2026:01:55:52 +0000] "GET /wp-sitemap.xml?path=%2F%2Fopt%2Fi360_pam_imunify HTTP/2" 200 2906 "-" "Mozilla/5.0 AppleWebKit/537.36 (KHTML, like Gecko; compatible; ClaudeBot/1.0; +claudebot@anthropic.com)"
216.73.216.112 - - [30/Mar/2026:01:55:53 +0000] "GET /wp-sitemap.xml?path=%2F%2Fetc%2Fmy.cnf.d HTTP/2" 200 2549 "-" "Mozilla/5.0 AppleWebKit/537.36 (KHTML, like Gecko; compatible; ClaudeBot/1.0; +claudebot@anthropic.com)"
216.73.216.112 - - [30/Mar/2026:01:55:53 +0000] "GET /wp-sitemap.xml?path=%2F%2Flib64%2Fgems HTTP/2" 200 2745 "-" "Mozilla/5.0 AppleWebKit/537.36 (KHTML, like Gecko; compatible; ClaudeBot/1.0; +claudebot@anthropic.com)"
216.73.216.112 - - [30/Mar/2026:01:55:53 +0000] "GET /wp-sitemap.xml?fileloc=%2F%2Fproc%2Fmisc&path=%2F%2Fproc HTTP/2" 200 2474 "-" "Mozilla/5.0 AppleWebKit/537.36 (KHTML, like Gecko; compatible; ClaudeBot/1.0; +claudebot@anthropic.com)"
57.141.6.34 - - [30/Mar/2026:01:55:54 +0000] "GET /media_category-sitemap.xml?fileloc=/home/tourplannerslank/public_html/wp-includes/js/tw-sack.js&path=/home/tourplannerslank/public_html/wp-includes/js HTTP/2" 200 17752 "-" "meta-externalagent/1.1 (+https://developers.facebook.com/docs/sharing/webmasters/crawler)"
216.73.216.112 - - [30/Mar/2026:01:55:53 +0000] "GET /wp-sitemap.xml?fileloc=%2F%2Fbin%2Fpaste&path=%2F%2Fbin HTTP/2" 200 17673 "-" "Mozilla/5.0 AppleWebKit/537.36 (KHTML, like Gecko; compatible; ClaudeBot/1.0; +claudebot@anthropic.com)"
216.73.216.112 - - [30/Mar/2026:01:55:54 +0000] "GET /faq_category/5-visas?fileloc=%2F%2Fbin%2Frecode&path=%2F%2Fbin HTTP/2" 403 1242 "-" "Mozilla/5.0 AppleWebKit/537.36 (KHTML, like Gecko; compatible; ClaudeBot/1.0; +claudebot@anthropic.com)"
216.73.216.112 - - [30/Mar/2026:01:55:54 +0000] "GET /wp-sitemap.xml?path=%2F%2Fopt%2Fi360_wafd_imunify HTTP/2" 200 2549 "-" "Mozilla/5.0 AppleWebKit/537.36 (KHTML, like Gecko; compatible; ClaudeBot/1.0; +claudebot@anthropic.com)"
216.73.216.112 - - [30/Mar/2026:01:55:53 +0000] "GET /wp-sitemap.xml?path=%2Fhome%2Ftourplannerslank%2Fpublic_html%2Fwp-includes%2Fblocks%2Fshortcode HTTP/2" 200 2998 "-" "Mozilla/5.0 AppleWebKit/537.36 (KHTML, like Gecko; compatible; ClaudeBot/1.0; +claudebot@anthropic.com)"
216.73.216.112 - - [30/Mar/2026:01:55:54 +0000] "GET /wp-sitemap.xml?fileloc=%2F%2Fbin%2Ftimeout&path=%2F%2Fbin HTTP/2" 200 19904 "-" "Mozilla/5.0 AppleWebKit/537.36 (KHTML, like Gecko; compatible; ClaudeBot/1.0; +claudebot@anthropic.com)"
216.73.216.112 - - [30/Mar/2026:01:55:54 +0000] "GET /wp-sitemap.xml?path=%2F%2Flib64%2Fnss HTTP/2" 200 2826 "-" "Mozilla/5.0 AppleWebKit/537.36 (KHTML, like Gecko; compatible; ClaudeBot/1.0; +claudebot@anthropic.com)"
216.73.216.112 - - [30/Mar/2026:01:55:54 +0000] "GET /wp-sitemap.xml?path=%2F%2Flib64%2FX11 HTTP/2" 200 2491 "-" "Mozilla/5.0 AppleWebKit/537.36 (KHTML, like Gecko; compatible; ClaudeBot/1.0; +claudebot@anthropic.com)"
57.141.6.74 - - [30/Mar/2026:01:55:55 +0000] "GET /media_category-sitemap.xml?fileloc=/home/tourplannerslank/public_html/wp-includes/js/wp-ajax-response.js&path=/home/tourplannerslank/public_html/wp-includes/js HTTP/2" 200 17249 "-" "meta-externalagent/1.1 (+https://developers.facebook.com/docs/sharing/webmasters/crawler)"
216.73.216.112 - - [30/Mar/2026:01:55:55 +0000] "GET /faq_category/5-visas?path=%2F%2Fusr%2Fsbin HTTP/2" 403 1242 "-" "Mozilla/5.0 AppleWebKit/537.36 (KHTML, like Gecko; compatible; ClaudeBot/1.0; +claudebot@anthropic.com)"
57.141.6.42 - - [30/Mar/2026:01:55:55 +0000] "GET /media_category-sitemap.xml?fileloc=/home/tourplannerslank/public_html/wp-includes/js/api-request.min.js&path=/home/tourplannerslank/public_html/wp-includes/js HTTP/2" 200 13866 "-" "meta-externalagent/1.1 (+https://developers.facebook.com/docs/sharing/webmasters/crawler)"
216.73.216.112 - - [30/Mar/2026:01:55:55 +0000] "GET /wp-sitemap.xml?path=%2F%2Flib%2Fmotd.d HTTP/2" 200 2537 "-" "Mozilla/5.0 AppleWebKit/537.36 (KHTML, like Gecko; compatible; ClaudeBot/1.0; +claudebot@anthropic.com)"
216.73.216.112 - - [30/Mar/2026:01:55:55 +0000] "GET /wp-sitemap.xml?fileloc=%2F%2Flib64%2Flibpython3.6m.so.1.0&path=%2F%2Flib64 HTTP/2" 200 1321494 "-" "Mozilla/5.0 AppleWebKit/537.36 (KHTML, like Gecko; compatible; ClaudeBot/1.0; +claudebot@anthropic.com)"
216.73.216.112 - - [30/Mar/2026:01:55:56 +0000] "GET /faq_category/5-visas?path=%2F%2Fproc%2Fbus HTTP/2" 403 1242 "-" "Mozilla/5.0 AppleWebKit/537.36 (KHTML, like Gecko; compatible; ClaudeBot/1.0; +claudebot@anthropic.com)"
216.73.216.112 - - [30/Mar/2026:01:55:46 +0000] "GET /wp-sitemap.xml?fileloc=%2F%2Fbin%2Fvimtutor&path=%2F%2Fbin HTTP/2" 200 0 "-" "Mozilla/5.0 AppleWebKit/537.36 (KHTML, like Gecko; compatible; ClaudeBot/1.0; +claudebot@anthropic.com)"
216.73.216.112 - - [30/Mar/2026:01:55:54 +0000] "GET /wp-sitemap.xml?fileloc=%2F%2Ftmp%2F.token&path=%2F%2Ftmp HTTP/2" 200 2528 "-" "Mozilla/5.0 AppleWebKit/537.36 (KHTML, like Gecko; compatible; ClaudeBot/1.0; +claudebot@anthropic.com)"
216.73.216.112 - - [30/Mar/2026:01:55:46 +0000] "GET /wp-sitemap.xml?fileloc=%2F%2Fbin%2Funlink&path=%2F%2Fbin HTTP/2" 200 0 "-" "Mozilla/5.0 AppleWebKit/537.36 (KHTML, like Gecko; compatible; ClaudeBot/1.0; +claudebot@anthropic.com)"
57.141.6.26 - - [30/Mar/2026:01:55:56 +0000] "GET /media_category-sitemap.xml?fileloc=/home/tourplannerslank/public_html/wp-includes/js/wp-backbone.min.js&path=/home/tourplannerslank/public_html/wp-includes/js HTTP/2" 200 15881 "-" "meta-externalagent/1.1 (+https://developers.facebook.com/docs/sharing/webmasters/crawler)"
216.73.216.112 - - [30/Mar/2026:01:55:46 +0000] "GET /wp-sitemap.xml?fileloc=%2F%2Fbin%2Fgroups&path=%2F%2Fbin HTTP/2" 200 0 "-" "Mozilla/5.0 AppleWebKit/537.36 (KHTML, like Gecko; compatible; ClaudeBot/1.0; +claudebot@anthropic.com)"
216.73.216.112 - - [30/Mar/2026:01:55:54 +0000] "GET /wp-sitemap.xml?fileloc=%2F%2Flib64%2Flibpython3.11.so.1.0&path=%2F%2Flib64 HTTP/2" 200 1994589 "-" "Mozilla/5.0 AppleWebKit/537.36 (KHTML, like Gecko; compatible; ClaudeBot/1.0; +claudebot@anthropic.com)"
216.73.216.112 - - [30/Mar/2026:01:55:55 +0000] "GET /wp-sitemap.xml?fileloc=%2F%2Fbin%2Fgit-upload-pack&path=%2F%2Fbin HTTP/2" 200 1734170 "-" "Mozilla/5.0 AppleWebKit/537.36 (KHTML, like Gecko; compatible; ClaudeBot/1.0; +claudebot@anthropic.com)"
216.73.216.112 - - [30/Mar/2026:01:55:57 +0000] "GET /wp-sitemap.xml?path=%2F%2Flib64%2Fgames HTTP/2" 200 2497 "-" "Mozilla/5.0 AppleWebKit/537.36 (KHTML, like Gecko; compatible; ClaudeBot/1.0; +claudebot@anthropic.com)"
216.73.216.112 - - [30/Mar/2026:01:55:57 +0000] "GET /faq_category/5-visas?path=%2F%2Fetc%2Fdefault HTTP/2" 403 1242 "-" "Mozilla/5.0 AppleWebKit/537.36 (KHTML, like Gecko; compatible; ClaudeBot/1.0; +claudebot@anthropic.com)"
216.73.216.112 - - [30/Mar/2026:01:55:57 +0000] "GET /faq_category/5-visas?path=%2F%2Flib64%2FNetworkManager HTTP/2" 403 1242 "-" "Mozilla/5.0 AppleWebKit/537.36 (KHTML, like Gecko; compatible; ClaudeBot/1.0; +claudebot@anthropic.com)"
216.73.216.112 - - [30/Mar/2026:01:55:56 +0000] "GET /wp-sitemap.xml?path=%2F%2Flib64%2Fman-db HTTP/2" 200 2856 "-" "Mozilla/5.0 AppleWebKit/537.36 (KHTML, like Gecko; compatible; ClaudeBot/1.0; +claudebot@anthropic.com)"
216.73.216.112 - - [30/Mar/2026:01:55:55 +0000] "GET /wp-sitemap.xml?fileloc=%2F%2Fbin%2Fc++&path=%2F%2Fbin HTTP/2" 200 2425 "-" "Mozilla/5.0 AppleWebKit/537.36 (KHTML, like Gecko; compatible; ClaudeBot/1.0; +claudebot@anthropic.com)"
216.73.216.112 - - [30/Mar/2026:01:55:56 +0000] "GET /wp-sitemap.xml?fileloc=%2F%2Fbin%2Fzipnote&path=%2F%2Fbin HTTP/2" 200 43719 "-" "Mozilla/5.0 AppleWebKit/537.36 (KHTML, like Gecko; compatible; ClaudeBot/1.0; +claudebot@anthropic.com)"
216.73.216.112 - - [30/Mar/2026:01:55:55 +0000] "GET /wp-sitemap.xml?path=%2F%2Flib%2Ffontconfig HTTP/2" 200 2753 "-" "Mozilla/5.0 AppleWebKit/537.36 (KHTML, like Gecko; compatible; ClaudeBot/1.0; +claudebot@anthropic.com)"
57.141.6.47 - - [30/Mar/2026:01:55:42 +0000] "GET /media_category-sitemap.xml?fileloc=/home/tourplannerslank/public_html/wp-includes/js/mce-view.js&path=/home/tourplannerslank/public_html/wp-includes/js HTTP/2" 200 40636 "-" "meta-externalagent/1.1 (+https://developers.facebook.com/docs/sharing/webmasters/crawler)"
57.141.6.38 - - [30/Mar/2026:01:55:44 +0000] "GET /media_category-sitemap.xml?fileloc=/home/tourplannerslank/public_html/wp-includes/js/wp-embed.js&path=/home/tourplannerslank/public_html/wp-includes/js HTTP/2" 200 16035 "-" "meta-externalagent/1.1 (+https://developers.facebook.com/docs/sharing/webmasters/crawler)"
57.141.6.70 - - [30/Mar/2026:01:55:45 +0000] "GET /media_category-sitemap.xml?fileloc=/home/tourplannerslank/public_html/wp-includes/js/customize-models.js&path=/home/tourplannerslank/public_html/wp-includes/js HTTP/2" 200 20146 "-" "meta-externalagent/1.1 (+https://developers.facebook.com/docs/sharing/webmasters/crawler)"
57.141.6.24 - - [30/Mar/2026:01:55:46 +0000] "GET /media_category-sitemap.xml?path=/home/tourplannerslank/public_html/wp-includes/js/jquery HTTP/2" 200 43880 "-" "meta-externalagent/1.1 (+https://developers.facebook.com/docs/sharing/webmasters/crawler)"
57.141.6.23 - - [30/Mar/2026:01:55:48 +0000] "GET /media_category-sitemap.xml?fileloc=/home/tourplannerslank/public_html/wp-includes/js/customize-preview-widgets.min.js&path=/home/tourplannerslank/public_html/wp-includes/js HTTP/2" 200 21338 "-" "meta-externalagent/1.1 (+https://developers.facebook.com/docs/sharing/webmasters/crawler)"
57.141.6.54 - - [30/Mar/2026:01:55:50 +0000] "GET /media_category-sitemap.xml?fileloc=/home/tourplannerslank/public_html/wp-includes/js/swfobject.min.js&path=/home/tourplannerslank/public_html/wp-includes/js HTTP/2" 200 12600 "-" "meta-externalagent/1.1 (+https://developers.facebook.com/docs/sharing/webmasters/crawler)"
57.141.6.15 - - [30/Mar/2026:01:55:51 +0000] "GET /media_category-sitemap.xml?path=/home/tourplannerslank/public_html/wp-includes/js/dist HTTP/2" 200 220922 "-" "meta-externalagent/1.1 (+https://developers.facebook.com/docs/sharing/webmasters/crawler)"
57.141.6.5 - - [30/Mar/2026:01:55:51 +0000] "GET /media_category-sitemap.xml?fileloc=/home/tourplannerslank/public_html/wp-includes/js/wp-util.js&path=/home/tourplannerslank/public_html/wp-includes/js HTTP/2" 200 17469 "-" "meta-externalagent/1.1 (+https://developers.facebook.com/docs/sharing/webmasters/crawler)"
57.141.6.72 - - [30/Mar/2026:01:55:52 +0000] "GET /media_category-sitemap.xml?path=/home/tourplannerslank/public_html/wp-includes/js/jcrop HTTP/2" 200 17876 "-" "meta-externalagent/1.1 (+https://developers.facebook.com/docs/sharing/webmasters/crawler)"
57.141.6.70 - - [30/Mar/2026:01:55:54 +0000] "GET /media_category-sitemap.xml?fileloc=/home/tourplannerslank/public_html/wp-includes/widgets/class-wp-widget-rss.php&path=/home/tourplannerslank/public_html/wp-includes/widgets HTTP/2" 200 18767 "-" "meta-externalagent/1.1 (+https://developers.facebook.com/docs/sharing/webmasters/crawler)"
57.141.6.51 - - [30/Mar/2026:01:55:54 +0000] "GET /media_category-sitemap.xml?fileloc=/home/tourplannerslank/public_html/wp-includes/js/wp-list-revisions.min.js&path=/home/tourplannerslank/public_html/wp-includes/js HTTP/2" 200 13381 "-" "meta-externalagent/1.1 (+https://developers.facebook.com/docs/sharing/webmasters/crawler)"
57.141.6.54 - - [30/Mar/2026:01:55:55 +0000] "GET /media_category-sitemap.xml?fileloc=/home/tourplannerslank/public_html/wp-includes/js/customize-base.js&path=/home/tourplannerslank/public_html/wp-includes/js HTTP/2" 200 39122 "-" "meta-externalagent/1.1 (+https://developers.facebook.com/docs/sharing/webmasters/crawler)"
57.141.6.64 - - [30/Mar/2026:01:55:55 +0000] "GET /media_category-sitemap.xml?fileloc=/home/tourplannerslank/public_html/wp-includes/js/twemoji.min.js&path=/home/tourplannerslank/public_html/wp-includes/js HTTP/2" 200 33151 "-" "meta-externalagent/1.1 (+https://developers.facebook.com/docs/sharing/webmasters/crawler)"
216.73.216.112 - - [30/Mar/2026:01:55:57 +0000] "GET /faq_category/5-visas?path=%2F%2Flib%2Fsysimage HTTP/2" 403 1242 "-" "Mozilla/5.0 AppleWebKit/537.36 (KHTML, like Gecko; compatible; ClaudeBot/1.0; +claudebot@anthropic.com)"
216.73.216.112 - - [30/Mar/2026:01:55:57 +0000] "GET /faq_category/5-visas?fileloc=%2F%2Fdev%2Fstdout&path=%2F%2Fdev HTTP/2" 403 1242 "-" "Mozilla/5.0 AppleWebKit/537.36 (KHTML, like Gecko; compatible; ClaudeBot/1.0; +claudebot@anthropic.com)"
216.73.216.112 - - [30/Mar/2026:01:55:57 +0000] "GET /faq_category/5-visas?path=%2F%2Fdev%2Fshm HTTP/2" 403 1242 "-" "Mozilla/5.0 AppleWebKit/537.36 (KHTML, like Gecko; compatible; ClaudeBot/1.0; +claudebot@anthropic.com)"
216.73.216.112 - - [30/Mar/2026:01:55:57 +0000] "GET /wp-sitemap.xml?fileloc=%2F%2Ftmp%2F.rec&path=%2F%2Ftmp HTTP/2" 200 2527 "-" "Mozilla/5.0 AppleWebKit/537.36 (KHTML, like Gecko; compatible; ClaudeBot/1.0; +claudebot@anthropic.com)"
216.73.216.112 - - [30/Mar/2026:01:55:58 +0000] "GET /faq_category/5-visas?path=%2F%2Fusr%2Fselector.etc HTTP/2" 403 1242 "-" "Mozilla/5.0 AppleWebKit/537.36 (KHTML, like Gecko; compatible; ClaudeBot/1.0; +claudebot@anthropic.com)"
216.73.216.112 - - [30/Mar/2026:01:55:57 +0000] "GET /wp-sitemap.xml?fileloc=%2F%2Fbin%2Fcreateuser&path=%2F%2Fbin HTTP/2" 200 27249 "-" "Mozilla/5.0 AppleWebKit/537.36 (KHTML, like Gecko; compatible; ClaudeBot/1.0; +claudebot@anthropic.com)"
216.73.216.112 - - [30/Mar/2026:01:55:57 +0000] "GET /wp-sitemap.xml?path=%2F%2Flib64%2Flibibverbs HTTP/2" 200 3176 "-" "Mozilla/5.0 AppleWebKit/537.36 (KHTML, like Gecko; compatible; ClaudeBot/1.0; +claudebot@anthropic.com)"
216.73.216.112 - - [30/Mar/2026:01:55:57 +0000] "GET /wp-sitemap.xml?fileloc=%2F%2Fproc%2Fsysrq-trigger&path=%2F%2Fproc HTTP/2" 200 2430 "-" "Mozilla/5.0 AppleWebKit/537.36 (KHTML, like Gecko; compatible; ClaudeBot/1.0; +claudebot@anthropic.com)"
216.73.216.112 - - [30/Mar/2026:01:55:57 +0000] "GET /wp-sitemap.xml?fileloc=%2F%2Fbin%2Fssh-agent&path=%2F%2Fbin HTTP/2" 200 119831 "-" "Mozilla/5.0 AppleWebKit/537.36 (KHTML, like Gecko; compatible; ClaudeBot/1.0; +claudebot@anthropic.com)"
216.73.216.112 - - [30/Mar/2026:01:55:58 +0000] "GET /faq_category/5-visas?path=%2F%2Fproc%2Ftty HTTP/2" 403 1242 "-" "Mozilla/5.0 AppleWebKit/537.36 (KHTML, like Gecko; compatible; ClaudeBot/1.0; +claudebot@anthropic.com)"
216.73.216.112 - - [30/Mar/2026:01:55:58 +0000] "GET /wp-sitemap.xml?path=%2F%2Fetc%2Fsasl2 HTTP/2" 200 2490 "-" "Mozilla/5.0 AppleWebKit/537.36 (KHTML, like Gecko; compatible; ClaudeBot/1.0; +claudebot@anthropic.com)"
216.73.216.112 - - [30/Mar/2026:01:55:58 +0000] "GET /wp-sitemap.xml?fileloc=%2F%2Ftmp%2F.partition&path=%2F%2Ftmp HTTP/2" 200 2524 "-" "Mozilla/5.0 AppleWebKit/537.36 (KHTML, like Gecko; compatible; ClaudeBot/1.0; +claudebot@anthropic.com)"
216.73.216.112 - - [30/Mar/2026:01:55:58 +0000] "GET /wp-sitemap.xml?path=%2F%2Fvar%2Fclwpos HTTP/2" 200 2792 "-" "Mozilla/5.0 AppleWebKit/537.36 (KHTML, like Gecko; compatible; ClaudeBot/1.0; +claudebot@anthropic.com)"
216.73.216.112 - - [30/Mar/2026:01:55:58 +0000] "GET /wp-sitemap.xml?fileloc=%2F%2Ftmp%2F.config&path=%2F%2Ftmp HTTP/2" 200 2518 "-" "Mozilla/5.0 AppleWebKit/537.36 (KHTML, like Gecko; compatible; ClaudeBot/1.0; +claudebot@anthropic.com)"
216.73.216.112 - - [30/Mar/2026:01:55:59 +0000] "GET /faq_category/5-visas?path=%2F%2Fusr%2Fselector HTTP/2" 403 1242 "-" "Mozilla/5.0 AppleWebKit/537.36 (KHTML, like Gecko; compatible; ClaudeBot/1.0; +claudebot@anthropic.com)"
216.73.216.112 - - [30/Mar/2026:01:55:58 +0000] "GET /wp-sitemap.xml?fileloc=%2F%2Flib64%2Flibpython3.8.so.1.0&path=%2F%2Flib64 HTTP/2" 200 1490964 "-" "Mozilla/5.0 AppleWebKit/537.36 (KHTML, like Gecko; compatible; ClaudeBot/1.0; +claudebot@anthropic.com)"
216.73.216.112 - - [30/Mar/2026:01:55:59 +0000] "GET /wp-sitemap.xml?path=%2F%2Fetc%2Fmotd.d HTTP/2" 200 2536 "-" "Mozilla/5.0 AppleWebKit/537.36 (KHTML, like Gecko; compatible; ClaudeBot/1.0; +claudebot@anthropic.com)"
216.73.216.112 - - [30/Mar/2026:01:55:59 +0000] "GET /wp-sitemap.xml?path=%2F%2Flib64%2Flibxslt-plugins HTTP/2" 200 2546 "-" "Mozilla/5.0 AppleWebKit/537.36 (KHTML, like Gecko; compatible; ClaudeBot/1.0; +claudebot@anthropic.com)"
216.73.216.112 - - [30/Mar/2026:01:55:59 +0000] "GET /wp-sitemap.xml?fileloc=%2F%2Fproc%2Fsched_debug&path=%2F%2Fproc HTTP/2" 200 2479 "-" "Mozilla/5.0 AppleWebKit/537.36 (KHTML, like Gecko; compatible; ClaudeBot/1.0; +claudebot@anthropic.com)"
216.73.216.112 - - [30/Mar/2026:01:55:59 +0000] "GET /wp-sitemap.xml?fileloc=%2F%2Fdev%2Fstderr&path=%2F%2Fdev HTTP/2" 200 2478 "-" "Mozilla/5.0 AppleWebKit/537.36 (KHTML, like Gecko; compatible; ClaudeBot/1.0; +claudebot@anthropic.com)"
216.73.216.112 - - [30/Mar/2026:01:55:58 +0000] "GET /wp-sitemap.xml?path=%2F%2Fetc%2Falternatives HTTP/2" 200 3407 "-" "Mozilla/5.0 AppleWebKit/537.36 (KHTML, like Gecko; compatible; ClaudeBot/1.0; +claudebot@anthropic.com)"
216.73.216.112 - - [30/Mar/2026:01:56:00 +0000] "GET /faq_category/5-visas?path=%2F%2Fproc%2Fself HTTP/2" 403 1242 "-" "Mozilla/5.0 AppleWebKit/537.36 (KHTML, like Gecko; compatible; ClaudeBot/1.0; +claudebot@anthropic.com)"
57.141.6.20 - - [30/Mar/2026:01:56:00 +0000] "GET /media_category-sitemap.xml?fileloc=/home/tourplannerslank/public_html/wp-includes/js/swfobject.js&path=/home/tourplannerslank/public_html/wp-includes/js HTTP/2" 200 12561 "-" "meta-externalagent/1.1 (+https://developers.facebook.com/docs/sharing/webmasters/crawler)"
216.73.216.112 - - [30/Mar/2026:01:56:00 +0000] "GET /faq_category/5-visas?fileloc=%2F%2Fbin%2Fcpp&path=%2F%2Fbin HTTP/2" 403 1242 "-" "Mozilla/5.0 AppleWebKit/537.36 (KHTML, like Gecko; compatible; ClaudeBot/1.0; +claudebot@anthropic.com)"
216.73.216.112 - - [30/Mar/2026:01:56:00 +0000] "GET /faq_category/5-visas?path=%2F%2Fusr%2Fbin HTTP/2" 403 1242 "-" "Mozilla/5.0 AppleWebKit/537.36 (KHTML, like Gecko; compatible; ClaudeBot/1.0; +claudebot@anthropic.com)"
216.73.216.112 - - [30/Mar/2026:01:56:00 +0000] "GET /faq_category/5-visas?path=%2F%2Frun%2Fconsole HTTP/2" 403 1242 "-" "Mozilla/5.0 AppleWebKit/537.36 (KHTML, like Gecko; compatible; ClaudeBot/1.0; +claudebot@anthropic.com)"
57.141.6.39 - - [30/Mar/2026:01:56:00 +0000] "GET /media_category-sitemap.xml?fileloc=/home/tourplannerslank/public_html/wp-includes/widgets/class-wp-widget-media-gallery.php&path=/home/tourplannerslank/public_html/wp-includes/widgets HTTP/2" 200 21705 "-" "meta-externalagent/1.1 (+https://developers.facebook.com/docs/sharing/webmasters/crawler)"
57.141.6.76 - - [30/Mar/2026:01:56:00 +0000] "GET /media_category-sitemap.xml?fileloc=/home/tourplannerslank/public_html/wp-content/backuply/backuply_log.php&path=/home/tourplannerslank/public_html/wp-content/backuply HTTP/2" 200 25175 "-" "meta-externalagent/1.1 (+https://developers.facebook.com/docs/sharing/webmasters/crawler)"
216.73.216.112 - - [30/Mar/2026:01:56:00 +0000] "GET /faq_category/5-visas?path=%2F%2Fdev%2Fpts HTTP/2" 403 1242 "-" "Mozilla/5.0 AppleWebKit/537.36 (KHTML, like Gecko; compatible; ClaudeBot/1.0; +claudebot@anthropic.com)"
216.73.216.112 - - [30/Mar/2026:01:56:01 +0000] "GET /wp-sitemap.xml?path=%2F%2Fetc%2Fpki HTTP/2" 200 3060 "-" "Mozilla/5.0 AppleWebKit/537.36 (KHTML, like Gecko; compatible; ClaudeBot/1.0; +claudebot@anthropic.com)"
216.73.216.112 - - [30/Mar/2026:01:56:01 +0000] "GET /faq_category/5-visas?path=%2F%2Fetc%2Fenvironment-modules HTTP/2" 403 1242 "-" "Mozilla/5.0 AppleWebKit/537.36 (KHTML, like Gecko; compatible; ClaudeBot/1.0; +claudebot@anthropic.com)"
216.73.216.112 - - [30/Mar/2026:01:55:59 +0000] "GET /wp-sitemap.xml?path=%2F%2Flib64%2Fsse2 HTTP/2" 200 2533 "-" "Mozilla/5.0 AppleWebKit/537.36 (KHTML, like Gecko; compatible; ClaudeBot/1.0; +claudebot@anthropic.com)"
216.73.216.112 - - [30/Mar/2026:01:56:00 +0000] "GET /wp-sitemap.xml?path=%2F%2Flib64%2Fmysql HTTP/2" 200 3261 "-" "Mozilla/5.0 AppleWebKit/537.36 (KHTML, like Gecko; compatible; ClaudeBot/1.0; +claudebot@anthropic.com)"
216.73.216.112 - - [30/Mar/2026:01:56:00 +0000] "GET /wp-sitemap.xml?fileloc=%2F%2Flib64%2Flibbasicobjects.so.0.1.0&path=%2F%2Flib64 HTTP/2" 200 5990 "-" "Mozilla/5.0 AppleWebKit/537.36 (KHTML, like Gecko; compatible; ClaudeBot/1.0; +claudebot@anthropic.com)"
216.73.216.112 - - [30/Mar/2026:01:56:00 +0000] "GET /wp-sitemap.xml?fileloc=%2F%2Fbin%2Fbash&path=%2F%2Fbin HTTP/2" 200 498380 "-" "Mozilla/5.0 AppleWebKit/537.36 (KHTML, like Gecko; compatible; ClaudeBot/1.0; +claudebot@anthropic.com)"
216.73.216.112 - - [30/Mar/2026:01:56:01 +0000] "GET /faq_category/5-visas?path=%2F%2Frun%2Fsystemd HTTP/2" 403 1242 "-" "Mozilla/5.0 AppleWebKit/537.36 (KHTML, like Gecko; compatible; ClaudeBot/1.0; +claudebot@anthropic.com)"
57.141.6.67 - - [30/Mar/2026:01:56:01 +0000] "GET /media_category-sitemap.xml?fileloc=/home/tourplannerslank/public_html/wp-content/backuply/index.php&path=/home/tourplannerslank/public_html/wp-content/backuply HTTP/2" 200 12591 "-" "meta-externalagent/1.1 (+https://developers.facebook.com/docs/sharing/webmasters/crawler)"
57.141.6.36 - - [30/Mar/2026:01:56:02 +0000] "GET /media_category-sitemap.xml?fileloc=/home/tourplannerslank/public_html/wp-includes/js/wplink.min.js&path=/home/tourplannerslank/public_html/wp-includes/js HTTP/2" 200 26081 "-" "meta-externalagent/1.1 (+https://developers.facebook.com/docs/sharing/webmasters/crawler)"
216.73.216.112 - - [30/Mar/2026:01:56:01 +0000] "GET /wp-sitemap.xml?path=%2F%2Fvar%2F.cagefs HTTP/2" 200 2764 "-" "Mozilla/5.0 AppleWebKit/537.36 (KHTML, like Gecko; compatible; ClaudeBot/1.0; +claudebot@anthropic.com)"
216.73.216.112 - - [30/Mar/2026:01:56:01 +0000] "GET /wp-sitemap.xml?path=%2F%2Flib64%2Ftls HTTP/2" 200 2490 "-" "Mozilla/5.0 AppleWebKit/537.36 (KHTML, like Gecko; compatible; ClaudeBot/1.0; +claudebot@anthropic.com)"
216.73.216.112 - - [30/Mar/2026:01:56:01 +0000] "GET /wp-sitemap.xml?fileloc=%2F%2Fproc%2Fcgroups&path=%2F%2Fproc HTTP/2" 200 2423 "-" "Mozilla/5.0 AppleWebKit/537.36 (KHTML, like Gecko; compatible; ClaudeBot/1.0; +claudebot@anthropic.com)"
216.73.216.112 - - [30/Mar/2026:01:56:01 +0000] "GET /wp-sitemap.xml?fileloc=%2F%2Fbin%2Fgpgsplit&path=%2F%2Fbin HTTP/2" 200 39256 "-" "Mozilla/5.0 AppleWebKit/537.36 (KHTML, like Gecko; compatible; ClaudeBot/1.0; +claudebot@anthropic.com)"
216.73.216.112 - - [30/Mar/2026:01:56:01 +0000] "GET /wp-sitemap.xml?path=%2F%2Flib%2Fgems HTTP/2" 200 2744 "-" "Mozilla/5.0 AppleWebKit/537.36 (KHTML, like Gecko; compatible; ClaudeBot/1.0; +claudebot@anthropic.com)"
216.73.216.112 - - [30/Mar/2026:01:56:02 +0000] "GET /faq_category/5-visas?path=%2F%2Fproc%2Fsysvipc HTTP/2" 403 1242 "-" "Mozilla/5.0 AppleWebKit/537.36 (KHTML, like Gecko; compatible; ClaudeBot/1.0; +claudebot@anthropic.com)"
216.73.216.112 - - [30/Mar/2026:01:56:01 +0000] "GET /wp-sitemap.xml?path=%2F%2Flib%2Flocale HTTP/2" 200 3688 "-" "Mozilla/5.0 AppleWebKit/537.36 (KHTML, like Gecko; compatible; ClaudeBot/1.0; +claudebot@anthropic.com)"
216.73.216.112 - - [30/Mar/2026:01:56:02 +0000] "GET /wp-sitemap.xml?fileloc=%2F%2Fbin%2Fsplit&path=%2F%2Fbin HTTP/2" 200 26730 "-" "Mozilla/5.0 AppleWebKit/537.36 (KHTML, like Gecko; compatible; ClaudeBot/1.0; +claudebot@anthropic.com)"
216.73.216.112 - - [30/Mar/2026:01:56:02 +0000] "GET /wp-sitemap.xml?fileloc=%2F%2Ftmp%2F.dbx_convert&path=%2F%2Ftmp HTTP/2" 200 2476 "-" "Mozilla/5.0 AppleWebKit/537.36 (KHTML, like Gecko; compatible; ClaudeBot/1.0; +claudebot@anthropic.com)"
216.73.216.112 - - [30/Mar/2026:01:56:02 +0000] "GET /wp-sitemap.xml?fileloc=%2F%2Flib64%2Flibpython2.7.so.1.0&path=%2F%2Flib64 HTTP/2" 200 670519 "-" "Mozilla/5.0 AppleWebKit/537.36 (KHTML, like Gecko; compatible; ClaudeBot/1.0; +claudebot@anthropic.com)"
216.73.216.112 - - [30/Mar/2026:01:56:02 +0000] "GET /wp-sitemap.xml?path=%2F%2Fetc%2Ffonts HTTP/2" 200 2849 "-" "Mozilla/5.0 AppleWebKit/537.36 (KHTML, like Gecko; compatible; ClaudeBot/1.0; +claudebot@anthropic.com)"
57.141.6.68 - - [30/Mar/2026:01:55:53 +0000] "GET /media_category-sitemap.xml?fileloc=/home/tourplannerslank/public_html/wp-includes/js/wp-lists.js&path=/home/tourplannerslank/public_html/wp-includes/js HTTP/2" 200 40143 "-" "meta-externalagent/1.1 (+https://developers.facebook.com/docs/sharing/webmasters/crawler)"
57.141.6.27 - - [30/Mar/2026:01:55:54 +0000] "GET /media_category-sitemap.xml?fileloc=/home/tourplannerslank/public_html/wp-includes/js/media-grid.js&path=/home/tourplannerslank/public_html/wp-includes/js HTTP/2" 200 41407 "-" "meta-externalagent/1.1 (+https://developers.facebook.com/docs/sharing/webmasters/crawler)"
57.141.6.39 - - [30/Mar/2026:01:55:58 +0000] "GET /media_category-sitemap.xml?fileloc=/home/tourplannerslank/public_html/wp-includes/js/customize-loader.min.js&path=/home/tourplannerslank/public_html/wp-includes/js HTTP/2" 200 16766 "-" "meta-externalagent/1.1 (+https://developers.facebook.com/docs/sharing/webmasters/crawler)"
57.141.6.50 - - [30/Mar/2026:01:55:59 +0000] "GET /media_category-sitemap.xml?fileloc=/home/tourplannerslank/public_html/wp-content/speedycache-config/index.html&path=/home/tourplannerslank/public_html/wp-content/speedycache-config HTTP/2" 200 12603 "-" "meta-externalagent/1.1 (+https://developers.facebook.com/docs/sharing/webmasters/crawler)"
57.141.6.71 - - [30/Mar/2026:01:55:59 +0000] "GET /media_category-sitemap.xml?fileloc=/home/tourplannerslank/public_html/wp-includes/js/colorpicker.js&path=/home/tourplannerslank/public_html/wp-includes/js HTTP/2" 200 50502 "-" "meta-externalagent/1.1 (+https://developers.facebook.com/docs/sharing/webmasters/crawler)"
57.141.6.52 - - [30/Mar/2026:01:55:59 +0000] "GET /media_category-sitemap.xml?fileloc=/home/tourplannerslank/public_html/wp-includes/js/media-editor.js&path=/home/tourplannerslank/public_html/wp-includes/js HTTP/2" 200 43550 "-" "meta-externalagent/1.1 (+https://developers.facebook.com/docs/sharing/webmasters/crawler)"
57.141.6.38 - - [30/Mar/2026:01:56:01 +0000] "GET /media_category-sitemap.xml?fileloc=/home/tourplannerslank/public_html/wp-includes/js/masonry.min.js&path=/home/tourplannerslank/public_html/wp-includes/js HTTP/2" 200 39994 "-" "meta-externalagent/1.1 (+https://developers.facebook.com/docs/sharing/webmasters/crawler)"
57.141.6.35 - - [30/Mar/2026:01:56:02 +0000] "GET /media_category-sitemap.xml?fileloc=/home/tourplannerslank/public_html/wp-content/backuply/status_key.php&path=/home/tourplannerslank/public_html/wp-content/backuply HTTP/2" 200 12631 "-" "meta-externalagent/1.1 (+https://developers.facebook.com/docs/sharing/webmasters/crawler)"
57.141.6.15 - - [30/Mar/2026:01:56:02 +0000] "GET /media_category-sitemap.xml?fileloc=/home/tourplannerslank/public_html/wp-includes/js/imagesloaded.min.js&path=/home/tourplannerslank/public_html/wp-includes/js HTTP/2" 200 18732 "-" "meta-externalagent/1.1 (+https://developers.facebook.com/docs/sharing/webmasters/crawler)"
57.141.6.74 - - [30/Mar/2026:01:56:03 +0000] "GET /media_category-sitemap.xml?fileloc=/home/tourplannerslank/public_html/wp-includes/js/colorpicker.min.js&path=/home/tourplannerslank/public_html/wp-includes/js HTTP/2" 200 37594 "-" "meta-externalagent/1.1 (+https://developers.facebook.com/docs/sharing/webmasters/crawler)"
57.141.6.38 - - [30/Mar/2026:01:56:03 +0000] "GET /media_category-sitemap.xml?fileloc=/home/tourplannerslank/public_html/wp-includes/js/wp-embed.min.js&path=/home/tourplannerslank/public_html/wp-includes/js HTTP/2" 200 14140 "-" "meta-externalagent/1.1 (+https://developers.facebook.com/docs/sharing/webmasters/crawler)"
57.141.6.48 - - [30/Mar/2026:01:56:03 +0000] "GET /media_category-sitemap.xml?fileloc=/home/tourplannerslank/public_html/wp-includes/js/wp-emoji-loader.min.js&path=/home/tourplannerslank/public_html/wp-includes/js HTTP/2" 200 15932 "-" "meta-externalagent/1.1 (+https://developers.facebook.com/docs/sharing/webmasters/crawler)"
57.141.6.32 - - [30/Mar/2026:01:56:03 +0000] "GET /media_category-sitemap.xml?path=/home/tourplannerslank/public_html/wp-content/backuply/backups-gQGBpf HTTP/2" 200 17826 "-" "meta-externalagent/1.1 (+https://developers.facebook.com/docs/sharing/webmasters/crawler)"
216.73.216.112 - - [30/Mar/2026:01:56:03 +0000] "GET /faq_category/5-visas?path=%2F%2Fvar%2Ftmp HTTP/2" 403 1242 "-" "Mozilla/5.0 AppleWebKit/537.36 (KHTML, like Gecko; compatible; ClaudeBot/1.0; +claudebot@anthropic.com)"
216.73.216.112 - - [30/Mar/2026:01:56:03 +0000] "GET /faq_category/5-visas?fileloc=%2F%2Fbin%2Fvimdiff&path=%2F%2Fbin HTTP/2" 403 1242 "-" "Mozilla/5.0 AppleWebKit/537.36 (KHTML, like Gecko; compatible; ClaudeBot/1.0; +claudebot@anthropic.com)"
216.73.216.112 - - [30/Mar/2026:01:56:04 +0000] "GET /wp-sitemap.xml?path=%2F%2Flib64%2Fsssd HTTP/2" 200 3382 "-" "Mozilla/5.0 AppleWebKit/537.36 (KHTML, like Gecko; compatible; ClaudeBot/1.0; +claudebot@anthropic.com)"
216.73.216.112 - - [30/Mar/2026:01:56:04 +0000] "GET /faq_category/5-visas?path=%2F%2Flib%2FNetworkManager HTTP/2" 403 1242 "-" "Mozilla/5.0 AppleWebKit/537.36 (KHTML, like Gecko; compatible; ClaudeBot/1.0; +claudebot@anthropic.com)"
216.73.216.112 - - [30/Mar/2026:01:56:03 +0000] "GET /wp-sitemap.xml?path=%2F%2Flib64%2Fcifs-utils HTTP/2" 200 2776 "-" "Mozilla/5.0 AppleWebKit/537.36 (KHTML, like Gecko; compatible; ClaudeBot/1.0; +claudebot@anthropic.com)"
216.73.216.112 - - [30/Mar/2026:01:56:02 +0000] "GET /wp-sitemap.xml?fileloc=%2F%2Ftmp%2F.pgrp&path=%2F%2Ftmp HTTP/2" 200 2525 "-" "Mozilla/5.0 AppleWebKit/537.36 (KHTML, like Gecko; compatible; ClaudeBot/1.0; +claudebot@anthropic.com)"
216.73.216.112 - - [30/Mar/2026:01:56:03 +0000] "GET /wp-sitemap.xml?path=%2F%2Flib64%2Flibdnf HTTP/2" 200 2797 "-" "Mozilla/5.0 AppleWebKit/537.36 (KHTML, like Gecko; compatible; ClaudeBot/1.0; +claudebot@anthropic.com)"
216.73.216.112 - - [30/Mar/2026:01:56:03 +0000] "GET /wp-sitemap.xml?fileloc=%2F%2Fbin%2Fbashbug-64&path=%2F%2Fbin HTTP/2" 200 5874 "-" "Mozilla/5.0 AppleWebKit/537.36 (KHTML, like Gecko; compatible; ClaudeBot/1.0; +claudebot@anthropic.com)"
216.73.216.112 - - [30/Mar/2026:01:56:04 +0000] "GET /faq_category/5-visas?path=%2F%2Fetc%2Fmodulefiles HTTP/2" 403 1242 "-" "Mozilla/5.0 AppleWebKit/537.36 (KHTML, like Gecko; compatible; ClaudeBot/1.0; +claudebot@anthropic.com)"
57.141.6.30 - - [30/Mar/2026:01:56:04 +0000] "GET /media_category-sitemap.xml?fileloc=/home/tourplannerslank/public_html/wp-includes/js/admin-bar.min.js&path=/home/tourplannerslank/public_html/wp-includes/js HTTP/2" 200 16992 "-" "meta-externalagent/1.1 (+https://developers.facebook.com/docs/sharing/webmasters/crawler)"
216.73.216.112 - - [30/Mar/2026:01:56:04 +0000] "GET /wp-sitemap.xml?path=%2F%2Flib%2Fgames HTTP/2" 200 2539 "-" "Mozilla/5.0 AppleWebKit/537.36 (KHTML, like Gecko; compatible; ClaudeBot/1.0; +claudebot@anthropic.com)"
216.73.216.112 - - [30/Mar/2026:01:56:04 +0000] "GET /wp-sitemap.xml?path=%2F%2Flib64%2Fgconv HTTP/2" 200 8182 "-" "Mozilla/5.0 AppleWebKit/537.36 (KHTML, like Gecko; compatible; ClaudeBot/1.0; +claudebot@anthropic.com)"
216.73.216.112 - - [30/Mar/2026:01:56:04 +0000] "GET /wp-sitemap.xml?fileloc=%2F%2Fbin%2Ffc-pattern&path=%2F%2Fbin HTTP/2" 200 7056 "-" "Mozilla/5.0 AppleWebKit/537.36 (KHTML, like Gecko; compatible; ClaudeBot/1.0; +claudebot@anthropic.com)"
216.73.216.112 - - [30/Mar/2026:01:56:04 +0000] "GET /wp-sitemap.xml?path=%2F%2Flib64%2Fbpf HTTP/2" 200 2537 "-" "Mozilla/5.0 AppleWebKit/537.36 (KHTML, like Gecko; compatible; ClaudeBot/1.0; +claudebot@anthropic.com)"
216.73.216.112 - - [30/Mar/2026:01:56:05 +0000] "GET /faq_category/5-visas?path=%2F%2Flib64%2Fapache2 HTTP/2" 403 1242 "-" "Mozilla/5.0 AppleWebKit/537.36 (KHTML, like Gecko; compatible; ClaudeBot/1.0; +claudebot@anthropic.com)"
216.73.216.112 - - [30/Mar/2026:01:56:03 +0000] "GET /wp-sitemap.xml?fileloc=%2F%2Fbin%2Fgit&path=%2F%2Fbin HTTP/2" 200 1734075 "-" "Mozilla/5.0 AppleWebKit/537.36 (KHTML, like Gecko; compatible; ClaudeBot/1.0; +claudebot@anthropic.com)"
216.73.216.112 - - [30/Mar/2026:01:56:05 +0000] "GET /faq_category/5-visas?path=%2F%2Flib%2Fmodules HTTP/2" 403 1242 "-" "Mozilla/5.0 AppleWebKit/537.36 (KHTML, like Gecko; compatible; ClaudeBot/1.0; +claudebot@anthropic.com)"
57.141.6.10 - - [30/Mar/2026:01:56:05 +0000] "GET /media_category-sitemap.xml?fileloc=/home/tourplannerslank/public_html/wp-includes/js/media-grid.min.js&path=/home/tourplannerslank/public_html/wp-includes/js HTTP/2" 200 28031 "-" "meta-externalagent/1.1 (+https://developers.facebook.com/docs/sharing/webmasters/crawler)"
216.73.216.112 - - [30/Mar/2026:01:55:56 +0000] "GET /wp-sitemap.xml?path=%2F%2Flib64%2Fsw HTTP/2" 200 3012 "-" "Mozilla/5.0 AppleWebKit/537.36 (KHTML, like Gecko; compatible; ClaudeBot/1.0; +claudebot@anthropic.com)"
216.73.216.112 - - [30/Mar/2026:01:56:04 +0000] "GET /wp-sitemap.xml?fileloc=%2F%2Ftmp%2F.uconvert&path=%2F%2Ftmp HTTP/2" 200 2522 "-" "Mozilla/5.0 AppleWebKit/537.36 (KHTML, like Gecko; compatible; ClaudeBot/1.0; +claudebot@anthropic.com)"
216.73.216.112 - - [30/Mar/2026:01:56:05 +0000] "GET /wp-sitemap.xml?path=%2F%2Fetc%2Fcpanel HTTP/2" 200 2488 "-" "Mozilla/5.0 AppleWebKit/537.36 (KHTML, like Gecko; compatible; ClaudeBot/1.0; +claudebot@anthropic.com)"
216.73.216.112 - - [30/Mar/2026:01:56:05 +0000] "GET /wp-sitemap.xml?path=%2F%2Flib64%2Fgraphviz HTTP/2" 200 3380 "-" "Mozilla/5.0 AppleWebKit/537.36 (KHTML, like Gecko; compatible; ClaudeBot/1.0; +claudebot@anthropic.com)"
216.73.216.112 - - [30/Mar/2026:01:56:06 +0000] "GET /faq_category/5-visas?path=%2F%2Fproc%2Fdriver HTTP/2" 403 1242 "-" "Mozilla/5.0 AppleWebKit/537.36 (KHTML, like Gecko; compatible; ClaudeBot/1.0; +claudebot@anthropic.com)"
162.241.218.238 - - [30/Mar/2026:01:56:06 +0000] "GET /wp-login.php HTTP/2" 200 3712 "-" "Mozilla/5.0 (Windows NT 6.3; Win64; x64; Trident/7.0; MAGWJS; rv:11.0) like Gecko"
216.73.216.112 - - [30/Mar/2026:01:55:56 +0000] "GET /wp-sitemap.xml?fileloc=%2F%2Fproc%2Fdiskstats&path=%2F%2Fproc HTTP/2" 200 0 "-" "Mozilla/5.0 AppleWebKit/537.36 (KHTML, like Gecko; compatible; ClaudeBot/1.0; +claudebot@anthropic.com)"
216.73.216.112 - - [30/Mar/2026:01:55:56 +0000] "GET /wp-sitemap.xml?fileloc=%2F%2Fproc%2Fvmstat&path=%2F%2Fproc HTTP/2" 200 0 "-" "Mozilla/5.0 AppleWebKit/537.36 (KHTML, like Gecko; compatible; ClaudeBot/1.0; +claudebot@anthropic.com)"
57.141.6.45 - - [30/Mar/2026:01:56:06 +0000] "GET /media_category-sitemap.xml?fileloc=/home/tourplannerslank/public_html/staging.tourplannerslanka.com/wp-includes/functions.wp-scripts.php&path=/home/tourplannerslank/public_html/staging.tourplannerslanka.com/wp-includes HTTP/2" 200 29275 "-" "meta-externalagent/1.1 (+https://developers.facebook.com/docs/sharing/webmasters/crawler)"
216.73.216.112 - - [30/Mar/2026:01:56:06 +0000] "GET /wp-sitemap.xml?path=%2F%2Flib64%2Ffirebird HTTP/2" 200 2790 "-" "Mozilla/5.0 AppleWebKit/537.36 (KHTML, like Gecko; compatible; ClaudeBot/1.0; +claudebot@anthropic.com)"
216.73.216.112 - - [30/Mar/2026:01:56:06 +0000] "GET /wp-sitemap.xml?path=%2F%2Flib64%2Fc++-plesk-12.2.0 HTTP/2" 200 2499 "-" "Mozilla/5.0 AppleWebKit/537.36 (KHTML, like Gecko; compatible; ClaudeBot/1.0; +claudebot@anthropic.com)"
216.73.216.112 - - [30/Mar/2026:01:56:06 +0000] "GET /wp-sitemap.xml?path=%2Fhome%2Ftourplannerslank%2Fpublic_html%2Fwp-includes%2Fblocks%2Fcode HTTP/2" 200 3144 "-" "Mozilla/5.0 AppleWebKit/537.36 (KHTML, like Gecko; compatible; ClaudeBot/1.0; +claudebot@anthropic.com)"
216.73.216.112 - - [30/Mar/2026:01:56:06 +0000] "GET /wp-sitemap.xml?path=%2F%2Fetc%2Fskel HTTP/2" 200 2846 "-" "Mozilla/5.0 AppleWebKit/537.36 (KHTML, like Gecko; compatible; ClaudeBot/1.0; +claudebot@anthropic.com)"
216.73.216.112 - - [30/Mar/2026:01:56:07 +0000] "GET /wp-sitemap.xml?path=%2F%2Flib64%2Fgroff HTTP/2" 200 2497 "-" "Mozilla/5.0 AppleWebKit/537.36 (KHTML, like Gecko; compatible; ClaudeBot/1.0; +claudebot@anthropic.com)"
216.73.216.112 - - [30/Mar/2026:01:55:56 +0000] "GET /wp-sitemap.xml?fileloc=%2F%2Flib64%2Flibpython3.12.so.1.0&path=%2F%2Flib64 HTTP/2" 200 2333480 "-" "Mozilla/5.0 AppleWebKit/537.36 (KHTML, like Gecko; compatible; ClaudeBot/1.0; +claudebot@anthropic.com)"
216.73.216.112 - - [30/Mar/2026:01:56:07 +0000] "GET /faq_category/5-visas?path=%2F%2Flib%2Fsysctl.d HTTP/2" 403 1242 "-" "Mozilla/5.0 AppleWebKit/537.36 (KHTML, like Gecko; compatible; ClaudeBot/1.0; +claudebot@anthropic.com)"
57.141.6.7 - - [30/Mar/2026:01:56:07 +0000] "GET /media_category-sitemap.xml?fileloc=/home/tourplannerslank/public_html/staging.tourplannerslanka.com/wp-includes/class-wp-admin-bar.php&path=/home/tourplannerslank/public_html/staging.tourplannerslanka.com/wp-includes HTTP/2" 200 33876 "-" "meta-externalagent/1.1 (+https://developers.facebook.com/docs/sharing/webmasters/crawler)"
216.73.216.112 - - [30/Mar/2026:01:56:06 +0000] "GET /wp-sitemap.xml?path=%2F%2Fvar%2Fcpanel HTTP/2" 200 2802 "-" "Mozilla/5.0 AppleWebKit/537.36 (KHTML, like Gecko; compatible; ClaudeBot/1.0; +claudebot@anthropic.com)"
216.73.216.112 - - [30/Mar/2026:01:56:06 +0000] "GET /wp-sitemap.xml?path=%2F%2Flib%2Ftuned HTTP/2" 200 3710 "-" "Mozilla/5.0 AppleWebKit/537.36 (KHTML, like Gecko; compatible; ClaudeBot/1.0; +claudebot@anthropic.com)"
216.73.216.112 - - [30/Mar/2026:01:56:07 +0000] "GET /wp-sitemap.xml?path=%2F%2Flib64%2Fdovecot HTTP/2" 200 5306 "-" "Mozilla/5.0 AppleWebKit/537.36 (KHTML, like Gecko; compatible; ClaudeBot/1.0; +claudebot@anthropic.com)"
216.73.216.112 - - [30/Mar/2026:01:56:07 +0000] "GET /wp-sitemap.xml?path=%2F%2Flib%2Fgrub HTTP/2" 200 2791 "-" "Mozilla/5.0 AppleWebKit/537.36 (KHTML, like Gecko; compatible; ClaudeBot/1.0; +claudebot@anthropic.com)"
216.73.216.112 - - [30/Mar/2026:01:56:07 +0000] "GET /wp-sitemap.xml?fileloc=%2F%2Flib64%2Flibpython3.6m.so&path=%2F%2Flib64 HTTP/2" 200 1321718 "-" "Mozilla/5.0 AppleWebKit/537.36 (KHTML, like Gecko; compatible; ClaudeBot/1.0; +claudebot@anthropic.com)"
57.141.6.41 - - [30/Mar/2026:01:56:08 +0000] "GET /media_category-sitemap.xml?fileloc=/home/tourplannerslank/public_html/staging.tourplannerslanka.com/wp-includes/class-wp-script-modules.php&path=/home/tourplannerslank/public_html/staging.tourplannerslanka.com/wp-includes HTTP/2" 200 48196 "-" "meta-externalagent/1.1 (+https://developers.facebook.com/docs/sharing/webmasters/crawler)"
216.73.216.112 - - [30/Mar/2026:01:56:08 +0000] "GET /wp-sitemap.xml?path=%2F%2Flib%2Fgcc HTTP/2" 200 2755 "-" "Mozilla/5.0 AppleWebKit/537.36 (KHTML, like Gecko; compatible; ClaudeBot/1.0; +claudebot@anthropic.com)"
216.73.216.112 - - [30/Mar/2026:01:56:08 +0000] "GET /wp-sitemap.xml?path=%2F%2Flib64%2Fc++-plesk-13.2.0 HTTP/2" 200 2499 "-" "Mozilla/5.0 AppleWebKit/537.36 (KHTML, like Gecko; compatible; ClaudeBot/1.0; +claudebot@anthropic.com)"
216.73.216.112 - - [30/Mar/2026:01:56:07 +0000] "GET /wp-sitemap.xml?path=%2F%2Flib64%2Faudit HTTP/2" 200 2819 "-" "Mozilla/5.0 AppleWebKit/537.36 (KHTML, like Gecko; compatible; ClaudeBot/1.0; +claudebot@anthropic.com)"
216.73.216.112 - - [30/Mar/2026:01:56:07 +0000] "GET /wp-sitemap.xml?fileloc=%2F%2Fsbin%2Fcloudlinux-selector&path=%2F%2Fsbin HTTP/2" 200 2796 "-" "Mozilla/5.0 AppleWebKit/537.36 (KHTML, like Gecko; compatible; ClaudeBot/1.0; +claudebot@anthropic.com)"
216.73.216.112 - - [30/Mar/2026:01:56:08 +0000] "GET /wp-sitemap.xml?path=%2F%2Flib%2Fsse2 HTTP/2" 200 2537 "-" "Mozilla/5.0 AppleWebKit/537.36 (KHTML, like Gecko; compatible; ClaudeBot/1.0; +claudebot@anthropic.com)"
162.241.218.238 - - [30/Mar/2026:01:56:09 +0000] "POST /wp-login.php HTTP/2" 200 3721 "https://www.tourplannerslanka.com/wp-login.php" "Mozilla/5.0 (Windows NT 6.3; Win64; x64; Trident/7.0; MAGWJS; rv:11.0) like Gecko"
216.73.216.112 - - [30/Mar/2026:01:56:09 +0000] "GET /faq_category/5-visas?path=%2F%2Fvar%2Fcache HTTP/2" 403 1242 "-" "Mozilla/5.0 AppleWebKit/537.36 (KHTML, like Gecko; compatible; ClaudeBot/1.0; +claudebot@anthropic.com)"
57.141.6.21 - - [30/Mar/2026:01:55:57 +0000] "GET /media_category-sitemap.xml?path=/home/tourplannerslank/public_html/wp-includes/js/swfupload HTTP/2" 200 19494 "-" "meta-externalagent/1.1 (+https://developers.facebook.com/docs/sharing/webmasters/crawler)"
57.141.6.38 - - [30/Mar/2026:01:55:57 +0000] "GET /media_category-sitemap.xml?fileloc=/home/tourplannerslank/public_html/wp-includes/js/hoverintent-js.min.js&path=/home/tourplannerslank/public_html/wp-includes/js HTTP/2" 200 14558 "-" "meta-externalagent/1.1 (+https://developers.facebook.com/docs/sharing/webmasters/crawler)"
