216.73.216.112 - - [30/Mar/2026:01:57:44 +0000] "GET /wp-sitemap.xml?path=%2F%2Flib64%2Fapr-util-1 HTTP/2" 200 2883 "-" "Mozilla/5.0 AppleWebKit/537.36 (KHTML, like Gecko; compatible; ClaudeBot/1.0; +claudebot@anthropic.com)"
216.73.216.112 - - [30/Mar/2026:01:57:44 +0000] "GET /wp-sitemap.xml?fileloc=%2F%2Fbin%2Fpdf2ps&path=%2F%2Fbin HTTP/2" 200 3044 "-" "Mozilla/5.0 AppleWebKit/537.36 (KHTML, like Gecko; compatible; ClaudeBot/1.0; +claudebot@anthropic.com)"
216.73.216.112 - - [30/Mar/2026:01:57:44 +0000] "GET /wp-sitemap.xml?fileloc=%2F%2Fbin%2Ftabs&path=%2F%2Fbin HTTP/2" 200 9409 "-" "Mozilla/5.0 AppleWebKit/537.36 (KHTML, like Gecko; compatible; ClaudeBot/1.0; +claudebot@anthropic.com)"
216.73.216.112 - - [30/Mar/2026:01:57:44 +0000] "GET /wp-sitemap.xml?fileloc=%2F%2Fbin%2Flibtool&path=%2F%2Fbin HTTP/2" 200 98790 "-" "Mozilla/5.0 AppleWebKit/537.36 (KHTML, like Gecko; compatible; ClaudeBot/1.0; +claudebot@anthropic.com)"
216.73.216.112 - - [30/Mar/2026:01:57:45 +0000] "GET /faq_category/5-visas?fileloc=%2F%2Fbin%2Fzdiff&path=%2F%2Fbin HTTP/2" 403 1242 "-" "Mozilla/5.0 AppleWebKit/537.36 (KHTML, like Gecko; compatible; ClaudeBot/1.0; +claudebot@anthropic.com)"
57.141.6.48 - - [30/Mar/2026:01:57:45 +0000] "GET /media_category-sitemap.xml?fileloc=/home/tourplannerslank/public_html/wp-includes/l10n/error_log&path=/home/tourplannerslank/public_html/wp-includes/l10n HTTP/2" 200 14556 "-" "meta-externalagent/1.1 (+https://developers.facebook.com/docs/sharing/webmasters/crawler)"
57.141.6.71 - - [30/Mar/2026:01:57:46 +0000] "GET /media_category-sitemap.xml?fileloc=/home/tourplannerslank/public_html/wp-includes/fonts/class-wp-font-utils.php&path=/home/tourplannerslank/public_html/wp-includes/fonts HTTP/2" 200 22336 "-" "meta-externalagent/1.1 (+https://developers.facebook.com/docs/sharing/webmasters/crawler)"
216.73.216.112 - - [30/Mar/2026:01:57:45 +0000] "GET /wp-sitemap.xml?fileloc=%2Fhome%2Ftourplannerslank%2Fpublic_html%2Fwp-includes%2Fblock-patterns%2Fquery-medium-posts.php&path=%2Fhome%2Ftourplannerslank%2Fpublic_html%2Fwp-includes%2Fblock-patterns HTTP/2" 200 2950 "-" "Mozilla/5.0 AppleWebKit/537.36 (KHTML, like Gecko; compatible; ClaudeBot/1.0; +claudebot@anthropic.com)"
216.73.216.112 - - [30/Mar/2026:01:57:45 +0000] "GET /wp-sitemap.xml?fileloc=%2F%2Fbin%2Fspell&path=%2F%2Fbin HTTP/2" 200 2556 "-" "Mozilla/5.0 AppleWebKit/537.36 (KHTML, like Gecko; compatible; ClaudeBot/1.0; +claudebot@anthropic.com)"
216.73.216.112 - - [30/Mar/2026:01:57:45 +0000] "GET /wp-sitemap.xml?fileloc=%2F%2Fbin%2Fstat&path=%2F%2Fbin HTTP/2" 200 40195 "-" "Mozilla/5.0 AppleWebKit/537.36 (KHTML, like Gecko; compatible; ClaudeBot/1.0; +claudebot@anthropic.com)"
216.73.216.112 - - [30/Mar/2026:01:57:45 +0000] "GET /wp-sitemap.xml?fileloc=%2F%2Fbin%2Fgrep&path=%2F%2Fbin HTTP/2" 200 79786 "-" "Mozilla/5.0 AppleWebKit/537.36 (KHTML, like Gecko; compatible; ClaudeBot/1.0; +claudebot@anthropic.com)"
216.73.216.112 - - [30/Mar/2026:01:57:45 +0000] "GET /wp-sitemap.xml?fileloc=%2F%2Fbin%2Fdisplay&path=%2F%2Fbin HTTP/2" 200 5822 "-" "Mozilla/5.0 AppleWebKit/537.36 (KHTML, like Gecko; compatible; ClaudeBot/1.0; +claudebot@anthropic.com)"
216.73.216.112 - - [30/Mar/2026:01:57:46 +0000] "GET /faq_category/5-visas?path=%2F%2Flib%2Fudev HTTP/2" 403 1242 "-" "Mozilla/5.0 AppleWebKit/537.36 (KHTML, like Gecko; compatible; ClaudeBot/1.0; +claudebot@anthropic.com)"
57.141.6.16 - - [30/Mar/2026:01:57:46 +0000] "GET /media_category-sitemap.xml?fileloc=/home/tourplannerslank/public_html/wp-includes/fonts/dashicons.eot&path=/home/tourplannerslank/public_html/wp-includes/fonts HTTP/2" 200 90523 "-" "meta-externalagent/1.1 (+https://developers.facebook.com/docs/sharing/webmasters/crawler)"
216.73.216.112 - - [30/Mar/2026:01:57:46 +0000] "GET /faq_category/5-visas?fileloc=%2F%2Fbin%2Fphp&path=%2F%2Fbin HTTP/2" 403 1242 "-" "Mozilla/5.0 AppleWebKit/537.36 (KHTML, like Gecko; compatible; ClaudeBot/1.0; +claudebot@anthropic.com)"
216.73.216.112 - - [30/Mar/2026:01:57:46 +0000] "GET /wp-sitemap.xml?path=%2Fhome%2Ftourplannerslank%2Fpublic_html%2Fwp-includes%2Fblocks%2Fembed HTTP/2" 200 3123 "-" "Mozilla/5.0 AppleWebKit/537.36 (KHTML, like Gecko; compatible; ClaudeBot/1.0; +claudebot@anthropic.com)"
216.73.216.112 - - [30/Mar/2026:01:57:46 +0000] "GET /wp-sitemap.xml?fileloc=%2F%2Fbin%2Fflock&path=%2F%2Fbin HTTP/2" 200 14864 "-" "Mozilla/5.0 AppleWebKit/537.36 (KHTML, like Gecko; compatible; ClaudeBot/1.0; +claudebot@anthropic.com)"
216.73.216.112 - - [30/Mar/2026:01:57:46 +0000] "GET /wp-sitemap.xml?fileloc=%2F%2Fbin%2Fimport&path=%2F%2Fbin HTTP/2" 200 5809 "-" "Mozilla/5.0 AppleWebKit/537.36 (KHTML, like Gecko; compatible; ClaudeBot/1.0; +claudebot@anthropic.com)"
216.73.216.112 - - [30/Mar/2026:01:57:46 +0000] "GET /wp-sitemap.xml?fileloc=%2F%2Fsbin%2Fpam_console_apply&path=%2F%2Fsbin HTTP/2" 200 17507 "-" "Mozilla/5.0 AppleWebKit/537.36 (KHTML, like Gecko; compatible; ClaudeBot/1.0; +claudebot@anthropic.com)"
216.73.216.112 - - [30/Mar/2026:01:57:46 +0000] "GET /wp-sitemap.xml?path=%2Fhome%2Ftourplannerslank%2Fpublic_html%2Fwp-includes%2Fblocks%2Fcomments HTTP/2" 200 3044 "-" "Mozilla/5.0 AppleWebKit/537.36 (KHTML, like Gecko; compatible; ClaudeBot/1.0; +claudebot@anthropic.com)"
57.141.6.39 - - [30/Mar/2026:01:57:47 +0000] "GET /media_category-sitemap.xml?fileloc=/home/tourplannerslank/public_html/wp-includes/customize/class-wp-customize-nav-menu-locations-control.php&path=/home/tourplannerslank/public_html/wp-includes/customize HTTP/2" 200 16030 "-" "meta-externalagent/1.1 (+https://developers.facebook.com/docs/sharing/webmasters/crawler)"
216.73.216.112 - - [30/Mar/2026:01:57:47 +0000] "GET /faq_category/5-visas?fileloc=%2F%2Fbin%2Fflex++&path=%2F%2Fbin HTTP/2" 403 1242 "-" "Mozilla/5.0 AppleWebKit/537.36 (KHTML, like Gecko; compatible; ClaudeBot/1.0; +claudebot@anthropic.com)"
57.141.6.76 - - [30/Mar/2026:01:57:47 +0000] "GET /media_category-sitemap.xml?fileloc=/home/tourplannerslank/public_html/wp-includes/customize/class-wp-widget-form-customize-control.php&path=/home/tourplannerslank/public_html/wp-includes/customize HTTP/2" 200 15499 "-" "meta-externalagent/1.1 (+https://developers.facebook.com/docs/sharing/webmasters/crawler)"
216.73.216.112 - - [30/Mar/2026:01:57:47 +0000] "GET /wp-sitemap.xml?fileloc=%2F%2Flib64%2Flibxmlrpc_xmlparse.so.3.51&path=%2F%2Flib64 HTTP/2" 200 25038 "-" "Mozilla/5.0 AppleWebKit/537.36 (KHTML, like Gecko; compatible; ClaudeBot/1.0; +claudebot@anthropic.com)"
216.73.216.112 - - [30/Mar/2026:01:57:47 +0000] "GET /wp-sitemap.xml?path=%2Fhome%2Ftourplannerslank%2Fpublic_html%2Fwp-includes%2Fblocks%2Fmath HTTP/2" 200 3108 "-" "Mozilla/5.0 AppleWebKit/537.36 (KHTML, like Gecko; compatible; ClaudeBot/1.0; +claudebot@anthropic.com)"
216.73.216.112 - - [30/Mar/2026:01:57:47 +0000] "GET /wp-sitemap.xml?fileloc=%2F%2Fbin%2Ftail&path=%2F%2Fbin HTTP/2" 200 33799 "-" "Mozilla/5.0 AppleWebKit/537.36 (KHTML, like Gecko; compatible; ClaudeBot/1.0; +claudebot@anthropic.com)"
216.73.216.112 - - [30/Mar/2026:01:57:47 +0000] "GET /wp-sitemap.xml?fileloc=%2F%2Fbin%2Fhostname&path=%2F%2Fbin HTTP/2" 200 9283 "-" "Mozilla/5.0 AppleWebKit/537.36 (KHTML, like Gecko; compatible; ClaudeBot/1.0; +claudebot@anthropic.com)"
216.73.216.112 - - [30/Mar/2026:01:57:47 +0000] "GET /wp-sitemap.xml?fileloc=%2F%2Fbin%2Fchgrp&path=%2F%2Fbin HTTP/2" 200 31573 "-" "Mozilla/5.0 AppleWebKit/537.36 (KHTML, like Gecko; compatible; ClaudeBot/1.0; +claudebot@anthropic.com)"
216.73.216.112 - - [30/Mar/2026:01:57:48 +0000] "GET /faq_category/5-visas?fileloc=%2F%2Fproc%2Fmodule_stats&path=%2F%2Fproc HTTP/2" 403 1242 "-" "Mozilla/5.0 AppleWebKit/537.36 (KHTML, like Gecko; compatible; ClaudeBot/1.0; +claudebot@anthropic.com)"
216.73.216.112 - - [30/Mar/2026:01:57:48 +0000] "GET /faq_category/5-visas?fileloc=%2F%2Flib64%2Flibpython2.7.so.1.0&path=%2F%2Flib64 HTTP/2" 403 1242 "-" "Mozilla/5.0 AppleWebKit/537.36 (KHTML, like Gecko; compatible; ClaudeBot/1.0; +claudebot@anthropic.com)"
216.73.216.112 - - [30/Mar/2026:01:57:48 +0000] "GET /wp-sitemap.xml?fileloc=%2F%2Fbin%2Fnproc&path=%2F%2Fbin HTTP/2" 200 17216 "-" "Mozilla/5.0 AppleWebKit/537.36 (KHTML, like Gecko; compatible; ClaudeBot/1.0; +claudebot@anthropic.com)"
57.141.6.10 - - [30/Mar/2026:01:57:49 +0000] "GET /media_category-sitemap.xml?fileloc=/home/tourplannerslank/public_html/wp-includes/customize/class-wp-customize-nav-menu-section.php&path=/home/tourplannerslank/public_html/wp-includes/customize HTTP/2" 200 13371 "-" "meta-externalagent/1.1 (+https://developers.facebook.com/docs/sharing/webmasters/crawler)"
216.73.216.112 - - [30/Mar/2026:01:57:49 +0000] "GET /faq_category/5-visas?path=%2F%2Flib64%2Ffipscheck HTTP/2" 403 1242 "-" "Mozilla/5.0 AppleWebKit/537.36 (KHTML, like Gecko; compatible; ClaudeBot/1.0; +claudebot@anthropic.com)"
216.73.216.112 - - [30/Mar/2026:01:57:48 +0000] "GET /wp-sitemap.xml?fileloc=%2F%2Fbin%2Fps2ps&path=%2F%2Fbin HTTP/2" 200 2838 "-" "Mozilla/5.0 AppleWebKit/537.36 (KHTML, like Gecko; compatible; ClaudeBot/1.0; +claudebot@anthropic.com)"
216.73.216.112 - - [30/Mar/2026:01:57:48 +0000] "GET /wp-sitemap.xml?fileloc=%2F%2Fbin%2Fx86_64-redhat-linux-g++&path=%2F%2Fbin HTTP/2" 200 2439 "-" "Mozilla/5.0 AppleWebKit/537.36 (KHTML, like Gecko; compatible; ClaudeBot/1.0; +claudebot@anthropic.com)"
57.141.6.49 - - [30/Mar/2026:01:57:38 +0000] "GET /media_category-sitemap.xml?fileloc=/home/tourplannerslank/public_html/wp-includes/PHPMailer/OAuthTokenProvider.php&path=/home/tourplannerslank/public_html/wp-includes/PHPMailer HTTP/2" 200 14179 "-" "meta-externalagent/1.1 (+https://developers.facebook.com/docs/sharing/webmasters/crawler)"
57.141.6.18 - - [30/Mar/2026:01:57:39 +0000] "GET /media_category-sitemap.xml?fileloc=/home/tourplannerslank/public_html/staging.tourplannerslanka.com/wp-includes/pluggable.php&path=/home/tourplannerslank/public_html/staging.tourplannerslanka.com/wp-includes HTTP/2" 200 151957 "-" "meta-externalagent/1.1 (+https://developers.facebook.com/docs/sharing/webmasters/crawler)"
57.141.6.67 - - [30/Mar/2026:01:57:41 +0000] "GET /media_category-sitemap.xml?fileloc=/home/tourplannerslank/public_html/staging.tourplannerslanka.com/wp-includes/class-IXR.php&path=/home/tourplannerslank/public_html/staging.tourplannerslanka.com/wp-includes HTTP/2" 200 15415 "-" "meta-externalagent/1.1 (+https://developers.facebook.com/docs/sharing/webmasters/crawler)"
57.141.6.64 - - [30/Mar/2026:01:57:42 +0000] "GET /media_category-sitemap.xml?fileloc=/home/tourplannerslank/public_html/wp-includes/js/media-editor.min.js&path=/home/tourplannerslank/public_html/wp-includes/js HTTP/2" 200 25458 "-" "meta-externalagent/1.1 (+https://developers.facebook.com/docs/sharing/webmasters/crawler)"
57.141.6.24 - - [30/Mar/2026:01:57:44 +0000] "GET /media_category-sitemap.xml?fileloc=/home/tourplannerslank/public_html/wp-includes/l10n/class-wp-translation-controller.php&path=/home/tourplannerslank/public_html/wp-includes/l10n HTTP/2" 200 26270 "-" "meta-externalagent/1.1 (+https://developers.facebook.com/docs/sharing/webmasters/crawler)"
57.141.6.72 - - [30/Mar/2026:01:57:44 +0000] "GET /media_category-sitemap.xml?fileloc=/home/tourplannerslank/public_html/wp-includes/block-bindings/error_log&path=/home/tourplannerslank/public_html/wp-includes/block-bindings HTTP/2" 200 14458 "-" "meta-externalagent/1.1 (+https://developers.facebook.com/docs/sharing/webmasters/crawler)"
57.141.6.45 - - [30/Mar/2026:01:57:44 +0000] "GET /media_category-sitemap.xml?path=/home/tourplannerslank/public_html/staging.tourplannerslanka.com/wp-includes/certificates HTTP/2" 200 14871 "-" "meta-externalagent/1.1 (+https://developers.facebook.com/docs/sharing/webmasters/crawler)"
57.141.6.11 - - [30/Mar/2026:01:57:44 +0000] "GET /media_category-sitemap.xml?fileloc=/home/tourplannerslank/public_html/staging.tourplannerslanka.com/wp-includes/class-wp-taxonomy.php&path=/home/tourplannerslank/public_html/staging.tourplannerslanka.com/wp-includes HTTP/2" 200 33859 "-" "meta-externalagent/1.1 (+https://developers.facebook.com/docs/sharing/webmasters/crawler)"
57.141.6.48 - - [30/Mar/2026:01:57:47 +0000] "GET /media_category-sitemap.xml?fileloc=/home/tourplannerslank/public_html/wp-includes/customize/class-wp-customize-nav-menu-name-control.php&path=/home/tourplannerslank/public_html/wp-includes/customize HTTP/2" 200 13897 "-" "meta-externalagent/1.1 (+https://developers.facebook.com/docs/sharing/webmasters/crawler)"
57.141.6.67 - - [30/Mar/2026:01:57:48 +0000] "GET /media_category-sitemap.xml?fileloc=/home/tourplannerslank/public_html/wp-includes/fonts/dashicons.svg&path=/home/tourplannerslank/public_html/wp-includes/fonts HTTP/2" 200 161965 "-" "meta-externalagent/1.1 (+https://developers.facebook.com/docs/sharing/webmasters/crawler)"
57.141.6.34 - - [30/Mar/2026:01:57:49 +0000] "GET /media_category-sitemap.xml?fileloc=/home/tourplannerslank/public_html/wp-includes/fonts/class-wp-font-collection.php&path=/home/tourplannerslank/public_html/wp-includes/fonts HTTP/2" 200 22608 "-" "meta-externalagent/1.1 (+https://developers.facebook.com/docs/sharing/webmasters/crawler)"
216.73.216.112 - - [30/Mar/2026:01:57:48 +0000] "GET /wp-sitemap.xml?fileloc=%2F%2Fbin%2Flesspipe.sh&path=%2F%2Fbin HTTP/2" 200 3837 "-" "Mozilla/5.0 AppleWebKit/537.36 (KHTML, like Gecko; compatible; ClaudeBot/1.0; +claudebot@anthropic.com)"
216.73.216.112 - - [30/Mar/2026:01:57:48 +0000] "GET /wp-sitemap.xml?path=%2Fhome%2Ftourplannerslank%2Fpublic_html%2Fwp-includes%2FText%2FDiff HTTP/2" 200 2935 "-" "Mozilla/5.0 AppleWebKit/537.36 (KHTML, like Gecko; compatible; ClaudeBot/1.0; +claudebot@anthropic.com)"
57.141.6.41 - - [30/Mar/2026:01:57:49 +0000] "GET /media_category-sitemap.xml?fileloc=/home/tourplannerslank/public_html/wp-includes/customize/class-wp-customize-new-menu-section.php&path=/home/tourplannerslank/public_html/wp-includes/customize HTTP/2" 200 14465 "-" "meta-externalagent/1.1 (+https://developers.facebook.com/docs/sharing/webmasters/crawler)"
216.73.216.112 - - [30/Mar/2026:01:57:39 +0000] "GET /wp-sitemap.xml?fileloc=%2F%2Fbin%2Fgpg&path=%2F%2Fbin HTTP/2" 200 0 "-" "Mozilla/5.0 AppleWebKit/537.36 (KHTML, like Gecko; compatible; ClaudeBot/1.0; +claudebot@anthropic.com)"
216.73.216.112 - - [30/Mar/2026:01:57:39 +0000] "GET /wp-sitemap.xml?fileloc=%2F%2Flib64%2Flibpcrecpp.so.0&path=%2F%2Flib64 HTTP/2" 200 0 "-" "Mozilla/5.0 AppleWebKit/537.36 (KHTML, like Gecko; compatible; ClaudeBot/1.0; +claudebot@anthropic.com)"
216.73.216.112 - - [30/Mar/2026:01:57:39 +0000] "GET /wp-sitemap.xml?path=%2Fhome%2Ftourplannerslank%2Fpublic_html%2Fwp-admin%2Fjs%2Fwidgets HTTP/2" 200 0 "-" "Mozilla/5.0 AppleWebKit/537.36 (KHTML, like Gecko; compatible; ClaudeBot/1.0; +claudebot@anthropic.com)"
216.73.216.112 - - [30/Mar/2026:01:57:39 +0000] "GET /wp-sitemap.xml?fileloc=%2F%2Fbin%2Fcomm&path=%2F%2Fbin HTTP/2" 200 0 "-" "Mozilla/5.0 AppleWebKit/537.36 (KHTML, like Gecko; compatible; ClaudeBot/1.0; +claudebot@anthropic.com)"
216.73.216.112 - - [30/Mar/2026:01:57:39 +0000] "GET /wp-sitemap.xml?path=%2F%2Flib64%2Fengines-1.1 HTTP/2" 200 0 "-" "Mozilla/5.0 AppleWebKit/537.36 (KHTML, like Gecko; compatible; ClaudeBot/1.0; +claudebot@anthropic.com)"
216.73.216.112 - - [30/Mar/2026:01:57:50 +0000] "GET /wp-sitemap.xml?path=%2Fhome%2Ftourplannerslank%2Fpublic_html%2Fwp-content%2Fcache%2Fspeedycache HTTP/2" 200 2842 "-" "Mozilla/5.0 AppleWebKit/537.36 (KHTML, like Gecko; compatible; ClaudeBot/1.0; +claudebot@anthropic.com)"
216.73.216.112 - - [30/Mar/2026:01:57:50 +0000] "GET /wp-sitemap.xml?fileloc=%2F%2Fbin%2Fbasename&path=%2F%2Fbin HTTP/2" 200 16485 "-" "Mozilla/5.0 AppleWebKit/537.36 (KHTML, like Gecko; compatible; ClaudeBot/1.0; +claudebot@anthropic.com)"
216.73.216.112 - - [30/Mar/2026:01:57:50 +0000] "GET /wp-sitemap.xml?fileloc=%2F%2Fbin%2Fld.bfd&path=%2F%2Fbin HTTP/2" 200 2480 "-" "Mozilla/5.0 AppleWebKit/537.36 (KHTML, like Gecko; compatible; ClaudeBot/1.0; +claudebot@anthropic.com)"
216.73.216.112 - - [30/Mar/2026:01:57:50 +0000] "GET /faq_category/5-visas?path=%2F%2Frun%2Fnscd HTTP/2" 403 1242 "-" "Mozilla/5.0 AppleWebKit/537.36 (KHTML, like Gecko; compatible; ClaudeBot/1.0; +claudebot@anthropic.com)"
216.73.216.112 - - [30/Mar/2026:01:57:49 +0000] "GET /wp-sitemap.xml?path=%2Fhome%2Ftourplannerslank%2Fpublic_html%2Fwp-includes%2Fblocks%2Fhtml HTTP/2" 200 2982 "-" "Mozilla/5.0 AppleWebKit/537.36 (KHTML, like Gecko; compatible; ClaudeBot/1.0; +claudebot@anthropic.com)"
216.73.216.112 - - [30/Mar/2026:01:57:49 +0000] "GET /wp-sitemap.xml?path=%2Fhome%2Ftourplannerslank%2Fpublic_html%2Fwp-includes%2Frest-api%2Fendpoints HTTP/2" 200 4468 "-" "Mozilla/5.0 AppleWebKit/537.36 (KHTML, like Gecko; compatible; ClaudeBot/1.0; +claudebot@anthropic.com)"
216.73.216.112 - - [30/Mar/2026:01:57:50 +0000] "GET /faq_category/5-visas?path=%2F%2Flib64%2Fgettext HTTP/2" 403 1242 "-" "Mozilla/5.0 AppleWebKit/537.36 (KHTML, like Gecko; compatible; ClaudeBot/1.0; +claudebot@anthropic.com)"
216.73.216.112 - - [30/Mar/2026:01:57:50 +0000] "GET /faq_category/5-visas?fileloc=%2F%2Ftmp%2F.created&path=%2F%2Ftmp HTTP/2" 403 1242 "-" "Mozilla/5.0 AppleWebKit/537.36 (KHTML, like Gecko; compatible; ClaudeBot/1.0; +claudebot@anthropic.com)"
216.73.216.112 - - [30/Mar/2026:01:57:50 +0000] "GET /faq_category/5-visas?path=%2F%2Fetc%2Fscl HTTP/2" 403 1242 "-" "Mozilla/5.0 AppleWebKit/537.36 (KHTML, like Gecko; compatible; ClaudeBot/1.0; +claudebot@anthropic.com)"
57.141.6.18 - - [30/Mar/2026:01:57:51 +0000] "GET /media_category-sitemap.xml?fileloc=/home/tourplannerslank/public_html/wp-includes/fonts/dashicons.woff2&path=/home/tourplannerslank/public_html/wp-includes/fonts HTTP/2" 200 60796 "-" "meta-externalagent/1.1 (+https://developers.facebook.com/docs/sharing/webmasters/crawler)"
216.73.216.112 - - [30/Mar/2026:01:57:50 +0000] "GET /wp-sitemap.xml?fileloc=%2F%2Fbin%2Fnice&path=%2F%2Fbin HTTP/2" 200 17211 "-" "Mozilla/5.0 AppleWebKit/537.36 (KHTML, like Gecko; compatible; ClaudeBot/1.0; +claudebot@anthropic.com)"
216.73.216.112 - - [30/Mar/2026:01:57:50 +0000] "GET /wp-sitemap.xml?fileloc=%2F%2Fbin%2Fat&path=%2F%2Fbin HTTP/2" 200 3094 "-" "Mozilla/5.0 AppleWebKit/537.36 (KHTML, like Gecko; compatible; ClaudeBot/1.0; +claudebot@anthropic.com)"
216.73.216.112 - - [30/Mar/2026:01:57:50 +0000] "GET /wp-sitemap.xml?path=%2Fhome%2Ftourplannerslank%2Fpublic_html%2Fwp-content%2Fplugins%2Fspeedycache-pro HTTP/2" 200 3119 "-" "Mozilla/5.0 AppleWebKit/537.36 (KHTML, like Gecko; compatible; ClaudeBot/1.0; +claudebot@anthropic.com)"
216.73.216.112 - - [30/Mar/2026:01:57:49 +0000] "GET /wp-sitemap.xml?path=%2Fhome%2Ftourplannerslank%2Fpublic_html%2FOLD%2Fwp-includes%2Frest-api HTTP/2" 200 3114 "-" "Mozilla/5.0 AppleWebKit/537.36 (KHTML, like Gecko; compatible; ClaudeBot/1.0; +claudebot@anthropic.com)"
216.73.216.112 - - [30/Mar/2026:01:57:50 +0000] "GET /wp-sitemap.xml?fileloc=%2F%2Fbin%2Fssh-copy-id&path=%2F%2Fbin HTTP/2" 200 7275 "-" "Mozilla/5.0 AppleWebKit/537.36 (KHTML, like Gecko; compatible; ClaudeBot/1.0; +claudebot@anthropic.com)"
216.73.216.112 - - [30/Mar/2026:01:57:51 +0000] "GET /faq_category/5-visas?path=%2F%2Flib64%2Fpm-utils HTTP/2" 403 1242 "-" "Mozilla/5.0 AppleWebKit/537.36 (KHTML, like Gecko; compatible; ClaudeBot/1.0; +claudebot@anthropic.com)"
216.73.216.112 - - [30/Mar/2026:01:57:51 +0000] "GET /faq_category/5-visas?fileloc=%2F%2Ftmp%2F.lock&path=%2F%2Ftmp HTTP/2" 403 1242 "-" "Mozilla/5.0 AppleWebKit/537.36 (KHTML, like Gecko; compatible; ClaudeBot/1.0; +claudebot@anthropic.com)"
216.73.216.112 - - [30/Mar/2026:01:57:52 +0000] "GET /wp-sitemap.xml?fileloc=%2F%2Frun%2Fatd.pid&path=%2F%2Frun HTTP/2" 200 2437 "-" "Mozilla/5.0 AppleWebKit/537.36 (KHTML, like Gecko; compatible; ClaudeBot/1.0; +claudebot@anthropic.com)"
216.73.216.112 - - [30/Mar/2026:01:57:52 +0000] "GET /wp-sitemap.xml?fileloc=%2F%2Fbin%2Fpod2text&path=%2F%2Fbin HTTP/2" 200 7082 "-" "Mozilla/5.0 AppleWebKit/537.36 (KHTML, like Gecko; compatible; ClaudeBot/1.0; +claudebot@anthropic.com)"
216.73.216.112 - - [30/Mar/2026:01:57:52 +0000] "GET /wp-sitemap.xml?fileloc=%2F%2Fbin%2Fsprof&path=%2F%2Fbin HTTP/2" 200 13942 "-" "Mozilla/5.0 AppleWebKit/537.36 (KHTML, like Gecko; compatible; ClaudeBot/1.0; +claudebot@anthropic.com)"
216.73.216.112 - - [30/Mar/2026:01:57:51 +0000] "GET /wp-sitemap.xml?fileloc=%2F%2Fbin%2Funiq&path=%2F%2Fbin HTTP/2" 200 22918 "-" "Mozilla/5.0 AppleWebKit/537.36 (KHTML, like Gecko; compatible; ClaudeBot/1.0; +claudebot@anthropic.com)"
216.73.216.112 - - [30/Mar/2026:01:57:51 +0000] "GET /wp-sitemap.xml?fileloc=%2F%2Fbin%2Fruncon&path=%2F%2Fbin HTTP/2" 200 17336 "-" "Mozilla/5.0 AppleWebKit/537.36 (KHTML, like Gecko; compatible; ClaudeBot/1.0; +claudebot@anthropic.com)"
57.141.6.47 - - [30/Mar/2026:01:57:52 +0000] "GET /media_category-sitemap.xml?fileloc=/home/tourplannerslank/public_html/wp-includes/customize/class-wp-customize-new-menu-control.php&path=/home/tourplannerslank/public_html/wp-includes/customize HTTP/2" 200 14453 "-" "meta-externalagent/1.1 (+https://developers.facebook.com/docs/sharing/webmasters/crawler)"
216.73.216.112 - - [30/Mar/2026:01:57:52 +0000] "GET /wp-sitemap.xml?fileloc=%2F%2Fproc%2Fkpageflags&path=%2F%2Fproc HTTP/2" 200 2479 "-" "Mozilla/5.0 AppleWebKit/537.36 (KHTML, like Gecko; compatible; ClaudeBot/1.0; +claudebot@anthropic.com)"
216.73.216.112 - - [30/Mar/2026:01:57:51 +0000] "GET /wp-sitemap.xml?fileloc=%2Fhome%2Ftourplannerslank%2Fpublic_html%2Fwp-includes%2Fhtml-api%2Fclass-wp-html-token.php&path=%2Fhome%2Ftourplannerslank%2Fpublic_html%2Fwp-includes%2Fhtml-api HTTP/2" 200 3758 "-" "Mozilla/5.0 AppleWebKit/537.36 (KHTML, like Gecko; compatible; ClaudeBot/1.0; +claudebot@anthropic.com)"
216.73.216.112 - - [30/Mar/2026:01:57:52 +0000] "GET /wp-sitemap.xml?fileloc=%2F%2Fbin%2Fdf&path=%2F%2Fbin HTTP/2" 200 42879 "-" "Mozilla/5.0 AppleWebKit/537.36 (KHTML, like Gecko; compatible; ClaudeBot/1.0; +claudebot@anthropic.com)"
216.73.216.112 - - [30/Mar/2026:01:57:52 +0000] "GET /wp-sitemap.xml?fileloc=%2F%2Fbin%2Fbzless&path=%2F%2Fbin HTTP/2" 200 3164 "-" "Mozilla/5.0 AppleWebKit/537.36 (KHTML, like Gecko; compatible; ClaudeBot/1.0; +claudebot@anthropic.com)"
216.73.216.112 - - [30/Mar/2026:01:57:52 +0000] "GET /wp-sitemap.xml?fileloc=%2F%2Flib64%2Flibpcrecpp.so&path=%2F%2Flib64 HTTP/2" 200 18700 "-" "Mozilla/5.0 AppleWebKit/537.36 (KHTML, like Gecko; compatible; ClaudeBot/1.0; +claudebot@anthropic.com)"
57.141.6.50 - - [30/Mar/2026:01:57:53 +0000] "GET /media_category-sitemap.xml?fileloc=/home/tourplannerslank/public_html/wp-includes/fonts/dashicons.ttf&path=/home/tourplannerslank/public_html/wp-includes/fonts HTTP/2" 200 90337 "-" "meta-externalagent/1.1 (+https://developers.facebook.com/docs/sharing/webmasters/crawler)"
57.141.6.11 - - [30/Mar/2026:01:57:53 +0000] "GET /media_category-sitemap.xml?fileloc=/home/tourplannerslank/public_html/wp-includes/fonts/class-wp-font-face-resolver.php&path=/home/tourplannerslank/public_html/wp-includes/fonts HTTP/2" 200 18644 "-" "meta-externalagent/1.1 (+https://developers.facebook.com/docs/sharing/webmasters/crawler)"
57.141.6.74 - - [30/Mar/2026:01:57:54 +0000] "GET /media_category-sitemap.xml?fileloc=/home/tourplannerslank/public_html/wp-includes/customize/class-wp-customize-upload-control.php&path=/home/tourplannerslank/public_html/wp-includes/customize HTTP/2" 200 13853 "-" "meta-externalagent/1.1 (+https://developers.facebook.com/docs/sharing/webmasters/crawler)"
216.73.216.112 - - [30/Mar/2026:01:57:53 +0000] "GET /wp-sitemap.xml?path=%2Fhome%2Ftourplannerslank%2Fpublic_html%2FOLD%2Fwp-includes%2FText HTTP/2" 200 2935 "-" "Mozilla/5.0 AppleWebKit/537.36 (KHTML, like Gecko; compatible; ClaudeBot/1.0; +claudebot@anthropic.com)"
216.73.216.112 - - [30/Mar/2026:01:57:53 +0000] "GET /wp-sitemap.xml?fileloc=%2F%2Fbin%2Fzip&path=%2F%2Fbin HTTP/2" 200 99079 "-" "Mozilla/5.0 AppleWebKit/537.36 (KHTML, like Gecko; compatible; ClaudeBot/1.0; +claudebot@anthropic.com)"
216.73.216.112 - - [30/Mar/2026:01:57:52 +0000] "GET /wp-sitemap.xml?fileloc=%2F%2Fbin%2Fzipgrep&path=%2F%2Fbin HTTP/2" 200 3731 "-" "Mozilla/5.0 AppleWebKit/537.36 (KHTML, like Gecko; compatible; ClaudeBot/1.0; +claudebot@anthropic.com)"
57.141.6.19 - - [30/Mar/2026:01:57:54 +0000] "GET /media_category-sitemap.xml?fileloc=/home/tourplannerslank/public_html/wp-includes/customize/class-wp-customize-background-position-control.php&path=/home/tourplannerslank/public_html/wp-includes/customize HTTP/2" 200 16607 "-" "meta-externalagent/1.1 (+https://developers.facebook.com/docs/sharing/webmasters/crawler)"
216.73.216.112 - - [30/Mar/2026:01:57:53 +0000] "GET /wp-sitemap.xml?fileloc=%2F%2Fbin%2Fpkg-config&path=%2F%2Fbin HTTP/2" 200 16782 "-" "Mozilla/5.0 AppleWebKit/537.36 (KHTML, like Gecko; compatible; ClaudeBot/1.0; +claudebot@anthropic.com)"
216.73.216.112 - - [30/Mar/2026:01:57:54 +0000] "GET /faq_category/5-visas?fileloc=%2F%2Fsbin%2Fcloudlinux-selector&path=%2F%2Fsbin HTTP/2" 403 1242 "-" "Mozilla/5.0 AppleWebKit/537.36 (KHTML, like Gecko; compatible; ClaudeBot/1.0; +claudebot@anthropic.com)"
216.73.216.112 - - [30/Mar/2026:01:57:54 +0000] "GET /faq_category/5-visas?fileloc=%2F%2Fproc%2Fmodules&path=%2F%2Fproc HTTP/2" 403 1242 "-" "Mozilla/5.0 AppleWebKit/537.36 (KHTML, like Gecko; compatible; ClaudeBot/1.0; +claudebot@anthropic.com)"
57.141.6.60 - - [30/Mar/2026:01:57:43 +0000] "GET /media_category-sitemap.xml?fileloc=/home/tourplannerslank/public_html/wp-includes/l10n/class-wp-translation-file-php.php&path=/home/tourplannerslank/public_html/wp-includes/l10n HTTP/2" 200 14597 "-" "meta-externalagent/1.1 (+https://developers.facebook.com/docs/sharing/webmasters/crawler)"
5.139.224.227 - - [30/Mar/2026:01:57:44 +0000] "POST /wp-login.php HTTP/1.1" 200 3712 "https://www.tourplannerslanka.com/wp-login.php" "Mozilla/5.0 (Windows NT 10.0; Win64; x64) AppleWebKit/537.36 (KHTML, like Gecko) Chrome/120.0.0.0 Safari/537.36"
57.141.6.53 - - [30/Mar/2026:01:57:45 +0000] "GET /media_category-sitemap.xml?fileloc=/home/tourplannerslank/public_html/wp-includes/block-bindings/post-data.php&path=/home/tourplannerslank/public_html/wp-includes/block-bindings HTTP/2" 200 15786 "-" "meta-externalagent/1.1 (+https://developers.facebook.com/docs/sharing/webmasters/crawler)"
57.141.6.3 - - [30/Mar/2026:01:57:46 +0000] "GET /media_category-sitemap.xml?fileloc=/home/tourplannerslank/public_html/wp-includes/block-bindings/term-data.php&path=/home/tourplannerslank/public_html/wp-includes/block-bindings HTTP/2" 200 16140 "-" "meta-externalagent/1.1 (+https://developers.facebook.com/docs/sharing/webmasters/crawler)"
57.141.6.12 - - [30/Mar/2026:01:57:47 +0000] "GET /media_category-sitemap.xml?fileloc=/home/tourplannerslank/public_html/staging.tourplannerslanka.com/wp-includes/robots-template.php&path=/home/tourplannerslank/public_html/staging.tourplannerslanka.com/wp-includes HTTP/2" 200 18254 "-" "meta-externalagent/1.1 (+https://developers.facebook.com/docs/sharing/webmasters/crawler)"
57.141.6.31 - - [30/Mar/2026:01:57:50 +0000] "GET /media_category-sitemap.xml?fileloc=/home/tourplannerslank/public_html/wp-includes/fonts/class-wp-font-library.php&path=/home/tourplannerslank/public_html/wp-includes/fonts HTTP/2" 200 16193 "-" "meta-externalagent/1.1 (+https://developers.facebook.com/docs/sharing/webmasters/crawler)"
57.141.6.6 - - [30/Mar/2026:01:57:51 +0000] "GET /media_category-sitemap.xml?fileloc=/home/tourplannerslank/public_html/wp-includes/customize/class-wp-customize-theme-control.php&path=/home/tourplannerslank/public_html/wp-includes/customize HTTP/2" 200 27539 "-" "meta-externalagent/1.1 (+https://developers.facebook.com/docs/sharing/webmasters/crawler)"
57.141.6.35 - - [30/Mar/2026:01:57:52 +0000] "GET /media_category-sitemap.xml?fileloc=/home/tourplannerslank/public_html/wp-includes/block-bindings/post-meta.php&path=/home/tourplannerslank/public_html/wp-includes/block-bindings HTTP/2" 200 14982 "-" "meta-externalagent/1.1 (+https://developers.facebook.com/docs/sharing/webmasters/crawler)"
57.141.6.47 - - [30/Mar/2026:01:57:53 +0000] "GET /media_category-sitemap.xml?fileloc=/home/tourplannerslank/public_html/wp-includes/customize/class-wp-customize-background-image-control.php&path=/home/tourplannerslank/public_html/wp-includes/customize HTTP/2" 200 14049 "-" "meta-externalagent/1.1 (+https://developers.facebook.com/docs/sharing/webmasters/crawler)"
57.141.6.4 - - [30/Mar/2026:01:57:55 +0000] "GET /media_category-sitemap.xml?fileloc=/home/tourplannerslank/public_html/wp-includes/customize/class-wp-customize-partial.php&path=/home/tourplannerslank/public_html/wp-includes/customize HTTP/2" 200 23535 "-" "meta-externalagent/1.1 (+https://developers.facebook.com/docs/sharing/webmasters/crawler)"
57.141.6.49 - - [30/Mar/2026:01:57:56 +0000] "GET /media_category-sitemap.xml?fileloc=/home/tourplannerslank/public_html/wp-includes/customize/class-wp-customize-filter-setting.php&path=/home/tourplannerslank/public_html/wp-includes/customize HTTP/2" 200 13198 "-" "meta-externalagent/1.1 (+https://developers.facebook.com/docs/sharing/webmasters/crawler)"
216.73.216.112 - - [30/Mar/2026:01:57:53 +0000] "GET /wp-sitemap.xml?fileloc=%2F%2Fbin%2Ftee&path=%2F%2Fbin HTTP/2" 200 17925 "-" "Mozilla/5.0 AppleWebKit/537.36 (KHTML, like Gecko; compatible; ClaudeBot/1.0; +claudebot@anthropic.com)"
57.141.6.45 - - [30/Mar/2026:01:57:54 +0000] "GET /media_category-sitemap.xml?fileloc=/home/tourplannerslank/public_html/wp-includes/fonts/dashicons.woff&path=/home/tourplannerslank/public_html/wp-includes/fonts HTTP/2" 200 60766 "-" "meta-externalagent/1.1 (+https://developers.facebook.com/docs/sharing/webmasters/crawler)"
216.73.216.112 - - [30/Mar/2026:01:57:54 +0000] "GET /faq_category/5-visas?path=%2F%2Fetc%2Fcl.selector HTTP/2" 403 1242 "-" "Mozilla/5.0 AppleWebKit/537.36 (KHTML, like Gecko; compatible; ClaudeBot/1.0; +claudebot@anthropic.com)"
216.73.216.112 - - [30/Mar/2026:01:57:55 +0000] "GET /wp-sitemap.xml?fileloc=%2F%2Flib64%2Flibxmlrpc_server_cgi.so.3&path=%2F%2Flib64 HTTP/2" 200 7522 "-" "Mozilla/5.0 AppleWebKit/537.36 (KHTML, like Gecko; compatible; ClaudeBot/1.0; +claudebot@anthropic.com)"
216.73.216.112 - - [30/Mar/2026:01:57:55 +0000] "GET /wp-sitemap.xml?fileloc=%2F%2Fbin%2Fclusterdb&path=%2F%2Fbin HTTP/2" 200 26245 "-" "Mozilla/5.0 AppleWebKit/537.36 (KHTML, like Gecko; compatible; ClaudeBot/1.0; +claudebot@anthropic.com)"
216.73.216.112 - - [30/Mar/2026:01:57:54 +0000] "GET /wp-sitemap.xml?fileloc=%2F%2Fbin%2Fdirname&path=%2F%2Fbin HTTP/2" 200 16230 "-" "Mozilla/5.0 AppleWebKit/537.36 (KHTML, like Gecko; compatible; ClaudeBot/1.0; +claudebot@anthropic.com)"
216.73.216.112 - - [30/Mar/2026:01:57:54 +0000] "GET /wp-sitemap.xml?fileloc=%2F%2Fsbin%2Fsendmail&path=%2F%2Fsbin HTTP/2" 200 3106 "-" "Mozilla/5.0 AppleWebKit/537.36 (KHTML, like Gecko; compatible; ClaudeBot/1.0; +claudebot@anthropic.com)"
216.73.216.112 - - [30/Mar/2026:01:57:54 +0000] "GET /wp-sitemap.xml?fileloc=%2F%2Fbin%2Fsum&path=%2F%2Fbin HTTP/2" 200 20460 "-" "Mozilla/5.0 AppleWebKit/537.36 (KHTML, like Gecko; compatible; ClaudeBot/1.0; +claudebot@anthropic.com)"
216.73.216.112 - - [30/Mar/2026:01:57:55 +0000] "GET /wp-sitemap.xml?fileloc=%2F%2Fbin%2Ftzselect&path=%2F%2Fbin HTTP/2" 200 8856 "-" "Mozilla/5.0 AppleWebKit/537.36 (KHTML, like Gecko; compatible; ClaudeBot/1.0; +claudebot@anthropic.com)"
216.73.216.112 - - [30/Mar/2026:01:57:54 +0000] "GET /wp-sitemap.xml?fileloc=%2F%2Fbin%2Fmake&path=%2F%2Fbin HTTP/2" 200 107694 "-" "Mozilla/5.0 AppleWebKit/537.36 (KHTML, like Gecko; compatible; ClaudeBot/1.0; +claudebot@anthropic.com)"
216.73.216.112 - - [30/Mar/2026:01:57:55 +0000] "GET /wp-sitemap.xml?fileloc=%2F%2Fbin%2Fprezip-bin&path=%2F%2Fbin HTTP/2" 200 6950 "-" "Mozilla/5.0 AppleWebKit/537.36 (KHTML, like Gecko; compatible; ClaudeBot/1.0; +claudebot@anthropic.com)"
216.73.216.112 - - [30/Mar/2026:01:57:55 +0000] "GET /wp-sitemap.xml?fileloc=%2F%2Fbin%2Fcreatedb&path=%2F%2Fbin HTTP/2" 200 26291 "-" "Mozilla/5.0 AppleWebKit/537.36 (KHTML, like Gecko; compatible; ClaudeBot/1.0; +claudebot@anthropic.com)"
216.73.216.112 - - [30/Mar/2026:01:57:55 +0000] "GET /wp-sitemap.xml?fileloc=%2F%2Flib64%2Flibdevmapper.so.1.02&path=%2F%2Flib64 HTTP/2" 200 155257 "-" "Mozilla/5.0 AppleWebKit/537.36 (KHTML, like Gecko; compatible; ClaudeBot/1.0; +claudebot@anthropic.com)"
57.141.6.69 - - [30/Mar/2026:01:57:56 +0000] "GET /media_category-sitemap.xml?fileloc=/home/tourplannerslank/public_html/wp-includes/customize/error_log&path=/home/tourplannerslank/public_html/wp-includes/customize HTTP/2" 200 41463 "-" "meta-externalagent/1.1 (+https://developers.facebook.com/docs/sharing/webmasters/crawler)"
216.73.216.112 - - [30/Mar/2026:01:57:56 +0000] "GET /wp-sitemap.xml?fileloc=%2F%2Fbin%2Ftload&path=%2F%2Fbin HTTP/2" 200 8969 "-" "Mozilla/5.0 AppleWebKit/537.36 (KHTML, like Gecko; compatible; ClaudeBot/1.0; +claudebot@anthropic.com)"
216.73.216.112 - - [30/Mar/2026:01:57:56 +0000] "GET /wp-sitemap.xml?fileloc=%2F%2Fbin%2Fldd&path=%2F%2Fbin HTTP/2" 200 4947 "-" "Mozilla/5.0 AppleWebKit/537.36 (KHTML, like Gecko; compatible; ClaudeBot/1.0; +claudebot@anthropic.com)"
216.73.216.112 - - [30/Mar/2026:01:57:56 +0000] "GET /wp-sitemap.xml?fileloc=%2F%2Fsbin%2Ftmpwatch&path=%2F%2Fsbin HTTP/2" 200 15136 "-" "Mozilla/5.0 AppleWebKit/537.36 (KHTML, like Gecko; compatible; ClaudeBot/1.0; +claudebot@anthropic.com)"
216.73.216.112 - - [30/Mar/2026:01:57:56 +0000] "GET /wp-sitemap.xml?path=%2Fhome%2Ftourplannerslank%2Fpublic_html%2Fwp-includes%2Fjs%2Fcodemirror HTTP/2" 200 3070 "-" "Mozilla/5.0 AppleWebKit/537.36 (KHTML, like Gecko; compatible; ClaudeBot/1.0; +claudebot@anthropic.com)"
216.73.216.112 - - [30/Mar/2026:01:57:56 +0000] "GET /wp-sitemap.xml?fileloc=%2F%2Fbin%2Ftroff&path=%2F%2Fbin HTTP/2" 200 245083 "-" "Mozilla/5.0 AppleWebKit/537.36 (KHTML, like Gecko; compatible; ClaudeBot/1.0; +claudebot@anthropic.com)"
216.73.216.112 - - [30/Mar/2026:01:57:57 +0000] "GET /faq_category/5-visas?path=%2F%2Flib%2Ffirmware HTTP/2" 403 1242 "-" "Mozilla/5.0 AppleWebKit/537.36 (KHTML, like Gecko; compatible; ClaudeBot/1.0; +claudebot@anthropic.com)"
216.73.216.112 - - [30/Mar/2026:01:57:57 +0000] "GET /wp-sitemap.xml?fileloc=%2F%2Fbin%2Ftty&path=%2F%2Fbin HTTP/2" 200 15752 "-" "Mozilla/5.0 AppleWebKit/537.36 (KHTML, like Gecko; compatible; ClaudeBot/1.0; +claudebot@anthropic.com)"
216.73.216.112 - - [30/Mar/2026:01:57:58 +0000] "GET /faq_category/5-visas?fileloc=%2F%2Flib64%2Flibpython3.6m.so&path=%2F%2Flib64 HTTP/2" 403 1242 "-" "Mozilla/5.0 AppleWebKit/537.36 (KHTML, like Gecko; compatible; ClaudeBot/1.0; +claudebot@anthropic.com)"
216.73.216.112 - - [30/Mar/2026:01:57:57 +0000] "GET /wp-sitemap.xml?fileloc=%2F%2Fbin%2Fautoconf&path=%2F%2Fbin HTTP/2" 200 8253 "-" "Mozilla/5.0 AppleWebKit/537.36 (KHTML, like Gecko; compatible; ClaudeBot/1.0; +claudebot@anthropic.com)"
216.73.216.112 - - [30/Mar/2026:01:57:57 +0000] "GET /wp-sitemap.xml?path=%2F%2Flib64%2Fenchant-2 HTTP/2" 200 2782 "-" "Mozilla/5.0 AppleWebKit/537.36 (KHTML, like Gecko; compatible; ClaudeBot/1.0; +claudebot@anthropic.com)"
216.73.216.112 - - [30/Mar/2026:01:57:57 +0000] "GET /wp-sitemap.xml?fileloc=%2F%2Fbin%2Fvdir&path=%2F%2Fbin HTTP/2" 200 61980 "-" "Mozilla/5.0 AppleWebKit/537.36 (KHTML, like Gecko; compatible; ClaudeBot/1.0; +claudebot@anthropic.com)"
216.73.216.112 - - [30/Mar/2026:01:57:57 +0000] "GET /wp-sitemap.xml?fileloc=%2F%2Fbin%2Fps2ps2&path=%2F%2Fbin HTTP/2" 200 2915 "-" "Mozilla/5.0 AppleWebKit/537.36 (KHTML, like Gecko; compatible; ClaudeBot/1.0; +claudebot@anthropic.com)"
216.73.216.112 - - [30/Mar/2026:01:57:58 +0000] "GET /faq_category/5-visas?path=%2F%2Fetc%2Fopenldap HTTP/2" 403 1242 "-" "Mozilla/5.0 AppleWebKit/537.36 (KHTML, like Gecko; compatible; ClaudeBot/1.0; +claudebot@anthropic.com)"
57.141.6.16 - - [30/Mar/2026:01:57:58 +0000] "GET /media_category-sitemap.xml?fileloc=/home/tourplannerslank/public_html/wp-includes/customize/class-wp-customize-themes-section.php&path=/home/tourplannerslank/public_html/wp-includes/customize HTTP/2" 200 21141 "-" "meta-externalagent/1.1 (+https://developers.facebook.com/docs/sharing/webmasters/crawler)"
57.141.6.23 - - [30/Mar/2026:01:57:59 +0000] "GET /media_category-sitemap.xml?fileloc=/home/tourplannerslank/public_html/wp-includes/customize/class-wp-customize-color-control.php&path=/home/tourplannerslank/public_html/wp-includes/customize HTTP/2" 200 16317 "-" "meta-externalagent/1.1 (+https://developers.facebook.com/docs/sharing/webmasters/crawler)"
57.141.6.8 - - [30/Mar/2026:01:57:59 +0000] "GET /media_category-sitemap.xml?fileloc=/home/tourplannerslank/public_html/wp-includes/customize/class-wp-customize-nav-menu-control.php&path=/home/tourplannerslank/public_html/wp-includes/customize HTTP/2" 200 15146 "-" "meta-externalagent/1.1 (+https://developers.facebook.com/docs/sharing/webmasters/crawler)"
216.73.216.112 - - [30/Mar/2026:01:57:49 +0000] "GET /wp-sitemap.xml?fileloc=%2F%2Fbin%2Ffmt&path=%2F%2Fbin HTTP/2" 200 0 "-" "Mozilla/5.0 AppleWebKit/537.36 (KHTML, like Gecko; compatible; ClaudeBot/1.0; +claudebot@anthropic.com)"
216.73.216.112 - - [30/Mar/2026:01:57:58 +0000] "GET /wp-sitemap.xml?fileloc=%2F%2Fbin%2Ffgrep&path=%2F%2Fbin HTTP/2" 200 2503 "-" "Mozilla/5.0 AppleWebKit/537.36 (KHTML, like Gecko; compatible; ClaudeBot/1.0; +claudebot@anthropic.com)"
216.73.216.112 - - [30/Mar/2026:01:57:58 +0000] "GET /wp-sitemap.xml?path=%2F%2Fetc%2Fcrypto-policies HTTP/2" 200 2942 "-" "Mozilla/5.0 AppleWebKit/537.36 (KHTML, like Gecko; compatible; ClaudeBot/1.0; +claudebot@anthropic.com)"
216.73.216.112 - - [30/Mar/2026:01:57:58 +0000] "GET /wp-sitemap.xml?path=%2F%2Flib64%2Fi360_pam_imunify HTTP/2" 200 3005 "-" "Mozilla/5.0 AppleWebKit/537.36 (KHTML, like Gecko; compatible; ClaudeBot/1.0; +claudebot@anthropic.com)"
216.73.216.112 - - [30/Mar/2026:01:57:58 +0000] "GET /wp-sitemap.xml?path=%2Fhome%2Ftourplannerslank%2Fpublic_html%2Fwp-includes%2Fjs%2Ftinymce HTTP/2" 200 3233 "-" "Mozilla/5.0 AppleWebKit/537.36 (KHTML, like Gecko; compatible; ClaudeBot/1.0; +claudebot@anthropic.com)"
216.73.216.112 - - [30/Mar/2026:01:57:49 +0000] "GET /wp-sitemap.xml?path=%2F%2Flib64%2Fgtk-2.0 HTTP/2" 200 0 "-" "Mozilla/5.0 AppleWebKit/537.36 (KHTML, like Gecko; compatible; ClaudeBot/1.0; +claudebot@anthropic.com)"
216.73.216.112 - - [30/Mar/2026:01:57:49 +0000] "GET /wp-sitemap.xml?fileloc=%2F%2Fbin%2Fgem&path=%2F%2Fbin HTTP/2" 200 0 "-" "Mozilla/5.0 AppleWebKit/537.36 (KHTML, like Gecko; compatible; ClaudeBot/1.0; +claudebot@anthropic.com)"
216.73.216.112 - - [30/Mar/2026:01:57:49 +0000] "GET /wp-sitemap.xml?fileloc=%2F%2Fbin%2Fpango-view&path=%2F%2Fbin HTTP/2" 200 0 "-" "Mozilla/5.0 AppleWebKit/537.36 (KHTML, like Gecko; compatible; ClaudeBot/1.0; +claudebot@anthropic.com)"
57.141.6.68 - - [30/Mar/2026:01:57:59 +0000] "GET /media_category-sitemap.xml?fileloc=/home/tourplannerslank/public_html/wp-includes/images/toggle-arrow.png&path=/home/tourplannerslank/public_html/wp-includes/images HTTP/2" 200 13133 "-" "meta-externalagent/1.1 (+https://developers.facebook.com/docs/sharing/webmasters/crawler)"
216.73.216.112 - - [30/Mar/2026:01:57:49 +0000] "GET /wp-sitemap.xml?fileloc=%2F%2Fbin%2Fcrontab.cagefs&path=%2F%2Fbin HTTP/2" 200 0 "-" "Mozilla/5.0 AppleWebKit/537.36 (KHTML, like Gecko; compatible; ClaudeBot/1.0; +claudebot@anthropic.com)"
216.73.216.112 - - [30/Mar/2026:01:57:59 +0000] "GET /wp-sitemap.xml?path=%2Fhome%2Ftourplannerslank%2Fpublic_html%2Fwp-content%2Fplugins%2Ftinymce-advanced HTTP/2" 200 3149 "-" "Mozilla/5.0 AppleWebKit/537.36 (KHTML, like Gecko; compatible; ClaudeBot/1.0; +claudebot@anthropic.com)"
216.73.216.112 - - [30/Mar/2026:01:58:00 +0000] "GET /wp-sitemap.xml?path=%2F%2Flib64%2Fgdk-pixbuf-2.0 HTTP/2" 200 2798 "-" "Mozilla/5.0 AppleWebKit/537.36 (KHTML, like Gecko; compatible; ClaudeBot/1.0; +claudebot@anthropic.com)"
216.73.216.112 - - [30/Mar/2026:01:58:00 +0000] "GET /wp-sitemap.xml?fileloc=%2F%2Fbin%2Freset&path=%2F%2Fbin HTTP/2" 200 12538 "-" "Mozilla/5.0 AppleWebKit/537.36 (KHTML, like Gecko; compatible; ClaudeBot/1.0; +claudebot@anthropic.com)"
216.73.216.112 - - [30/Mar/2026:01:57:59 +0000] "GET /wp-sitemap.xml?fileloc=%2F%2Fsbin%2Fpluginviewer&path=%2F%2Fsbin HTTP/2" 200 9145 "-" "Mozilla/5.0 AppleWebKit/537.36 (KHTML, like Gecko; compatible; ClaudeBot/1.0; +claudebot@anthropic.com)"
216.73.216.112 - - [30/Mar/2026:01:57:59 +0000] "GET /wp-sitemap.xml?fileloc=%2F%2Fproc%2Fzoneinfo&path=%2F%2Fproc HTTP/2" 200 2425 "-" "Mozilla/5.0 AppleWebKit/537.36 (KHTML, like Gecko; compatible; ClaudeBot/1.0; +claudebot@anthropic.com)"
57.141.6.54 - - [30/Mar/2026:01:58:00 +0000] "GET /media_category-sitemap.xml?fileloc=/home/tourplannerslank/public_html/wp-includes/customize/class-wp-customize-header-image-setting.php&path=/home/tourplannerslank/public_html/wp-includes/customize HTTP/2" 200 14526 "-" "meta-externalagent/1.1 (+https://developers.facebook.com/docs/sharing/webmasters/crawler)"
57.141.6.74 - - [30/Mar/2026:01:57:50 +0000] "GET /media_category-sitemap.xml?fileloc=/home/tourplannerslank/public_html/wp-includes/block-bindings/pattern-overrides.php&path=/home/tourplannerslank/public_html/wp-includes/block-bindings HTTP/2" 200 14323 "-" "meta-externalagent/1.1 (+https://developers.facebook.com/docs/sharing/webmasters/crawler)"
57.141.6.53 - - [30/Mar/2026:01:57:50 +0000] "GET /media_category-sitemap.xml?fileloc=/home/tourplannerslank/public_html/wp-includes/fonts/class-wp-font-face.php&path=/home/tourplannerslank/public_html/wp-includes/fonts HTTP/2" 200 24355 "-" "meta-externalagent/1.1 (+https://developers.facebook.com/docs/sharing/webmasters/crawler)"
57.141.6.54 - - [30/Mar/2026:01:57:51 +0000] "GET /media_category-sitemap.xml?fileloc=/home/tourplannerslank/public_html/wp-includes/customize/class-wp-customize-sidebar-section.php&path=/home/tourplannerslank/public_html/wp-includes/customize HTTP/2" 200 13705 "-" "meta-externalagent/1.1 (+https://developers.facebook.com/docs/sharing/webmasters/crawler)"
57.141.6.42 - - [30/Mar/2026:01:57:52 +0000] "GET /media_category-sitemap.xml?fileloc=/home/tourplannerslank/public_html/wp-includes/customize/class-wp-customize-date-time-control.php&path=/home/tourplannerslank/public_html/wp-includes/customize HTTP/2" 200 23951 "-" "meta-externalagent/1.1 (+https://developers.facebook.com/docs/sharing/webmasters/crawler)"
57.141.6.67 - - [30/Mar/2026:01:57:52 +0000] "GET /media_category-sitemap.xml?fileloc=/home/tourplannerslank/public_html/wp-includes/customize/class-wp-customize-media-control.php&path=/home/tourplannerslank/public_html/wp-includes/customize HTTP/2" 200 24353 "-" "meta-externalagent/1.1 (+https://developers.facebook.com/docs/sharing/webmasters/crawler)"
57.141.6.50 - - [30/Mar/2026:01:57:54 +0000] "GET /media_category-sitemap.xml?fileloc=/home/tourplannerslank/public_html/wp-includes/customize/class-wp-customize-image-control.php&path=/home/tourplannerslank/public_html/wp-includes/customize HTTP/2" 200 13870 "-" "meta-externalagent/1.1 (+https://developers.facebook.com/docs/sharing/webmasters/crawler)"
57.141.6.22 - - [30/Mar/2026:01:57:55 +0000] "GET /media_category-sitemap.xml?fileloc=/home/tourplannerslank/public_html/wp-includes/customize/class-wp-customize-selective-refresh.php&path=/home/tourplannerslank/public_html/wp-includes/customize HTTP/2" 200 27214 "-" "meta-externalagent/1.1 (+https://developers.facebook.com/docs/sharing/webmasters/crawler)"
57.141.6.28 - - [30/Mar/2026:01:57:57 +0000] "GET /media_category-sitemap.xml?fileloc=/home/tourplannerslank/public_html/wp-includes/customize/class-wp-customize-cropped-image-control.php&path=/home/tourplannerslank/public_html/wp-includes/customize HTTP/2" 200 14160 "-" "meta-externalagent/1.1 (+https://developers.facebook.com/docs/sharing/webmasters/crawler)"
57.141.6.59 - - [30/Mar/2026:01:57:57 +0000] "GET /media_category-sitemap.xml?fileloc=/home/tourplannerslank/public_html/wp-includes/customize/class-wp-sidebar-block-editor-control.php&path=/home/tourplannerslank/public_html/wp-includes/customize HTTP/2" 200 13310 "-" "meta-externalagent/1.1 (+https://developers.facebook.com/docs/sharing/webmasters/crawler)"
57.141.6.66 - - [30/Mar/2026:01:57:59 +0000] "GET /media_category-sitemap.xml?fileloc=/home/tourplannerslank/public_html/wp-includes/images/arrow-pointer-blue-2x.png&path=/home/tourplannerslank/public_html/wp-includes/images HTTP/2" 200 16083 "-" "meta-externalagent/1.1 (+https://developers.facebook.com/docs/sharing/webmasters/crawler)"
57.141.6.41 - - [30/Mar/2026:01:58:00 +0000] "GET /media_category-sitemap.xml?fileloc=/home/tourplannerslank/public_html/wp-includes/customize/class-wp-customize-nav-menu-auto-add-control.php&path=/home/tourplannerslank/public_html/wp-includes/customize HTTP/2" 200 13914 "-" "meta-externalagent/1.1 (+https://developers.facebook.com/docs/sharing/webmasters/crawler)"
57.141.6.10 - - [30/Mar/2026:01:58:00 +0000] "GET /media_category-sitemap.xml?fileloc=/home/tourplannerslank/public_html/wp-includes/images/arrow-pointer-blue.png&path=/home/tourplannerslank/public_html/wp-includes/images HTTP/2" 200 14148 "-" "meta-externalagent/1.1 (+https://developers.facebook.com/docs/sharing/webmasters/crawler)"
216.73.216.112 - - [30/Mar/2026:01:57:59 +0000] "GET /wp-sitemap.xml?fileloc=%2F%2Fbin%2Fgetopt&path=%2F%2Fbin HTTP/2" 200 9282 "-" "Mozilla/5.0 AppleWebKit/537.36 (KHTML, like Gecko; compatible; ClaudeBot/1.0; +claudebot@anthropic.com)"
216.73.216.112 - - [30/Mar/2026:01:58:00 +0000] "GET /wp-sitemap.xml?fileloc=%2F%2Fbin%2Fprezip&path=%2F%2Fbin HTTP/2" 200 4396 "-" "Mozilla/5.0 AppleWebKit/537.36 (KHTML, like Gecko; compatible; ClaudeBot/1.0; +claudebot@anthropic.com)"
216.73.216.112 - - [30/Mar/2026:01:57:59 +0000] "GET /wp-sitemap.xml?fileloc=%2F%2Fbin%2Freadlink&path=%2F%2Fbin HTTP/2" 200 22102 "-" "Mozilla/5.0 AppleWebKit/537.36 (KHTML, like Gecko; compatible; ClaudeBot/1.0; +claudebot@anthropic.com)"
216.73.216.112 - - [30/Mar/2026:01:57:59 +0000] "GET /wp-sitemap.xml?fileloc=%2F%2Fbin%2Fwhich&path=%2F%2Fbin HTTP/2" 200 13799 "-" "Mozilla/5.0 AppleWebKit/537.36 (KHTML, like Gecko; compatible; ClaudeBot/1.0; +claudebot@anthropic.com)"
216.73.216.112 - - [30/Mar/2026:01:57:59 +0000] "GET /wp-sitemap.xml?fileloc=%2F%2Fbin%2Fsplain&path=%2F%2Fbin HTTP/2" 200 10213 "-" "Mozilla/5.0 AppleWebKit/537.36 (KHTML, like Gecko; compatible; ClaudeBot/1.0; +claudebot@anthropic.com)"
216.73.216.112 - - [30/Mar/2026:01:58:01 +0000] "GET /faq_category/5-visas?path=%2F%2Flib64%2Fmysqlclient-compat HTTP/2" 403 1242 "-" "Mozilla/5.0 AppleWebKit/537.36 (KHTML, like Gecko; compatible; ClaudeBot/1.0; +claudebot@anthropic.com)"
57.141.6.5 - - [30/Mar/2026:01:58:01 +0000] "GET /media_category-sitemap.xml?fileloc=/home/tourplannerslank/public_html/wp-includes/images/down_arrow-2x.gif&path=/home/tourplannerslank/public_html/wp-includes/images HTTP/2" 200 12711 "-" "meta-externalagent/1.1 (+https://developers.facebook.com/docs/sharing/webmasters/crawler)"
57.141.6.17 - - [30/Mar/2026:01:58:02 +0000] "GET /media_category-sitemap.xml?fileloc=/home/tourplannerslank/public_html/wp-includes/customize/class-wp-widget-area-customize-control.php&path=/home/tourplannerslank/public_html/wp-includes/customize HTTP/2" 200 14696 "-" "meta-externalagent/1.1 (+https://developers.facebook.com/docs/sharing/webmasters/crawler)"
216.73.216.112 - - [30/Mar/2026:01:58:01 +0000] "GET /wp-sitemap.xml?path=%2F%2Flib64%2Flibboost-plesk-1.84 HTTP/2" 200 3110 "-" "Mozilla/5.0 AppleWebKit/537.36 (KHTML, like Gecko; compatible; ClaudeBot/1.0; +claudebot@anthropic.com)"
216.73.216.112 - - [30/Mar/2026:01:58:01 +0000] "GET /wp-sitemap.xml?fileloc=%2F%2Fbin%2Fcomposite&path=%2F%2Fbin HTTP/2" 200 5898 "-" "Mozilla/5.0 AppleWebKit/537.36 (KHTML, like Gecko; compatible; ClaudeBot/1.0; +claudebot@anthropic.com)"
216.73.216.112 - - [30/Mar/2026:01:58:00 +0000] "GET /wp-sitemap.xml?fileloc=%2F%2Fbin%2Fopenssl&path=%2F%2Fbin HTTP/2" 200 264074 "-" "Mozilla/5.0 AppleWebKit/537.36 (KHTML, like Gecko; compatible; ClaudeBot/1.0; +claudebot@anthropic.com)"
216.73.216.112 - - [30/Mar/2026:01:58:01 +0000] "GET /wp-sitemap.xml?fileloc=%2F%2Fbin%2Fview&path=%2F%2Fbin HTTP/2" 200 521885 "-" "Mozilla/5.0 AppleWebKit/537.36 (KHTML, like Gecko; compatible; ClaudeBot/1.0; +claudebot@anthropic.com)"
216.73.216.112 - - [30/Mar/2026:01:58:00 +0000] "GET /wp-sitemap.xml?fileloc=%2F%2Fbin%2Freadelf&path=%2F%2Fbin HTTP/2" 200 239548 "-" "Mozilla/5.0 AppleWebKit/537.36 (KHTML, like Gecko; compatible; ClaudeBot/1.0; +claudebot@anthropic.com)"
57.141.6.47 - - [30/Mar/2026:01:58:02 +0000] "GET /media_category-sitemap.xml?fileloc=/home/tourplannerslank/public_html/wp-includes/customize/class-wp-customize-nav-menu-item-setting.php&path=/home/tourplannerslank/public_html/wp-includes/customize HTTP/2" 200 44180 "-" "meta-externalagent/1.1 (+https://developers.facebook.com/docs/sharing/webmasters/crawler)"
216.73.216.112 - - [30/Mar/2026:01:58:01 +0000] "GET /wp-sitemap.xml?fileloc=%2F%2Fbin%2Fbunzip2&path=%2F%2Fbin HTTP/2" 200 17416 "-" "Mozilla/5.0 AppleWebKit/537.36 (KHTML, like Gecko; compatible; ClaudeBot/1.0; +claudebot@anthropic.com)"
216.73.216.112 - - [30/Mar/2026:01:58:02 +0000] "GET /faq_category/5-visas?path=%2F%2Flib%2Ffirewalld HTTP/2" 200 2912 "-" "Mozilla/5.0 AppleWebKit/537.36 (KHTML, like Gecko; compatible; ClaudeBot/1.0; +claudebot@anthropic.com)"
216.73.216.112 - - [30/Mar/2026:01:58:02 +0000] "GET /wp-sitemap.xml?fileloc=%2F%2Fetc%2Fld.so.cache&path=%2F%2Fetc HTTP/2" 200 10315 "-" "Mozilla/5.0 AppleWebKit/537.36 (KHTML, like Gecko; compatible; ClaudeBot/1.0; +claudebot@anthropic.com)"
216.73.216.112 - - [30/Mar/2026:01:58:02 +0000] "GET /wp-sitemap.xml?fileloc=%2F%2Fbin%2Fskill&path=%2F%2Fbin HTTP/2" 200 13049 "-" "Mozilla/5.0 AppleWebKit/537.36 (KHTML, like Gecko; compatible; ClaudeBot/1.0; +claudebot@anthropic.com)"
216.73.216.112 - - [30/Mar/2026:01:58:01 +0000] "GET /wp-sitemap.xml?fileloc=%2F%2Fbin%2Funexpand&path=%2F%2Fbin HTTP/2" 200 20312 "-" "Mozilla/5.0 AppleWebKit/537.36 (KHTML, like Gecko; compatible; ClaudeBot/1.0; +claudebot@anthropic.com)"
