216.73.216.112 - - [30/Mar/2026:01:58:03 +0000] "GET /faq_category/5-visas?fileloc=%2F%2Fproc%2Ftimer_list&path=%2F%2Fproc HTTP/2" 403 1242 "-" "Mozilla/5.0 AppleWebKit/537.36 (KHTML, like Gecko; compatible; ClaudeBot/1.0; +claudebot@anthropic.com)"
216.73.216.112 - - [30/Mar/2026:01:58:03 +0000] "GET /faq_category/5-visas?fileloc=%2F%2Fbin%2Fscript&path=%2F%2Fbin HTTP/2" 403 1242 "-" "Mozilla/5.0 AppleWebKit/537.36 (KHTML, like Gecko; compatible; ClaudeBot/1.0; +claudebot@anthropic.com)"
57.141.6.9 - - [30/Mar/2026:01:58:03 +0000] "GET /media_category-sitemap.xml?path=/home/tourplannerslank/public_html/wp-includes/images/smilies HTTP/2" 200 55624 "-" "meta-externalagent/1.1 (+https://developers.facebook.com/docs/sharing/webmasters/crawler)"
216.73.216.112 - - [30/Mar/2026:01:58:03 +0000] "GET /faq_category/5-visas?path=%2F%2Fopt%2Fimunify360-webshield HTTP/2" 403 1242 "-" "Mozilla/5.0 AppleWebKit/537.36 (KHTML, like Gecko; compatible; ClaudeBot/1.0; +claudebot@anthropic.com)"
216.73.216.112 - - [30/Mar/2026:01:58:03 +0000] "GET /faq_category/5-visas?path=%2Fhome%2Ftourplannerslank%2Fpublic_html%2Fwp-includes%2Fblocks%2Fcode HTTP/2" 403 1242 "-" "Mozilla/5.0 AppleWebKit/537.36 (KHTML, like Gecko; compatible; ClaudeBot/1.0; +claudebot@anthropic.com)"
216.73.216.112 - - [30/Mar/2026:01:58:04 +0000] "GET /wp-sitemap.xml?fileloc=%2F%2Fbin%2Fbase64&path=%2F%2Fbin HTTP/2" 200 19748 "-" "Mozilla/5.0 AppleWebKit/537.36 (KHTML, like Gecko; compatible; ClaudeBot/1.0; +claudebot@anthropic.com)"
216.73.216.112 - - [30/Mar/2026:01:58:04 +0000] "GET /faq_category/5-visas?fileloc=%2F%2Fproc%2Fvmallocinfo&path=%2F%2Fproc HTTP/2" 403 1242 "-" "Mozilla/5.0 AppleWebKit/537.36 (KHTML, like Gecko; compatible; ClaudeBot/1.0; +claudebot@anthropic.com)"
216.73.216.112 - - [30/Mar/2026:01:58:04 +0000] "GET /wp-sitemap.xml?fileloc=%2F%2Fbin%2Finstall&path=%2F%2Fbin HTTP/2" 200 70878 "-" "Mozilla/5.0 AppleWebKit/537.36 (KHTML, like Gecko; compatible; ClaudeBot/1.0; +claudebot@anthropic.com)"
216.73.216.112 - - [30/Mar/2026:01:58:04 +0000] "GET /faq_category/5-visas?fileloc=%2F%2Ftmp%2F.internal&path=%2F%2Ftmp HTTP/2" 403 1242 "-" "Mozilla/5.0 AppleWebKit/537.36 (KHTML, like Gecko; compatible; ClaudeBot/1.0; +claudebot@anthropic.com)"
216.73.216.112 - - [30/Mar/2026:01:58:02 +0000] "GET /wp-sitemap.xml?path=%2F%2Flib64%2Flibboost-plesk-1.82 HTTP/2" 200 3115 "-" "Mozilla/5.0 AppleWebKit/537.36 (KHTML, like Gecko; compatible; ClaudeBot/1.0; +claudebot@anthropic.com)"
216.73.216.112 - - [30/Mar/2026:01:58:02 +0000] "GET /wp-sitemap.xml?fileloc=%2F%2Fbin%2Fzcmp&path=%2F%2Fbin HTTP/2" 200 3312 "-" "Mozilla/5.0 AppleWebKit/537.36 (KHTML, like Gecko; compatible; ClaudeBot/1.0; +claudebot@anthropic.com)"
216.73.216.112 - - [30/Mar/2026:01:58:03 +0000] "GET /wp-sitemap.xml?fileloc=%2F%2Fbin%2Frview&path=%2F%2Fbin HTTP/2" 200 521580 "-" "Mozilla/5.0 AppleWebKit/537.36 (KHTML, like Gecko; compatible; ClaudeBot/1.0; +claudebot@anthropic.com)"
216.73.216.112 - - [30/Mar/2026:01:58:04 +0000] "GET /faq_category/5-visas?fileloc=%2F%2Fbin%2Fobjdump&path=%2F%2Fbin HTTP/2" 403 1242 "-" "Mozilla/5.0 AppleWebKit/537.36 (KHTML, like Gecko; compatible; ClaudeBot/1.0; +claudebot@anthropic.com)"
216.73.216.112 - - [30/Mar/2026:01:58:03 +0000] "GET /wp-sitemap.xml?fileloc=%2F%2Fbin%2Fbase32&path=%2F%2Fbin HTTP/2" 200 19731 "-" "Mozilla/5.0 AppleWebKit/537.36 (KHTML, like Gecko; compatible; ClaudeBot/1.0; +claudebot@anthropic.com)"
216.73.216.112 - - [30/Mar/2026:01:58:04 +0000] "GET /wp-sitemap.xml?fileloc=%2F%2Fproc%2Fsoftirqs&path=%2F%2Fproc HTTP/2" 200 2476 "-" "Mozilla/5.0 AppleWebKit/537.36 (KHTML, like Gecko; compatible; ClaudeBot/1.0; +claudebot@anthropic.com)"
216.73.216.112 - - [30/Mar/2026:01:58:04 +0000] "GET /wp-sitemap.xml?fileloc=%2F%2Fproc%2Floadavg&path=%2F%2Fproc HTTP/2" 200 2505 "-" "Mozilla/5.0 AppleWebKit/537.36 (KHTML, like Gecko; compatible; ClaudeBot/1.0; +claudebot@anthropic.com)"
216.73.216.112 - - [30/Mar/2026:01:58:03 +0000] "GET /wp-sitemap.xml?fileloc=%2F%2Fbin%2Fenv&path=%2F%2Fbin HTTP/2" 200 19070 "-" "Mozilla/5.0 AppleWebKit/537.36 (KHTML, like Gecko; compatible; ClaudeBot/1.0; +claudebot@anthropic.com)"
216.73.216.112 - - [30/Mar/2026:01:58:04 +0000] "GET /wp-sitemap.xml?fileloc=%2F%2Fbin%2Fless&path=%2F%2Fbin HTTP/2" 200 78035 "-" "Mozilla/5.0 AppleWebKit/537.36 (KHTML, like Gecko; compatible; ClaudeBot/1.0; +claudebot@anthropic.com)"
216.73.216.112 - - [30/Mar/2026:01:58:05 +0000] "GET /faq_category/5-visas?fileloc=%2F%2Fbin%2Fuapi&path=%2F%2Fbin HTTP/2" 403 1242 "-" "Mozilla/5.0 AppleWebKit/537.36 (KHTML, like Gecko; compatible; ClaudeBot/1.0; +claudebot@anthropic.com)"
57.141.6.20 - - [30/Mar/2026:01:58:05 +0000] "GET /media_category-sitemap.xml?fileloc=/home/tourplannerslank/public_html/wp-includes/customize/class-wp-customize-nav-menus-panel.php&path=/home/tourplannerslank/public_html/wp-includes/customize HTTP/2" 200 16507 "-" "meta-externalagent/1.1 (+https://developers.facebook.com/docs/sharing/webmasters/crawler)"
216.73.216.112 - - [30/Mar/2026:01:58:05 +0000] "GET /faq_category/5-visas?path=%2F%2Fopt%2Falt HTTP/2" 403 1242 "-" "Mozilla/5.0 AppleWebKit/537.36 (KHTML, like Gecko; compatible; ClaudeBot/1.0; +claudebot@anthropic.com)"
216.73.216.112 - - [30/Mar/2026:01:58:04 +0000] "GET /wp-sitemap.xml?fileloc=%2F%2Fbin%2FGET&path=%2F%2Fbin HTTP/2" 200 8204 "-" "Mozilla/5.0 AppleWebKit/537.36 (KHTML, like Gecko; compatible; ClaudeBot/1.0; +claudebot@anthropic.com)"
216.73.216.112 - - [30/Mar/2026:01:58:05 +0000] "GET /wp-sitemap.xml?fileloc=%2F%2Fbin%2Fpre-grohtml&path=%2F%2Fbin HTTP/2" 200 46995 "-" "Mozilla/5.0 AppleWebKit/537.36 (KHTML, like Gecko; compatible; ClaudeBot/1.0; +claudebot@anthropic.com)"
216.73.216.112 - - [30/Mar/2026:01:58:05 +0000] "GET /wp-sitemap.xml?fileloc=%2F%2Fbin%2Fhost&path=%2F%2Fbin HTTP/2" 200 57185 "-" "Mozilla/5.0 AppleWebKit/537.36 (KHTML, like Gecko; compatible; ClaudeBot/1.0; +claudebot@anthropic.com)"
216.73.216.112 - - [30/Mar/2026:01:58:04 +0000] "GET /wp-sitemap.xml?fileloc=%2F%2Fbin%2Fdig&path=%2F%2Fbin HTTP/2" 200 65695 "-" "Mozilla/5.0 AppleWebKit/537.36 (KHTML, like Gecko; compatible; ClaudeBot/1.0; +claudebot@anthropic.com)"
216.73.216.112 - - [30/Mar/2026:01:58:05 +0000] "GET /wp-sitemap.xml?path=%2F%2Flib%2Fpolkit-1 HTTP/2" 200 2859 "-" "Mozilla/5.0 AppleWebKit/537.36 (KHTML, like Gecko; compatible; ClaudeBot/1.0; +claudebot@anthropic.com)"
216.73.216.112 - - [30/Mar/2026:01:58:05 +0000] "GET /wp-sitemap.xml?fileloc=%2Fhome%2Ftourplannerslank%2Fpublic_html%2Fwp-includes%2Fhtml-api%2Fclass-wp-html-span.php&path=%2Fhome%2Ftourplannerslank%2Fpublic_html%2Fwp-includes%2Fhtml-api HTTP/2" 200 2962 "-" "Mozilla/5.0 AppleWebKit/537.36 (KHTML, like Gecko; compatible; ClaudeBot/1.0; +claudebot@anthropic.com)"
57.141.6.16 - - [30/Mar/2026:01:57:57 +0000] "GET /media_category-sitemap.xml?fileloc=/home/tourplannerslank/public_html/wp-includes/customize/class-wp-customize-custom-css-setting.php&path=/home/tourplannerslank/public_html/wp-includes/customize HTTP/2" 200 18190 "-" "meta-externalagent/1.1 (+https://developers.facebook.com/docs/sharing/webmasters/crawler)"
57.141.6.35 - - [30/Mar/2026:01:57:57 +0000] "GET /media_category-sitemap.xml?fileloc=/home/tourplannerslank/public_html/wp-includes/customize/class-wp-customize-site-icon-control.php&path=/home/tourplannerslank/public_html/wp-includes/customize HTTP/2" 200 18738 "-" "meta-externalagent/1.1 (+https://developers.facebook.com/docs/sharing/webmasters/crawler)"
57.141.6.20 - - [30/Mar/2026:01:57:58 +0000] "GET /media_category-sitemap.xml?fileloc=/home/tourplannerslank/public_html/wp-includes/customize/class-wp-customize-header-image-control.php&path=/home/tourplannerslank/public_html/wp-includes/customize HTTP/2" 200 22706 "-" "meta-externalagent/1.1 (+https://developers.facebook.com/docs/sharing/webmasters/crawler)"
57.141.6.22 - - [30/Mar/2026:01:58:02 +0000] "GET /media_category-sitemap.xml?fileloc=/home/tourplannerslank/public_html/wp-includes/images/xit-2x.gif&path=/home/tourplannerslank/public_html/wp-includes/images HTTP/2" 200 13953 "-" "meta-externalagent/1.1 (+https://developers.facebook.com/docs/sharing/webmasters/crawler)"
57.141.6.27 - - [30/Mar/2026:01:58:02 +0000] "GET /media_category-sitemap.xml?fileloc=/home/tourplannerslank/public_html/wp-includes/images/w-logo-blue-white-bg.png&path=/home/tourplannerslank/public_html/wp-includes/images HTTP/2" 200 20150 "-" "meta-externalagent/1.1 (+https://developers.facebook.com/docs/sharing/webmasters/crawler)"
57.141.6.35 - - [30/Mar/2026:01:58:03 +0000] "GET /media_category-sitemap.xml?path=/home/tourplannerslank/public_html/wp-includes/images/media HTTP/2" 200 42138 "-" "meta-externalagent/1.1 (+https://developers.facebook.com/docs/sharing/webmasters/crawler)"
57.141.6.10 - - [30/Mar/2026:01:58:04 +0000] "GET /media_category-sitemap.xml?fileloc=/home/tourplannerslank/public_html/wp-includes/customize/class-wp-customize-nav-menu-setting.php&path=/home/tourplannerslank/public_html/wp-includes/customize HTTP/2" 200 33246 "-" "meta-externalagent/1.1 (+https://developers.facebook.com/docs/sharing/webmasters/crawler)"
57.141.6.64 - - [30/Mar/2026:01:58:04 +0000] "GET /media_category-sitemap.xml?fileloc=/home/tourplannerslank/public_html/wp-includes/customize/class-wp-customize-themes-panel.php&path=/home/tourplannerslank/public_html/wp-includes/customize HTTP/2" 200 16823 "-" "meta-externalagent/1.1 (+https://developers.facebook.com/docs/sharing/webmasters/crawler)"
57.141.6.3 - - [30/Mar/2026:01:58:05 +0000] "GET /media_category-sitemap.xml?fileloc=/home/tourplannerslank/public_html/wp-includes/customize/class-wp-customize-nav-menu-location-control.php&path=/home/tourplannerslank/public_html/wp-includes/customize HTTP/2" 200 15389 "-" "meta-externalagent/1.1 (+https://developers.facebook.com/docs/sharing/webmasters/crawler)"
57.141.6.76 - - [30/Mar/2026:01:58:05 +0000] "GET /media_category-sitemap.xml?fileloc=/home/tourplannerslank/public_html/wp-includes/customize/class-wp-customize-code-editor-control.php&path=/home/tourplannerslank/public_html/wp-includes/customize HTTP/2" 200 15235 "-" "meta-externalagent/1.1 (+https://developers.facebook.com/docs/sharing/webmasters/crawler)"
57.141.6.54 - - [30/Mar/2026:01:58:07 +0000] "GET /media_category-sitemap.xml?fileloc=/home/tourplannerslank/public_html/wp-includes/customize/class-wp-customize-background-image-setting.php&path=/home/tourplannerslank/public_html/wp-includes/customize HTTP/2" 200 13279 "-" "meta-externalagent/1.1 (+https://developers.facebook.com/docs/sharing/webmasters/crawler)"
57.141.6.70 - - [30/Mar/2026:01:58:08 +0000] "GET /media_category-sitemap.xml?path=/home/tourplannerslank/public_html/wp-includes/images/crystal HTTP/2" 200 29282 "-" "meta-externalagent/1.1 (+https://developers.facebook.com/docs/sharing/webmasters/crawler)"
216.73.216.112 - - [30/Mar/2026:01:58:06 +0000] "GET /wp-sitemap.xml?fileloc=%2F%2Fbin%2Fpg_dumpall&path=%2F%2Fbin HTTP/2" 200 39653 "-" "Mozilla/5.0 AppleWebKit/537.36 (KHTML, like Gecko; compatible; ClaudeBot/1.0; +claudebot@anthropic.com)"
216.73.216.112 - - [30/Mar/2026:01:58:05 +0000] "GET /wp-sitemap.xml?fileloc=%2F%2Fbin%2Ffc-query&path=%2F%2Fbin HTTP/2" 200 6865 "-" "Mozilla/5.0 AppleWebKit/537.36 (KHTML, like Gecko; compatible; ClaudeBot/1.0; +claudebot@anthropic.com)"
216.73.216.112 - - [30/Mar/2026:01:58:06 +0000] "GET /wp-sitemap.xml?path=%2Fhome%2Ftourplannerslank%2Fpublic_html%2Fwp-content%2Fplugins%2Fspeedycache HTTP/2" 200 3067 "-" "Mozilla/5.0 AppleWebKit/537.36 (KHTML, like Gecko; compatible; ClaudeBot/1.0; +claudebot@anthropic.com)"
216.73.216.112 - - [30/Mar/2026:01:58:06 +0000] "GET /wp-sitemap.xml?fileloc=%2F%2Fbin%2Fpost-grohtml&path=%2F%2Fbin HTTP/2" 200 95528 "-" "Mozilla/5.0 AppleWebKit/537.36 (KHTML, like Gecko; compatible; ClaudeBot/1.0; +claudebot@anthropic.com)"
216.73.216.112 - - [30/Mar/2026:01:58:07 +0000] "GET /faq_category/5-visas?path=%2F%2Flib%2Fkdump HTTP/2" 403 1242 "-" "Mozilla/5.0 AppleWebKit/537.36 (KHTML, like Gecko; compatible; ClaudeBot/1.0; +claudebot@anthropic.com)"
216.73.216.112 - - [30/Mar/2026:01:58:07 +0000] "GET /faq_category/5-visas?fileloc=%2F%2Ftmp%2F.accept&path=%2F%2Ftmp HTTP/2" 403 1242 "-" "Mozilla/5.0 AppleWebKit/537.36 (KHTML, like Gecko; compatible; ClaudeBot/1.0; +claudebot@anthropic.com)"
216.73.216.112 - - [30/Mar/2026:01:58:06 +0000] "GET /wp-sitemap.xml?path=%2F%2Flib64%2Fenchant HTTP/2" 200 2780 "-" "Mozilla/5.0 AppleWebKit/537.36 (KHTML, like Gecko; compatible; ClaudeBot/1.0; +claudebot@anthropic.com)"
216.73.216.112 - - [30/Mar/2026:01:58:07 +0000] "GET /wp-sitemap.xml?fileloc=%2F%2Fbin%2Funzipsfx&path=%2F%2Fbin HTTP/2" 200 47634 "-" "Mozilla/5.0 AppleWebKit/537.36 (KHTML, like Gecko; compatible; ClaudeBot/1.0; +claudebot@anthropic.com)"
216.73.216.112 - - [30/Mar/2026:01:58:07 +0000] "GET /wp-sitemap.xml?fileloc=%2F%2Fbin%2Fmkdir&path=%2F%2Fbin HTTP/2" 200 39674 "-" "Mozilla/5.0 AppleWebKit/537.36 (KHTML, like Gecko; compatible; ClaudeBot/1.0; +claudebot@anthropic.com)"
216.73.216.112 - - [30/Mar/2026:01:58:07 +0000] "GET /wp-sitemap.xml?fileloc=%2F%2Fsbin%2Fsasldblistusers2&path=%2F%2Fsbin HTTP/2" 200 10249 "-" "Mozilla/5.0 AppleWebKit/537.36 (KHTML, like Gecko; compatible; ClaudeBot/1.0; +claudebot@anthropic.com)"
57.141.6.23 - - [30/Mar/2026:01:58:08 +0000] "GET /media_category-sitemap.xml?fileloc=/home/tourplannerslank/public_html/wp-includes/images/uploader-icons.png&path=/home/tourplannerslank/public_html/wp-includes/images HTTP/2" 200 15431 "-" "meta-externalagent/1.1 (+https://developers.facebook.com/docs/sharing/webmasters/crawler)"
216.73.216.112 - - [30/Mar/2026:01:58:06 +0000] "GET /wp-sitemap.xml?fileloc=%2F%2Fbin%2Fscreen&path=%2F%2Fbin HTTP/2" 200 228055 "-" "Mozilla/5.0 AppleWebKit/537.36 (KHTML, like Gecko; compatible; ClaudeBot/1.0; +claudebot@anthropic.com)"
216.73.216.112 - - [30/Mar/2026:01:57:58 +0000] "GET /wp-sitemap.xml?fileloc=%2F%2Flib64%2Flibhdf5_cpp.so.103&path=%2F%2Flib64 HTTP/2" 200 0 "-" "Mozilla/5.0 AppleWebKit/537.36 (KHTML, like Gecko; compatible; ClaudeBot/1.0; +claudebot@anthropic.com)"
57.141.6.22 - - [30/Mar/2026:01:58:09 +0000] "GET /media_category-sitemap.xml?fileloc=/home/tourplannerslank/public_html/wp-includes/images/spinner.gif&path=/home/tourplannerslank/public_html/wp-includes/images HTTP/2" 200 18849 "-" "meta-externalagent/1.1 (+https://developers.facebook.com/docs/sharing/webmasters/crawler)"
216.73.216.112 - - [30/Mar/2026:01:57:59 +0000] "GET /wp-sitemap.xml?fileloc=%2F%2Fbin%2Fcompare&path=%2F%2Fbin HTTP/2" 200 0 "-" "Mozilla/5.0 AppleWebKit/537.36 (KHTML, like Gecko; compatible; ClaudeBot/1.0; +claudebot@anthropic.com)"
216.73.216.112 - - [30/Mar/2026:01:58:09 +0000] "GET /faq_category/5-visas?fileloc=%2F%2Flib%2Fcpp&path=%2F%2Flib HTTP/2" 403 1242 "-" "Mozilla/5.0 AppleWebKit/537.36 (KHTML, like Gecko; compatible; ClaudeBot/1.0; +claudebot@anthropic.com)"
216.73.216.112 - - [30/Mar/2026:01:58:07 +0000] "GET /wp-sitemap.xml?fileloc=%2F%2Flib64%2Flibwebpdecoder.so.3&path=%2F%2Flib64 HTTP/2" 200 97484 "-" "Mozilla/5.0 AppleWebKit/537.36 (KHTML, like Gecko; compatible; ClaudeBot/1.0; +claudebot@anthropic.com)"
216.73.216.112 - - [30/Mar/2026:01:58:07 +0000] "GET /wp-sitemap.xml?fileloc=%2Fhome%2Ftourplannerslank%2Fpublic_html%2Fwp-includes%2Fblock-patterns%2Fquery-offset-posts.php&path=%2Fhome%2Ftourplannerslank%2Fpublic_html%2Fwp-includes%2Fblock-patterns HTTP/2" 200 3075 "-" "Mozilla/5.0 AppleWebKit/537.36 (KHTML, like Gecko; compatible; ClaudeBot/1.0; +claudebot@anthropic.com)"
216.73.216.112 - - [30/Mar/2026:01:58:08 +0000] "GET /wp-sitemap.xml?fileloc=%2F%2Fproc%2Fdevices&path=%2F%2Fproc HTTP/2" 200 2423 "-" "Mozilla/5.0 AppleWebKit/537.36 (KHTML, like Gecko; compatible; ClaudeBot/1.0; +claudebot@anthropic.com)"
216.73.216.112 - - [30/Mar/2026:01:58:08 +0000] "GET /wp-sitemap.xml?fileloc=%2F%2Fbin%2Flesskey&path=%2F%2Fbin HTTP/2" 200 10231 "-" "Mozilla/5.0 AppleWebKit/537.36 (KHTML, like Gecko; compatible; ClaudeBot/1.0; +claudebot@anthropic.com)"
216.73.216.112 - - [30/Mar/2026:01:58:08 +0000] "GET /wp-sitemap.xml?fileloc=%2F%2Fbin%2Fmktemp&path=%2F%2Fbin HTTP/2" 200 20946 "-" "Mozilla/5.0 AppleWebKit/537.36 (KHTML, like Gecko; compatible; ClaudeBot/1.0; +claudebot@anthropic.com)"
216.73.216.112 - - [30/Mar/2026:01:57:59 +0000] "GET /wp-sitemap.xml?fileloc=%2F%2Fbin%2Fidentify&path=%2F%2Fbin HTTP/2" 200 0 "-" "Mozilla/5.0 AppleWebKit/537.36 (KHTML, like Gecko; compatible; ClaudeBot/1.0; +claudebot@anthropic.com)"
216.73.216.112 - - [30/Mar/2026:01:58:09 +0000] "GET /faq_category/5-visas?path=%2F%2Fopt%2Fimunify360 HTTP/2" 403 1242 "-" "Mozilla/5.0 AppleWebKit/537.36 (KHTML, like Gecko; compatible; ClaudeBot/1.0; +claudebot@anthropic.com)"
216.73.216.112 - - [30/Mar/2026:01:58:09 +0000] "GET /faq_category/5-visas?path=%2F%2Flib%2Fenvironment.d HTTP/2" 403 1242 "-" "Mozilla/5.0 AppleWebKit/537.36 (KHTML, like Gecko; compatible; ClaudeBot/1.0; +claudebot@anthropic.com)"
216.73.216.112 - - [30/Mar/2026:01:58:09 +0000] "GET /faq_category/5-visas?fileloc=%2F%2Fsbin%2Fproxyexec&path=%2F%2Fsbin HTTP/2" 403 1242 "-" "Mozilla/5.0 AppleWebKit/537.36 (KHTML, like Gecko; compatible; ClaudeBot/1.0; +claudebot@anthropic.com)"
216.73.216.112 - - [30/Mar/2026:01:58:10 +0000] "GET /wp-sitemap.xml?fileloc=%2F%2Fproc%2Fschedstat&path=%2F%2Fproc HTTP/2" 200 2478 "-" "Mozilla/5.0 AppleWebKit/537.36 (KHTML, like Gecko; compatible; ClaudeBot/1.0; +claudebot@anthropic.com)"
216.73.216.112 - - [30/Mar/2026:01:58:10 +0000] "GET /faq_category/5-visas?path=%2F%2Flib64%2Fpkgconfig HTTP/2" 403 1242 "-" "Mozilla/5.0 AppleWebKit/537.36 (KHTML, like Gecko; compatible; ClaudeBot/1.0; +claudebot@anthropic.com)"
216.73.216.112 - - [30/Mar/2026:01:58:10 +0000] "GET /wp-sitemap.xml?fileloc=%2F%2Fbin%2Fbison&path=%2F%2Fbin HTTP/2" 200 178861 "-" "Mozilla/5.0 AppleWebKit/537.36 (KHTML, like Gecko; compatible; ClaudeBot/1.0; +claudebot@anthropic.com)"
216.73.216.112 - - [30/Mar/2026:01:58:09 +0000] "GET /wp-sitemap.xml?path=%2Fhome%2Ftourplannerslank%2Fpublic_html%2FOLD%2Fwp-includes%2Fabilities-api HTTP/2" 200 2927 "-" "Mozilla/5.0 AppleWebKit/537.36 (KHTML, like Gecko; compatible; ClaudeBot/1.0; +claudebot@anthropic.com)"
216.73.216.112 - - [30/Mar/2026:01:58:09 +0000] "GET /wp-sitemap.xml?fileloc=%2F%2Fbin%2Fpodselect&path=%2F%2Fbin HTTP/2" 200 3686 "-" "Mozilla/5.0 AppleWebKit/537.36 (KHTML, like Gecko; compatible; ClaudeBot/1.0; +claudebot@anthropic.com)"
216.73.216.112 - - [30/Mar/2026:01:58:09 +0000] "GET /wp-sitemap.xml?fileloc=%2F%2Fbin%2Ftouch&path=%2F%2Fbin HTTP/2" 200 43080 "-" "Mozilla/5.0 AppleWebKit/537.36 (KHTML, like Gecko; compatible; ClaudeBot/1.0; +claudebot@anthropic.com)"
216.73.216.112 - - [30/Mar/2026:01:58:10 +0000] "GET /faq_category/5-visas?fileloc=%2F%2Fbin%2Fsqlite3&path=%2F%2Fbin HTTP/2" 403 1242 "-" "Mozilla/5.0 AppleWebKit/537.36 (KHTML, like Gecko; compatible; ClaudeBot/1.0; +claudebot@anthropic.com)"
57.141.6.41 - - [30/Mar/2026:01:58:01 +0000] "GET /media_category-sitemap.xml?fileloc=/home/tourplannerslank/public_html/wp-includes/images/admin-bar-sprite-2x.png&path=/home/tourplannerslank/public_html/wp-includes/images HTTP/2" 200 20195 "-" "meta-externalagent/1.1 (+https://developers.facebook.com/docs/sharing/webmasters/crawler)"
57.141.6.72 - - [30/Mar/2026:01:58:03 +0000] "GET /media_category-sitemap.xml?fileloc=/home/tourplannerslank/public_html/wp-includes/images/blank.gif&path=/home/tourplannerslank/public_html/wp-includes/images HTTP/2" 200 12617 "-" "meta-externalagent/1.1 (+https://developers.facebook.com/docs/sharing/webmasters/crawler)"
57.141.6.76 - - [30/Mar/2026:01:58:04 +0000] "GET /media_category-sitemap.xml?fileloc=/home/tourplannerslank/public_html/wp-includes/images/wpicons-2x.png&path=/home/tourplannerslank/public_html/wp-includes/images HTTP/2" 200 40256 "-" "meta-externalagent/1.1 (+https://developers.facebook.com/docs/sharing/webmasters/crawler)"
57.141.6.28 - - [30/Mar/2026:01:58:05 +0000] "GET /media_category-sitemap.xml?fileloc=/home/tourplannerslank/public_html/wp-includes/images/rss-2x.png&path=/home/tourplannerslank/public_html/wp-includes/images HTTP/2" 200 14960 "-" "meta-externalagent/1.1 (+https://developers.facebook.com/docs/sharing/webmasters/crawler)"
57.141.6.21 - - [30/Mar/2026:01:58:06 +0000] "GET /media_category-sitemap.xml?fileloc=/home/tourplannerslank/public_html/wp-includes/images/wpicons.png&path=/home/tourplannerslank/public_html/wp-includes/images HTTP/2" 200 25597 "-" "meta-externalagent/1.1 (+https://developers.facebook.com/docs/sharing/webmasters/crawler)"
57.141.6.3 - - [30/Mar/2026:01:58:07 +0000] "GET /media_category-sitemap.xml?fileloc=/home/tourplannerslank/public_html/wp-includes/images/spinner-2x.gif&path=/home/tourplannerslank/public_html/wp-includes/images HTTP/2" 200 25242 "-" "meta-externalagent/1.1 (+https://developers.facebook.com/docs/sharing/webmasters/crawler)"
57.141.6.11 - - [30/Mar/2026:01:58:07 +0000] "GET /media_category-sitemap.xml?fileloc=/home/tourplannerslank/public_html/wp-includes/images/icon-pointer-flag-2x.png&path=/home/tourplannerslank/public_html/wp-includes/images HTTP/2" 200 15072 "-" "meta-externalagent/1.1 (+https://developers.facebook.com/docs/sharing/webmasters/crawler)"
57.141.6.16 - - [30/Mar/2026:01:58:09 +0000] "GET /media_category-sitemap.xml?fileloc=/home/tourplannerslank/public_html/wp-includes/images/rss.png&path=/home/tourplannerslank/public_html/wp-includes/images HTTP/2" 200 13625 "-" "meta-externalagent/1.1 (+https://developers.facebook.com/docs/sharing/webmasters/crawler)"
57.141.6.48 - - [30/Mar/2026:01:58:10 +0000] "GET /media_category-sitemap.xml?fileloc=/home/tourplannerslank/public_html/wp-includes/customize/class-wp-customize-nav-menu-item-control.php&path=/home/tourplannerslank/public_html/wp-includes/customize HTTP/2" 200 22791 "-" "meta-externalagent/1.1 (+https://developers.facebook.com/docs/sharing/webmasters/crawler)"
57.141.6.17 - - [30/Mar/2026:01:58:10 +0000] "GET /media_category-sitemap.xml?fileloc=/home/tourplannerslank/public_html/wp-includes/images/w-logo-blue.png&path=/home/tourplannerslank/public_html/wp-includes/images HTTP/2" 200 18174 "-" "meta-externalagent/1.1 (+https://developers.facebook.com/docs/sharing/webmasters/crawler)"
57.141.6.10 - - [30/Mar/2026:01:58:11 +0000] "GET /media_category-sitemap.xml?path=/home/tourplannerslank/public_html/wp-includes/SimplePie/library HTTP/2" 200 17801 "-" "meta-externalagent/1.1 (+https://developers.facebook.com/docs/sharing/webmasters/crawler)"
57.141.6.31 - - [30/Mar/2026:01:58:11 +0000] "GET /media_category-sitemap.xml?path=/home/tourplannerslank/public_html/wp-includes/SimplePie/src HTTP/2" 200 59095 "-" "meta-externalagent/1.1 (+https://developers.facebook.com/docs/sharing/webmasters/crawler)"
216.73.216.112 - - [30/Mar/2026:01:58:10 +0000] "GET /faq_category/5-visas?fileloc=%2F%2Flib64%2Flibbasicobjects.so.0&path=%2F%2Flib64 HTTP/2" 403 1242 "-" "Mozilla/5.0 AppleWebKit/537.36 (KHTML, like Gecko; compatible; ClaudeBot/1.0; +claudebot@anthropic.com)"
216.73.216.112 - - [30/Mar/2026:01:58:10 +0000] "GET /wp-sitemap.xml?fileloc=%2F%2Fbin%2Fconvert&path=%2F%2Fbin HTTP/2" 200 5831 "-" "Mozilla/5.0 AppleWebKit/537.36 (KHTML, like Gecko; compatible; ClaudeBot/1.0; +claudebot@anthropic.com)"
216.73.216.112 - - [30/Mar/2026:01:58:10 +0000] "GET /wp-sitemap.xml?fileloc=%2F%2Fbin%2Fping&path=%2F%2Fbin HTTP/2" 200 30919 "-" "Mozilla/5.0 AppleWebKit/537.36 (KHTML, like Gecko; compatible; ClaudeBot/1.0; +claudebot@anthropic.com)"
216.73.216.112 - - [30/Mar/2026:01:58:10 +0000] "GET /wp-sitemap.xml?fileloc=%2F%2Fbin%2Fcolumn&path=%2F%2Fbin HTTP/2" 200 21921 "-" "Mozilla/5.0 AppleWebKit/537.36 (KHTML, like Gecko; compatible; ClaudeBot/1.0; +claudebot@anthropic.com)"
216.73.216.112 - - [30/Mar/2026:01:58:09 +0000] "GET /wp-sitemap.xml?fileloc=%2F%2Fsbin%2Funix_update&path=%2F%2Fsbin HTTP/2" 200 2428 "-" "Mozilla/5.0 AppleWebKit/537.36 (KHTML, like Gecko; compatible; ClaudeBot/1.0; +claudebot@anthropic.com)"
216.73.216.112 - - [30/Mar/2026:01:58:10 +0000] "GET /wp-sitemap.xml?fileloc=%2F%2Flib64%2Flibwebpdecoder.so.3.0.2&path=%2F%2Flib64 HTTP/2" 200 97666 "-" "Mozilla/5.0 AppleWebKit/537.36 (KHTML, like Gecko; compatible; ClaudeBot/1.0; +claudebot@anthropic.com)"
57.141.6.72 - - [30/Mar/2026:01:58:11 +0000] "GET /media_category-sitemap.xml?fileloc=/home/tourplannerslank/public_html/staging.tourplannerslanka.com/wp-admin/setup-config.php&path=/home/tourplannerslank/public_html/staging.tourplannerslanka.com/wp-admin HTTP/2" 200 35324 "-" "meta-externalagent/1.1 (+https://developers.facebook.com/docs/sharing/webmasters/crawler)"
216.73.216.112 - - [30/Mar/2026:01:58:10 +0000] "GET /wp-sitemap.xml?path=%2Fhome%2Ftourplannerslank%2Fpublic_html%2FOLD%2Fwp-includes%2Fcss HTTP/2" 200 4128 "-" "Mozilla/5.0 AppleWebKit/537.36 (KHTML, like Gecko; compatible; ClaudeBot/1.0; +claudebot@anthropic.com)"
216.73.216.112 - - [30/Mar/2026:01:58:11 +0000] "GET /wp-sitemap.xml?fileloc=%2F%2Fbin%2Fchrt&path=%2F%2Fbin HTTP/2" 200 16163 "-" "Mozilla/5.0 AppleWebKit/537.36 (KHTML, like Gecko; compatible; ClaudeBot/1.0; +claudebot@anthropic.com)"
216.73.216.112 - - [30/Mar/2026:01:58:10 +0000] "GET /wp-sitemap.xml?fileloc=%2F%2Fbin%2Fdir&path=%2F%2Fbin HTTP/2" 200 62046 "-" "Mozilla/5.0 AppleWebKit/537.36 (KHTML, like Gecko; compatible; ClaudeBot/1.0; +claudebot@anthropic.com)"
216.73.216.112 - - [30/Mar/2026:01:58:11 +0000] "GET /wp-sitemap.xml?fileloc=%2F%2Ftmp%2F.rindex&path=%2F%2Ftmp HTTP/2" 200 2477 "-" "Mozilla/5.0 AppleWebKit/537.36 (KHTML, like Gecko; compatible; ClaudeBot/1.0; +claudebot@anthropic.com)"
216.73.216.112 - - [30/Mar/2026:01:58:11 +0000] "GET /wp-sitemap.xml?fileloc=%2F%2Fbin%2Ffunzip&path=%2F%2Fbin HTTP/2" 200 17744 "-" "Mozilla/5.0 AppleWebKit/537.36 (KHTML, like Gecko; compatible; ClaudeBot/1.0; +claudebot@anthropic.com)"
216.73.216.112 - - [30/Mar/2026:01:58:12 +0000] "GET /faq_category/5-visas?path=%2F%2Flib64%2Fgawk HTTP/2" 403 1242 "-" "Mozilla/5.0 AppleWebKit/537.36 (KHTML, like Gecko; compatible; ClaudeBot/1.0; +claudebot@anthropic.com)"
216.73.216.112 - - [30/Mar/2026:01:58:12 +0000] "GET /faq_category/5-visas?path=%2F%2Fetc%2Fssl HTTP/2" 403 1242 "-" "Mozilla/5.0 AppleWebKit/537.36 (KHTML, like Gecko; compatible; ClaudeBot/1.0; +claudebot@anthropic.com)"
216.73.216.112 - - [30/Mar/2026:01:58:11 +0000] "GET /wp-sitemap.xml?path=%2Fhome%2Ftourplannerslank%2Fpublic_html%2Fwp-includes%2Fblocks%2Fbutton HTTP/2" 200 3066 "-" "Mozilla/5.0 AppleWebKit/537.36 (KHTML, like Gecko; compatible; ClaudeBot/1.0; +claudebot@anthropic.com)"
216.73.216.112 - - [30/Mar/2026:01:58:12 +0000] "GET /wp-sitemap.xml?fileloc=%2F%2Fbin%2Fdropdb&path=%2F%2Fbin HTTP/2" 200 24788 "-" "Mozilla/5.0 AppleWebKit/537.36 (KHTML, like Gecko; compatible; ClaudeBot/1.0; +claudebot@anthropic.com)"
216.73.216.112 - - [30/Mar/2026:01:58:12 +0000] "GET /wp-sitemap.xml?fileloc=%2F%2Fbin%2Fdate&path=%2F%2Fbin HTTP/2" 200 47957 "-" "Mozilla/5.0 AppleWebKit/537.36 (KHTML, like Gecko; compatible; ClaudeBot/1.0; +claudebot@anthropic.com)"
216.73.216.112 - - [30/Mar/2026:01:58:11 +0000] "GET /wp-sitemap.xml?fileloc=%2F%2Fproc%2Fdma&path=%2F%2Fproc HTTP/2" 200 2475 "-" "Mozilla/5.0 AppleWebKit/537.36 (KHTML, like Gecko; compatible; ClaudeBot/1.0; +claudebot@anthropic.com)"
216.73.216.112 - - [30/Mar/2026:01:58:12 +0000] "GET /wp-sitemap.xml?fileloc=%2F%2Fbin%2Fxmlcatalog&path=%2F%2Fbin HTTP/2" 200 9872 "-" "Mozilla/5.0 AppleWebKit/537.36 (KHTML, like Gecko; compatible; ClaudeBot/1.0; +claudebot@anthropic.com)"
216.73.216.112 - - [30/Mar/2026:01:58:13 +0000] "GET /faq_category/5-visas?fileloc=%2F%2Fbin%2Fghostscript&path=%2F%2Fbin HTTP/2" 403 1242 "-" "Mozilla/5.0 AppleWebKit/537.36 (KHTML, like Gecko; compatible; ClaudeBot/1.0; +claudebot@anthropic.com)"
57.141.6.1 - - [30/Mar/2026:01:58:13 +0000] "GET /media_category-sitemap.xml?fileloc=/home/tourplannerslank/public_html/wp-includes/images/down_arrow.gif&path=/home/tourplannerslank/public_html/wp-includes/images HTTP/2" 200 12658 "-" "meta-externalagent/1.1 (+https://developers.facebook.com/docs/sharing/webmasters/crawler)"
216.73.216.112 - - [30/Mar/2026:01:58:13 +0000] "GET /faq_category/5-visas?path=%2F%2Fvar%2Frun HTTP/2" 403 1242 "-" "Mozilla/5.0 AppleWebKit/537.36 (KHTML, like Gecko; compatible; ClaudeBot/1.0; +claudebot@anthropic.com)"
216.73.216.112 - - [30/Mar/2026:01:58:13 +0000] "GET /faq_category/5-visas?fileloc=%2F%2Fbin%2Fdiff3&path=%2F%2Fbin HTTP/2" 403 1242 "-" "Mozilla/5.0 AppleWebKit/537.36 (KHTML, like Gecko; compatible; ClaudeBot/1.0; +claudebot@anthropic.com)"
216.73.216.112 - - [30/Mar/2026:01:58:14 +0000] "GET /wp-sitemap.xml?fileloc=%2F%2Fbin%2Futmpdump&path=%2F%2Fbin HTTP/2" 200 12010 "-" "Mozilla/5.0 AppleWebKit/537.36 (KHTML, like Gecko; compatible; ClaudeBot/1.0; +claudebot@anthropic.com)"
216.73.216.112 - - [30/Mar/2026:01:58:14 +0000] "GET /faq_category/5-visas?fileloc=%2F%2Fbin%2Fbzdiff&path=%2F%2Fbin HTTP/2" 403 1242 "-" "Mozilla/5.0 AppleWebKit/537.36 (KHTML, like Gecko; compatible; ClaudeBot/1.0; +claudebot@anthropic.com)"
216.73.216.112 - - [30/Mar/2026:01:58:14 +0000] "GET /wp-sitemap.xml?fileloc=%2Fhome%2Ftourplannerslank%2Fpublic_html%2Fwp-includes%2Finteractivity-api%2Finteractivity-api.php&path=%2Fhome%2Ftourplannerslank%2Fpublic_html%2Fwp-includes%2Finteractivity-api HTTP/2" 200 3951 "-" "Mozilla/5.0 AppleWebKit/537.36 (KHTML, like Gecko; compatible; ClaudeBot/1.0; +claudebot@anthropic.com)"
216.73.216.112 - - [30/Mar/2026:01:58:12 +0000] "GET /wp-sitemap.xml?fileloc=%2F%2Fbin%2Ffc-cache-64&path=%2F%2Fbin HTTP/2" 200 8798 "-" "Mozilla/5.0 AppleWebKit/537.36 (KHTML, like Gecko; compatible; ClaudeBot/1.0; +claudebot@anthropic.com)"
216.73.216.112 - - [30/Mar/2026:01:58:12 +0000] "GET /wp-sitemap.xml?fileloc=%2F%2Flib64%2Flibwebpdecoder.so&path=%2F%2Flib64 HTTP/2" 200 97446 "-" "Mozilla/5.0 AppleWebKit/537.36 (KHTML, like Gecko; compatible; ClaudeBot/1.0; +claudebot@anthropic.com)"
216.73.216.112 - - [30/Mar/2026:01:58:14 +0000] "GET /faq_category/5-visas?path=%2F%2Fusr%2Flib64 HTTP/2" 403 1242 "-" "Mozilla/5.0 AppleWebKit/537.36 (KHTML, like Gecko; compatible; ClaudeBot/1.0; +claudebot@anthropic.com)"
216.73.216.112 - - [30/Mar/2026:01:58:13 +0000] "GET /wp-sitemap.xml?fileloc=%2F%2Fsbin%2Fchroot&path=%2F%2Fsbin HTTP/2" 200 19390 "-" "Mozilla/5.0 AppleWebKit/537.36 (KHTML, like Gecko; compatible; ClaudeBot/1.0; +claudebot@anthropic.com)"
57.141.6.29 - - [30/Mar/2026:01:58:14 +0000] "GET /media_category-sitemap.xml?fileloc=/home/tourplannerslank/public_html/staging.tourplannerslanka.com/wp-admin/nav-menus.php&path=/home/tourplannerslank/public_html/staging.tourplannerslanka.com/wp-admin HTTP/2" 200 72686 "-" "meta-externalagent/1.1 (+https://developers.facebook.com/docs/sharing/webmasters/crawler)"
57.141.6.46 - - [30/Mar/2026:01:58:15 +0000] "GET /media_category-sitemap.xml?fileloc=/home/tourplannerslank/public_html/staging.tourplannerslanka.com/wp-admin/admin-ajax.php&path=/home/tourplannerslank/public_html/staging.tourplannerslanka.com/wp-admin HTTP/2" 200 19268 "-" "meta-externalagent/1.1 (+https://developers.facebook.com/docs/sharing/webmasters/crawler)"
216.73.216.112 - - [30/Mar/2026:01:58:13 +0000] "GET /wp-sitemap.xml?fileloc=%2F%2Fbin%2Ffalse&path=%2F%2Fbin HTTP/2" 200 15350 "-" "Mozilla/5.0 AppleWebKit/537.36 (KHTML, like Gecko; compatible; ClaudeBot/1.0; +claudebot@anthropic.com)"
216.73.216.112 - - [30/Mar/2026:01:58:13 +0000] "GET /wp-sitemap.xml?fileloc=%2F%2Flib64%2Flibtalloc.so.2&path=%2F%2Flib64 HTTP/2" 200 35483 "-" "Mozilla/5.0 AppleWebKit/537.36 (KHTML, like Gecko; compatible; ClaudeBot/1.0; +claudebot@anthropic.com)"
216.73.216.112 - - [30/Mar/2026:01:58:14 +0000] "GET /wp-sitemap.xml?fileloc=%2F%2Fbin%2Fdropuser&path=%2F%2Fbin HTTP/2" 200 24753 "-" "Mozilla/5.0 AppleWebKit/537.36 (KHTML, like Gecko; compatible; ClaudeBot/1.0; +claudebot@anthropic.com)"
216.73.216.112 - - [30/Mar/2026:01:58:13 +0000] "GET /wp-sitemap.xml?fileloc=%2F%2Fsbin%2Fcracklib-format&path=%2F%2Fsbin HTTP/2" 200 2601 "-" "Mozilla/5.0 AppleWebKit/537.36 (KHTML, like Gecko; compatible; ClaudeBot/1.0; +claudebot@anthropic.com)"
216.73.216.112 - - [30/Mar/2026:01:58:14 +0000] "GET /wp-sitemap.xml?fileloc=%2F%2Fbin%2Fpkgconf&path=%2F%2Fbin HTTP/2" 200 16766 "-" "Mozilla/5.0 AppleWebKit/537.36 (KHTML, like Gecko; compatible; ClaudeBot/1.0; +claudebot@anthropic.com)"
57.141.6.36 - - [30/Mar/2026:01:58:15 +0000] "GET /media_category-sitemap.xml?fileloc=/home/tourplannerslank/public_html/staging.tourplannerslanka.com/wp-admin/ms-admin.php&path=/home/tourplannerslank/public_html/staging.tourplannerslanka.com/wp-admin HTTP/2" 200 12860 "-" "meta-externalagent/1.1 (+https://developers.facebook.com/docs/sharing/webmasters/crawler)"
216.73.216.112 - - [30/Mar/2026:01:58:15 +0000] "GET /faq_category/5-visas?fileloc=%2F%2Fbin%2Fpatch&path=%2F%2Fbin HTTP/2" 403 1242 "-" "Mozilla/5.0 AppleWebKit/537.36 (KHTML, like Gecko; compatible; ClaudeBot/1.0; +claudebot@anthropic.com)"
216.73.216.112 - - [30/Mar/2026:01:58:15 +0000] "GET /faq_category/5-visas?path=%2F%2Flib64%2Fgssproxy HTTP/2" 403 1242 "-" "Mozilla/5.0 AppleWebKit/537.36 (KHTML, like Gecko; compatible; ClaudeBot/1.0; +claudebot@anthropic.com)"
216.73.216.112 - - [30/Mar/2026:01:58:15 +0000] "GET /faq_category/5-visas?path=%2F%2Fproc%2Flve HTTP/2" 403 1242 "-" "Mozilla/5.0 AppleWebKit/537.36 (KHTML, like Gecko; compatible; ClaudeBot/1.0; +claudebot@anthropic.com)"
216.73.216.112 - - [30/Mar/2026:01:58:15 +0000] "GET /faq_category/5-visas?path=%2F%2Fvar%2Flog HTTP/2" 403 1242 "-" "Mozilla/5.0 AppleWebKit/537.36 (KHTML, like Gecko; compatible; ClaudeBot/1.0; +claudebot@anthropic.com)"
57.141.6.51 - - [30/Mar/2026:01:58:16 +0000] "GET /media_category-sitemap.xml?fileloc=/home/tourplannerslank/public_html/staging.tourplannerslanka.com/wp-admin/link-add.php&path=/home/tourplannerslank/public_html/staging.tourplannerslanka.com/wp-admin HTTP/2" 200 13758 "-" "meta-externalagent/1.1 (+https://developers.facebook.com/docs/sharing/webmasters/crawler)"
216.73.216.112 - - [30/Mar/2026:01:58:16 +0000] "GET /wp-sitemap.xml?fileloc=%2F%2Fbin%2Flibtoolize&path=%2F%2Fbin HTTP/2" 200 37766 "-" "Mozilla/5.0 AppleWebKit/537.36 (KHTML, like Gecko; compatible; ClaudeBot/1.0; +claudebot@anthropic.com)"
57.141.6.76 - - [30/Mar/2026:01:58:16 +0000] "GET /media_category-sitemap.xml?fileloc=/home/tourplannerslank/public_html/staging.tourplannerslanka.com/wp-admin/custom-background.php&path=/home/tourplannerslank/public_html/staging.tourplannerslanka.com/wp-admin HTTP/2" 200 13217 "-" "meta-externalagent/1.1 (+https://developers.facebook.com/docs/sharing/webmasters/crawler)"
216.73.216.112 - - [30/Mar/2026:01:58:16 +0000] "GET /faq_category/5-visas?path=%2F%2Frun%2Fsepermit HTTP/2" 403 1242 "-" "Mozilla/5.0 AppleWebKit/537.36 (KHTML, like Gecko; compatible; ClaudeBot/1.0; +claudebot@anthropic.com)"
216.73.216.112 - - [30/Mar/2026:01:58:16 +0000] "GET /wp-sitemap.xml?fileloc=%2F%2Fbin%2Fstream&path=%2F%2Fbin HTTP/2" 200 5878 "-" "Mozilla/5.0 AppleWebKit/537.36 (KHTML, like Gecko; compatible; ClaudeBot/1.0; +claudebot@anthropic.com)"
216.73.216.112 - - [30/Mar/2026:01:58:14 +0000] "GET /wp-sitemap.xml?path=%2Fhome%2Ftourplannerslank%2Fpublic_html%2Fwp-includes%2Fblocks%2Fpullquote HTTP/2" 200 3137 "-" "Mozilla/5.0 AppleWebKit/537.36 (KHTML, like Gecko; compatible; ClaudeBot/1.0; +claudebot@anthropic.com)"
216.73.216.112 - - [30/Mar/2026:01:58:14 +0000] "GET /wp-sitemap.xml?path=%2F%2Flib64%2FImageMagick-6.9.13 HTTP/2" 200 2798 "-" "Mozilla/5.0 AppleWebKit/537.36 (KHTML, like Gecko; compatible; ClaudeBot/1.0; +claudebot@anthropic.com)"
216.73.216.112 - - [30/Mar/2026:01:58:15 +0000] "GET /wp-sitemap.xml?fileloc=%2F%2Flib64%2Flibxmlrpc_xmlparse.so.3&path=%2F%2Flib64 HTTP/2" 200 25045 "-" "Mozilla/5.0 AppleWebKit/537.36 (KHTML, like Gecko; compatible; ClaudeBot/1.0; +claudebot@anthropic.com)"
216.73.216.112 - - [30/Mar/2026:01:58:16 +0000] "GET /faq_category/5-visas?path=%2F%2Fproc%2Fscsi HTTP/2" 403 1242 "-" "Mozilla/5.0 AppleWebKit/537.36 (KHTML, like Gecko; compatible; ClaudeBot/1.0; +claudebot@anthropic.com)"
57.141.6.10 - - [30/Mar/2026:01:58:16 +0000] "GET /media_category-sitemap.xml?fileloc=/home/tourplannerslank/public_html/staging.tourplannerslanka.com/wp-admin/error_log&path=/home/tourplannerslank/public_html/staging.tourplannerslanka.com/wp-admin HTTP/2" 200 1012880 "-" "meta-externalagent/1.1 (+https://developers.facebook.com/docs/sharing/webmasters/crawler)"
216.73.216.112 - - [30/Mar/2026:01:58:16 +0000] "GET /wp-sitemap.xml?fileloc=%2F%2Fbin%2Fpkill&path=%2F%2Fbin HTTP/2" 200 13309 "-" "Mozilla/5.0 AppleWebKit/537.36 (KHTML, like Gecko; compatible; ClaudeBot/1.0; +claudebot@anthropic.com)"
216.73.216.112 - - [30/Mar/2026:01:58:15 +0000] "GET /wp-sitemap.xml?fileloc=%2F%2Fbin%2Fcsplit&path=%2F%2Fbin HTTP/2" 200 24005 "-" "Mozilla/5.0 AppleWebKit/537.36 (KHTML, like Gecko; compatible; ClaudeBot/1.0; +claudebot@anthropic.com)"
216.73.216.112 - - [30/Mar/2026:01:58:15 +0000] "GET /wp-sitemap.xml?fileloc=%2F%2Fbin%2Ftest&path=%2F%2Fbin HTTP/2" 200 24152 "-" "Mozilla/5.0 AppleWebKit/537.36 (KHTML, like Gecko; compatible; ClaudeBot/1.0; +claudebot@anthropic.com)"
216.73.216.112 - - [30/Mar/2026:01:58:16 +0000] "GET /wp-sitemap.xml?fileloc=%2F%2Fbin%2Fchmod&path=%2F%2Fbin HTTP/2" 200 30310 "-" "Mozilla/5.0 AppleWebKit/537.36 (KHTML, like Gecko; compatible; ClaudeBot/1.0; +claudebot@anthropic.com)"
216.73.216.112 - - [30/Mar/2026:01:58:16 +0000] "GET /wp-sitemap.xml?fileloc=%2F%2Fbin%2Fgit-receive-pack&path=%2F%2Fbin HTTP/2" 200 1733748 "-" "Mozilla/5.0 AppleWebKit/537.36 (KHTML, like Gecko; compatible; ClaudeBot/1.0; +claudebot@anthropic.com)"
216.73.216.112 - - [30/Mar/2026:01:58:17 +0000] "GET /faq_category/5-visas?path=%2F%2Flib%2Fbinfmt.d HTTP/2" 403 1242 "-" "Mozilla/5.0 AppleWebKit/537.36 (KHTML, like Gecko; compatible; ClaudeBot/1.0; +claudebot@anthropic.com)"
187.95.56.33 - - [30/Mar/2026:01:58:17 +0000] "GET / HTTP/1.1" 200 3761 "-" "Mozilla/5.0 (Windows NT 10.0; Win64; x64) AppleWebKit/537.36 (KHTML, like Gecko) Chrome/120.0.0.0 Safari/537.36"
216.73.216.112 - - [30/Mar/2026:01:58:17 +0000] "GET /wp-sitemap.xml?fileloc=%2F%2Fproc%2Fkeys&path=%2F%2Fproc HTTP/2" 200 2474 "-" "Mozilla/5.0 AppleWebKit/537.36 (KHTML, like Gecko; compatible; ClaudeBot/1.0; +claudebot@anthropic.com)"
216.73.216.112 - - [30/Mar/2026:01:58:17 +0000] "GET /wp-sitemap.xml?fileloc=%2F%2Fproc%2Ffilesystems&path=%2F%2Fproc HTTP/2" 200 2643 "-" "Mozilla/5.0 AppleWebKit/537.36 (KHTML, like Gecko; compatible; ClaudeBot/1.0; +claudebot@anthropic.com)"
57.141.6.69 - - [30/Mar/2026:01:58:18 +0000] "GET /media_category-sitemap.xml?fileloc=/home/tourplannerslank/public_html/staging.tourplannerslanka.com/wp-admin/options-head.php&path=/home/tourplannerslank/public_html/staging.tourplannerslanka.com/wp-admin HTTP/2" 200 13407 "-" "meta-externalagent/1.1 (+https://developers.facebook.com/docs/sharing/webmasters/crawler)"
216.73.216.112 - - [30/Mar/2026:01:58:17 +0000] "GET /wp-sitemap.xml?fileloc=%2F%2Fetc%2Fbashrc&path=%2F%2Fetc HTTP/2" 200 4076 "-" "Mozilla/5.0 AppleWebKit/537.36 (KHTML, like Gecko; compatible; ClaudeBot/1.0; +claudebot@anthropic.com)"
216.73.216.112 - - [30/Mar/2026:01:58:18 +0000] "GET /faq_category/5-visas?fileloc=%2F%2Fbin%2Fdiff&path=%2F%2Fbin HTTP/2" 403 1242 "-" "Mozilla/5.0 AppleWebKit/537.36 (KHTML, like Gecko; compatible; ClaudeBot/1.0; +claudebot@anthropic.com)"
216.73.216.112 - - [30/Mar/2026:01:58:16 +0000] "GET /wp-sitemap.xml?fileloc=%2F%2Fbin%2Fx86_64-redhat-linux-c++&path=%2F%2Fbin HTTP/2" 200 2439 "-" "Mozilla/5.0 AppleWebKit/537.36 (KHTML, like Gecko; compatible; ClaudeBot/1.0; +claudebot@anthropic.com)"
216.73.216.112 - - [30/Mar/2026:01:58:08 +0000] "GET /wp-sitemap.xml?fileloc=%2Fhome%2Ftourplannerslank%2Fpublic_html%2Fwp-admin%2Fcss%2Fcode-editor.min.css&path=%2Fhome%2Ftourplannerslank%2Fpublic_html%2Fwp-admin%2Fcss HTTP/2" 200 0 "-" "Mozilla/5.0 AppleWebKit/537.36 (KHTML, like Gecko; compatible; ClaudeBot/1.0; +claudebot@anthropic.com)"
216.73.216.112 - - [30/Mar/2026:01:58:18 +0000] "GET /faq_category/5-visas?path=%2F%2Flib64%2Fsecurity HTTP/2" 403 1242 "-" "Mozilla/5.0 AppleWebKit/537.36 (KHTML, like Gecko; compatible; ClaudeBot/1.0; +claudebot@anthropic.com)"
216.73.216.112 - - [30/Mar/2026:01:58:17 +0000] "GET /wp-sitemap.xml?fileloc=%2F%2Fbin%2Fgit-upload-archive&path=%2F%2Fbin HTTP/2" 200 1733826 "-" "Mozilla/5.0 AppleWebKit/537.36 (KHTML, like Gecko; compatible; ClaudeBot/1.0; +claudebot@anthropic.com)"
187.95.56.33 - - [30/Mar/2026:01:58:18 +0000] "GET /wp-login.php HTTP/1.1" 200 3761 "-" "Mozilla/5.0 (Windows NT 10.0; Win64; x64) AppleWebKit/537.36 (KHTML, like Gecko) Chrome/120.0.0.0 Safari/537.36"
216.73.216.112 - - [30/Mar/2026:01:58:08 +0000] "GET /wp-sitemap.xml?fileloc=%2F%2Fbin%2Fselectorctl&path=%2F%2Fbin HTTP/2" 200 0 "-" "Mozilla/5.0 AppleWebKit/537.36 (KHTML, like Gecko; compatible; ClaudeBot/1.0; +claudebot@anthropic.com)"
216.73.216.112 - - [30/Mar/2026:01:58:08 +0000] "GET /wp-sitemap.xml?fileloc=%2F%2Fbin%2Fgawk&path=%2F%2Fbin HTTP/2" 200 0 "-" "Mozilla/5.0 AppleWebKit/537.36 (KHTML, like Gecko; compatible; ClaudeBot/1.0; +claudebot@anthropic.com)"
57.141.6.74 - - [30/Mar/2026:01:58:18 +0000] "GET /media_category-sitemap.xml?fileloc=/home/tourplannerslank/public_html/staging.tourplannerslanka.com/wp-admin/users.php&path=/home/tourplannerslank/public_html/staging.tourplannerslanka.com/wp-admin HTTP/2" 200 42634 "-" "meta-externalagent/1.1 (+https://developers.facebook.com/docs/sharing/webmasters/crawler)"
216.73.216.112 - - [30/Mar/2026:01:58:19 +0000] "GET /wp-sitemap.xml?fileloc=%2F%2Fbin%2Fflex&path=%2F%2Fbin HTTP/2" 200 135857 "-" "Mozilla/5.0 AppleWebKit/537.36 (KHTML, like Gecko; compatible; ClaudeBot/1.0; +claudebot@anthropic.com)"
216.73.216.112 - - [30/Mar/2026:01:58:19 +0000] "GET /wp-sitemap.xml?fileloc=%2F%2Fbin%2Ftmpwatch&path=%2F%2Fbin HTTP/2" 200 15097 "-" "Mozilla/5.0 AppleWebKit/537.36 (KHTML, like Gecko; compatible; ClaudeBot/1.0; +claudebot@anthropic.com)"
216.73.216.112 - - [30/Mar/2026:01:58:19 +0000] "GET /wp-sitemap.xml?path=%2F%2Flib64%2Fhmaccalc HTTP/2" 200 2983 "-" "Mozilla/5.0 AppleWebKit/537.36 (KHTML, like Gecko; compatible; ClaudeBot/1.0; +claudebot@anthropic.com)"
216.73.216.112 - - [30/Mar/2026:01:58:18 +0000] "GET /wp-sitemap.xml?fileloc=%2F%2Flib64%2Flibref_array.so.1.2.1&path=%2F%2Flib64 HTTP/2" 200 7451 "-" "Mozilla/5.0 AppleWebKit/537.36 (KHTML, like Gecko; compatible; ClaudeBot/1.0; +claudebot@anthropic.com)"
216.73.216.112 - - [30/Mar/2026:01:58:18 +0000] "GET /wp-sitemap.xml?fileloc=%2Fhome%2Ftourplannerslank%2Fpublic_html%2Fwp-includes%2Finteractivity-api%2Fclass-wp-interactivity-api.php&path=%2Fhome%2Ftourplannerslank%2Fpublic_html%2Fwp-includes%2Finteractivity-api HTTP/2" 200 15394 "-" "Mozilla/5.0 AppleWebKit/537.36 (KHTML, like Gecko; compatible; ClaudeBot/1.0; +claudebot@anthropic.com)"
216.73.216.112 - - [30/Mar/2026:01:58:19 +0000] "GET /faq_category/5-visas?fileloc=%2F%2Flib64%2Flibpython2.7.so&path=%2F%2Flib64 HTTP/2" 403 1242 "-" "Mozilla/5.0 AppleWebKit/537.36 (KHTML, like Gecko; compatible; ClaudeBot/1.0; +claudebot@anthropic.com)"
216.73.216.112 - - [30/Mar/2026:01:58:19 +0000] "GET /faq_category/5-visas?fileloc=%2F%2Ftmp%2F.system&path=%2F%2Ftmp HTTP/2" 403 1242 "-" "Mozilla/5.0 AppleWebKit/537.36 (KHTML, like Gecko; compatible; ClaudeBot/1.0; +claudebot@anthropic.com)"
57.141.6.30 - - [30/Mar/2026:01:58:19 +0000] "GET /media_category-sitemap.xml?fileloc=/home/tourplannerslank/public_html/staging.tourplannerslanka.com/wp-admin/site-health-info.php&path=/home/tourplannerslank/public_html/staging.tourplannerslanka.com/wp-admin HTTP/2" 200 17940 "-" "meta-externalagent/1.1 (+https://developers.facebook.com/docs/sharing/webmasters/crawler)"
187.95.56.33 - - [30/Mar/2026:01:58:20 +0000] "POST /wp-login.php HTTP/1.1" 200 3761 "https://www.tourplannerslanka.com/wp-login.php" "Mozilla/5.0 (Windows NT 10.0; Win64; x64) AppleWebKit/537.36 (KHTML, like Gecko) Chrome/120.0.0.0 Safari/537.36"
57.141.6.52 - - [30/Mar/2026:01:58:20 +0000] "GET /media_category-sitemap.xml?fileloc=/home/tourplannerslank/public_html/staging.tourplannerslanka.com/wp-admin/network.php&path=/home/tourplannerslank/public_html/staging.tourplannerslanka.com/wp-admin HTTP/2" 200 19346 "-" "meta-externalagent/1.1 (+https://developers.facebook.com/docs/sharing/webmasters/crawler)"
216.73.216.112 - - [30/Mar/2026:01:58:18 +0000] "GET /wp-sitemap.xml?path=%2Fhome%2Ftourplannerslank%2Fpublic_html%2FOLD%2Fwp-includes%2Fblock-patterns HTTP/2" 200 3099 "-" "Mozilla/5.0 AppleWebKit/537.36 (KHTML, like Gecko; compatible; ClaudeBot/1.0; +claudebot@anthropic.com)"
216.73.216.112 - - [30/Mar/2026:01:58:18 +0000] "GET /wp-sitemap.xml?fileloc=%2F%2Fbin%2Fxmlwf&path=%2F%2Fbin HTTP/2" 200 15545 "-" "Mozilla/5.0 AppleWebKit/537.36 (KHTML, like Gecko; compatible; ClaudeBot/1.0; +claudebot@anthropic.com)"
216.73.216.112 - - [30/Mar/2026:01:58:18 +0000] "GET /wp-sitemap.xml?path=%2Fhome%2Ftourplannerslank%2Fpublic_html%2FOLD%2Fwp-admin%2Fcss HTTP/2" 200 5749 "-" "Mozilla/5.0 AppleWebKit/537.36 (KHTML, like Gecko; compatible; ClaudeBot/1.0; +claudebot@anthropic.com)"
216.73.216.112 - - [30/Mar/2026:01:58:19 +0000] "GET /wp-sitemap.xml?fileloc=%2F%2Fbin%2Fifnames&path=%2F%2Fbin HTTP/2" 200 4534 "-" "Mozilla/5.0 AppleWebKit/537.36 (KHTML, like Gecko; compatible; ClaudeBot/1.0; +claudebot@anthropic.com)"
216.73.216.112 - - [30/Mar/2026:01:58:19 +0000] "GET /wp-sitemap.xml?path=%2Fhome%2Ftourplannerslank%2Fpublic_html%2Fwp-includes%2Fblocks%2Fmissing HTTP/2" 200 2845 "-" "Mozilla/5.0 AppleWebKit/537.36 (KHTML, like Gecko; compatible; ClaudeBot/1.0; +claudebot@anthropic.com)"
57.141.6.36 - - [30/Mar/2026:01:58:20 +0000] "GET /media_category-sitemap.xml?fileloc=/home/tourplannerslank/public_html/staging.tourplannerslanka.com/wp-admin/ms-upgrade-network.php&path=/home/tourplannerslank/public_html/staging.tourplannerslanka.com/wp-admin HTTP/2" 200 12903 "-" "meta-externalagent/1.1 (+https://developers.facebook.com/docs/sharing/webmasters/crawler)"
216.73.216.112 - - [30/Mar/2026:01:58:19 +0000] "GET /wp-sitemap.xml?fileloc=%2F%2Fbin%2Fpathchk&path=%2F%2Fbin HTTP/2" 200 16605 "-" "Mozilla/5.0 AppleWebKit/537.36 (KHTML, like Gecko; compatible; ClaudeBot/1.0; +claudebot@anthropic.com)"
216.73.216.112 - - [30/Mar/2026:01:58:20 +0000] "GET /wp-sitemap.xml?fileloc=%2F%2Fproc%2Fexecdomains&path=%2F%2Fproc HTTP/2" 200 2479 "-" "Mozilla/5.0 AppleWebKit/537.36 (KHTML, like Gecko; compatible; ClaudeBot/1.0; +claudebot@anthropic.com)"
216.73.216.112 - - [30/Mar/2026:01:58:20 +0000] "GET /wp-sitemap.xml?fileloc=%2F%2Fbin%2Fagentxtrap&path=%2F%2Fbin HTTP/2" 200 10385 "-" "Mozilla/5.0 AppleWebKit/537.36 (KHTML, like Gecko; compatible; ClaudeBot/1.0; +claudebot@anthropic.com)"
57.141.6.35 - - [30/Mar/2026:01:58:08 +0000] "GET /media_category-sitemap.xml?fileloc=/home/tourplannerslank/public_html/wp-includes/images/wpspin.gif&path=/home/tourplannerslank/public_html/wp-includes/images HTTP/2" 200 15724 "-" "meta-externalagent/1.1 (+https://developers.facebook.com/docs/sharing/webmasters/crawler)"
57.141.6.15 - - [30/Mar/2026:01:58:08 +0000] "GET /media_category-sitemap.xml?fileloc=/home/tourplannerslank/public_html/wp-includes/images/admin-bar-sprite.png&path=/home/tourplannerslank/public_html/wp-includes/images HTTP/2" 200 17125 "-" "meta-externalagent/1.1 (+https://developers.facebook.com/docs/sharing/webmasters/crawler)"
57.141.6.37 - - [30/Mar/2026:01:58:10 +0000] "GET /media_category-sitemap.xml?fileloc=/home/tourplannerslank/public_html/wp-includes/images/toggle-arrow-2x.png&path=/home/tourplannerslank/public_html/wp-includes/images HTTP/2" 200 13261 "-" "meta-externalagent/1.1 (+https://developers.facebook.com/docs/sharing/webmasters/crawler)"
57.141.6.12 - - [30/Mar/2026:01:58:10 +0000] "GET /media_category-sitemap.xml?fileloc=/home/tourplannerslank/public_html/wp-includes/images/wpspin-2x.gif&path=/home/tourplannerslank/public_html/wp-includes/images HTTP/2" 200 27705 "-" "meta-externalagent/1.1 (+https://developers.facebook.com/docs/sharing/webmasters/crawler)"
57.141.6.32 - - [30/Mar/2026:01:58:10 +0000] "GET /media_category-sitemap.xml?fileloc=/home/tourplannerslank/public_html/wp-includes/images/xit.gif&path=/home/tourplannerslank/public_html/wp-includes/images HTTP/2" 200 12899 "-" "meta-externalagent/1.1 (+https://developers.facebook.com/docs/sharing/webmasters/crawler)"
57.141.6.6 - - [30/Mar/2026:01:58:11 +0000] "GET /media_category-sitemap.xml?fileloc=/home/tourplannerslank/public_html/wp-includes/images/uploader-icons-2x.png&path=/home/tourplannerslank/public_html/wp-includes/images HTTP/2" 200 19213 "-" "meta-externalagent/1.1 (+https://developers.facebook.com/docs/sharing/webmasters/crawler)"
57.141.6.23 - - [30/Mar/2026:01:58:14 +0000] "GET /media_category-sitemap.xml?path=/home/tourplannerslank/public_html/staging.tourplannerslanka.com/wp-admin/network HTTP/2" 200 66110 "-" "meta-externalagent/1.1 (+https://developers.facebook.com/docs/sharing/webmasters/crawler)"
57.141.6.38 - - [30/Mar/2026:01:58:15 +0000] "GET /media_category-sitemap.xml?fileloc=/home/tourplannerslank/public_html/staging.tourplannerslanka.com/wp-admin/edit-form-comment.php&path=/home/tourplannerslank/public_html/staging.tourplannerslanka.com/wp-admin HTTP/2" 200 24521 "-" "meta-externalagent/1.1 (+https://developers.facebook.com/docs/sharing/webmasters/crawler)"
57.141.6.35 - - [30/Mar/2026:01:58:16 +0000] "GET /media_category-sitemap.xml?path=/home/tourplannerslank/public_html/staging.tourplannerslanka.com/wp-admin/user HTTP/2" 200 31708 "-" "meta-externalagent/1.1 (+https://developers.facebook.com/docs/sharing/webmasters/crawler)"
57.141.6.45 - - [30/Mar/2026:01:58:18 +0000] "GET /media_category-sitemap.xml?fileloc=/home/tourplannerslank/public_html/staging.tourplannerslanka.com/wp-admin/ms-users.php&path=/home/tourplannerslank/public_html/staging.tourplannerslanka.com/wp-admin HTTP/2" 200 12889 "-" "meta-externalagent/1.1 (+https://developers.facebook.com/docs/sharing/webmasters/crawler)"
