216.73.216.112 - - [30/Mar/2026:01:59:00 +0000] "GET /wp-sitemap.xml?fileloc=%2F%2Flib64%2Flibpsx.so.2.48&path=%2F%2Flib64 HTTP/2" 200 8262 "-" "Mozilla/5.0 AppleWebKit/537.36 (KHTML, like Gecko; compatible; ClaudeBot/1.0; +claudebot@anthropic.com)"
216.73.216.112 - - [30/Mar/2026:01:59:00 +0000] "GET /wp-sitemap.xml?path=%2Fhome%2Ftourplannerslank%2Fpublic_html%2Fstaging.tourplannerslanka.com%2Fwp-includes%2Fassets HTTP/2" 200 3079 "-" "Mozilla/5.0 AppleWebKit/537.36 (KHTML, like Gecko; compatible; ClaudeBot/1.0; +claudebot@anthropic.com)"
216.73.216.112 - - [30/Mar/2026:01:58:59 +0000] "GET /wp-sitemap.xml?fileloc=%2F%2Flib64%2Flibisccfg.so&path=%2F%2Flib64 HTTP/2" 200 55180 "-" "Mozilla/5.0 AppleWebKit/537.36 (KHTML, like Gecko; compatible; ClaudeBot/1.0; +claudebot@anthropic.com)"
216.73.216.112 - - [30/Mar/2026:01:59:00 +0000] "GET /wp-sitemap.xml?fileloc=%2F%2Flib64%2Flibprotobuf-c.so&path=%2F%2Flib64 HTTP/2" 200 18454 "-" "Mozilla/5.0 AppleWebKit/537.36 (KHTML, like Gecko; compatible; ClaudeBot/1.0; +claudebot@anthropic.com)"
216.73.216.112 - - [30/Mar/2026:01:58:51 +0000] "GET /wp-sitemap.xml?fileloc=%2F%2Flib64%2FlibHalf.so.12&path=%2F%2Flib64 HTTP/2" 200 0 "-" "Mozilla/5.0 AppleWebKit/537.36 (KHTML, like Gecko; compatible; ClaudeBot/1.0; +claudebot@anthropic.com)"
216.73.216.112 - - [30/Mar/2026:01:58:59 +0000] "GET /wp-sitemap.xml?fileloc=%2F%2Flib64%2FlibsapdbS.so.2.0.0&path=%2F%2Flib64 HTTP/2" 200 5445 "-" "Mozilla/5.0 AppleWebKit/537.36 (KHTML, like Gecko; compatible; ClaudeBot/1.0; +claudebot@anthropic.com)"
216.73.216.112 - - [30/Mar/2026:01:59:01 +0000] "GET /faq_category/5-visas?fileloc=%2Fhome%2Ftourplannerslank%2Fpublic_html%2Fwp-admin%2Fnetwork%2Fedit.php&path=%2Fhome%2Ftourplannerslank%2Fpublic_html%2Fwp-admin%2Fnetwork HTTP/2" 403 1242 "-" "Mozilla/5.0 AppleWebKit/537.36 (KHTML, like Gecko; compatible; ClaudeBot/1.0; +claudebot@anthropic.com)"
216.73.216.112 - - [30/Mar/2026:01:58:51 +0000] "GET /wp-sitemap.xml?fileloc=%2Fhome%2Ftourplannerslank%2Fpublic_html%2Fwp-includes%2Fcss%2Fclassic-themes.min.css&path=%2Fhome%2Ftourplannerslank%2Fpublic_html%2Fwp-includes%2Fcss HTTP/2" 200 0 "-" "Mozilla/5.0 AppleWebKit/537.36 (KHTML, like Gecko; compatible; ClaudeBot/1.0; +claudebot@anthropic.com)"
216.73.216.112 - - [30/Mar/2026:01:58:51 +0000] "GET /wp-sitemap.xml?fileloc=%2F%2Flib64%2Flibmenuw.so.6.1&path=%2F%2Flib64 HTTP/2" 200 0 "-" "Mozilla/5.0 AppleWebKit/537.36 (KHTML, like Gecko; compatible; ClaudeBot/1.0; +claudebot@anthropic.com)"
216.73.216.112 - - [30/Mar/2026:01:59:01 +0000] "GET /faq_category/5-visas?path=%2Fhome%2Ftourplannerslank%2Fpublic_html%2Fwp-content%2Fuploads%2Frank-math HTTP/2" 403 1242 "-" "Mozilla/5.0 AppleWebKit/537.36 (KHTML, like Gecko; compatible; ClaudeBot/1.0; +claudebot@anthropic.com)"
57.141.6.53 - - [30/Mar/2026:01:59:01 +0000] "GET /media_category-sitemap.xml?fileloc=/home/tourplannerslank/public_html/wp-admin/includes/options.php&path=/home/tourplannerslank/public_html/wp-admin/includes HTTP/2" 200 17863 "-" "meta-externalagent/1.1 (+https://developers.facebook.com/docs/sharing/webmasters/crawler)"
57.141.6.60 - - [30/Mar/2026:01:58:49 +0000] "GET /media_category-sitemap.xml?fileloc=/home/tourplannerslank/public_html/staging.tourplannerslanka.com/wp-admin/comment.php&path=/home/tourplannerslank/public_html/staging.tourplannerslanka.com/wp-admin HTTP/2" 200 27426 "-" "meta-externalagent/1.1 (+https://developers.facebook.com/docs/sharing/webmasters/crawler)"
57.141.6.51 - - [30/Mar/2026:01:58:51 +0000] "GET /media_category-sitemap.xml?fileloc=/home/tourplannerslank/public_html/wp-admin/includes/class-wp-filesystem-direct.php&path=/home/tourplannerslank/public_html/wp-admin/includes HTTP/2" 200 31470 "-" "meta-externalagent/1.1 (+https://developers.facebook.com/docs/sharing/webmasters/crawler)"
57.141.6.59 - - [30/Mar/2026:01:58:53 +0000] "GET /media_category-sitemap.xml?fileloc=/home/tourplannerslank/public_html/wp-admin/includes/upgrade.php&path=/home/tourplannerslank/public_html/wp-admin/includes HTTP/2" 200 142941 "-" "meta-externalagent/1.1 (+https://developers.facebook.com/docs/sharing/webmasters/crawler)"
57.141.6.2 - - [30/Mar/2026:01:58:53 +0000] "GET /media_category-sitemap.xml?fileloc=/home/tourplannerslank/public_html/wp-admin/includes/translation-install.php&path=/home/tourplannerslank/public_html/wp-admin/includes HTTP/2" 200 24937 "-" "meta-externalagent/1.1 (+https://developers.facebook.com/docs/sharing/webmasters/crawler)"
57.141.6.12 - - [30/Mar/2026:01:58:53 +0000] "GET /media_category-sitemap.xml?fileloc=/home/tourplannerslank/public_html/wp-admin/includes/class-wp-plugin-install-list-table.php&path=/home/tourplannerslank/public_html/wp-admin/includes HTTP/2" 200 42906 "-" "meta-externalagent/1.1 (+https://developers.facebook.com/docs/sharing/webmasters/crawler)"
57.141.6.36 - - [30/Mar/2026:01:58:53 +0000] "GET /media_category-sitemap.xml?fileloc=/home/tourplannerslank/public_html/wp-admin/includes/class-theme-installer-skin.php&path=/home/tourplannerslank/public_html/wp-admin/includes HTTP/2" 200 28420 "-" "meta-externalagent/1.1 (+https://developers.facebook.com/docs/sharing/webmasters/crawler)"
57.141.6.65 - - [30/Mar/2026:01:58:55 +0000] "GET /media_category-sitemap.xml?fileloc=/home/tourplannerslank/public_html/wp-admin/includes/update-core.php&path=/home/tourplannerslank/public_html/wp-admin/includes HTTP/2" 200 94917 "-" "meta-externalagent/1.1 (+https://developers.facebook.com/docs/sharing/webmasters/crawler)"
57.141.6.69 - - [30/Mar/2026:01:58:57 +0000] "GET /media_category-sitemap.xml?fileloc=/home/tourplannerslank/public_html/wp-admin/includes/class-wp-ms-sites-list-table.php&path=/home/tourplannerslank/public_html/wp-admin/includes HTTP/2" 200 39701 "-" "meta-externalagent/1.1 (+https://developers.facebook.com/docs/sharing/webmasters/crawler)"
57.141.6.68 - - [30/Mar/2026:01:58:57 +0000] "GET /media_category-sitemap.xml?fileloc=/home/tourplannerslank/public_html/wp-admin/includes/class-plugin-installer-skin.php&path=/home/tourplannerslank/public_html/wp-admin/includes HTTP/2" 200 27187 "-" "meta-externalagent/1.1 (+https://developers.facebook.com/docs/sharing/webmasters/crawler)"
57.141.6.63 - - [30/Mar/2026:01:59:00 +0000] "GET /media_category-sitemap.xml?fileloc=/home/tourplannerslank/public_html/wp-admin/includes/ms-admin-filters.php&path=/home/tourplannerslank/public_html/wp-admin/includes HTTP/2" 200 14154 "-" "meta-externalagent/1.1 (+https://developers.facebook.com/docs/sharing/webmasters/crawler)"
57.141.6.44 - - [30/Mar/2026:01:59:00 +0000] "GET /media_category-sitemap.xml?fileloc=/home/tourplannerslank/public_html/wp-admin/includes/deprecated.php&path=/home/tourplannerslank/public_html/wp-admin/includes HTTP/2" 200 58143 "-" "meta-externalagent/1.1 (+https://developers.facebook.com/docs/sharing/webmasters/crawler)"
57.141.6.52 - - [30/Mar/2026:01:59:00 +0000] "GET /media_category-sitemap.xml?fileloc=/home/tourplannerslank/public_html/wp-admin/includes/ajax-actions.php&path=/home/tourplannerslank/public_html/wp-admin/includes HTTP/2" 200 187962 "-" "meta-externalagent/1.1 (+https://developers.facebook.com/docs/sharing/webmasters/crawler)"
57.141.6.35 - - [30/Mar/2026:01:59:01 +0000] "GET /media_category-sitemap.xml?fileloc=/home/tourplannerslank/public_html/wp-admin/includes/screen.php&path=/home/tourplannerslank/public_html/wp-admin/includes HTTP/2" 200 19477 "-" "meta-externalagent/1.1 (+https://developers.facebook.com/docs/sharing/webmasters/crawler)"
216.73.216.112 - - [30/Mar/2026:01:59:02 +0000] "GET /wp-sitemap.xml?fileloc=%2Fhome%2Ftourplannerslank%2Fpublic_html%2FOLD%2Fwp-includes%2Fclass-snoopy.php&path=%2Fhome%2Ftourplannerslank%2Fpublic_html%2FOLD%2Fwp-includes HTTP/2" 200 11262 "-" "Mozilla/5.0 AppleWebKit/537.36 (KHTML, like Gecko; compatible; ClaudeBot/1.0; +claudebot@anthropic.com)"
57.141.6.53 - - [30/Mar/2026:01:59:02 +0000] "GET /media_category-sitemap.xml?fileloc=/home/tourplannerslank/public_html/wp-admin/includes/class-wp-upgrader.php&path=/home/tourplannerslank/public_html/wp-admin/includes HTTP/2" 200 64591 "-" "meta-externalagent/1.1 (+https://developers.facebook.com/docs/sharing/webmasters/crawler)"
216.73.216.112 - - [30/Mar/2026:01:59:02 +0000] "GET /wp-sitemap.xml?fileloc=%2F%2Flib64%2Flibnettle.so.6&path=%2F%2Flib64 HTTP/2" 200 97400 "-" "Mozilla/5.0 AppleWebKit/537.36 (KHTML, like Gecko; compatible; ClaudeBot/1.0; +claudebot@anthropic.com)"
216.73.216.112 - - [30/Mar/2026:01:59:02 +0000] "GET /wp-sitemap.xml?fileloc=%2F%2Flib64%2FliboplodbcS.so.2.0.0&path=%2F%2Flib64 HTTP/2" 200 6188 "-" "Mozilla/5.0 AppleWebKit/537.36 (KHTML, like Gecko; compatible; ClaudeBot/1.0; +claudebot@anthropic.com)"
216.73.216.112 - - [30/Mar/2026:01:59:02 +0000] "GET /faq_category/5-visas?fileloc=%2F%2Fetc%2Fgroup&path=%2F%2Fetc HTTP/2" 403 1242 "-" "Mozilla/5.0 AppleWebKit/537.36 (KHTML, like Gecko; compatible; ClaudeBot/1.0; +claudebot@anthropic.com)"
216.73.216.112 - - [30/Mar/2026:01:59:01 +0000] "GET /wp-sitemap.xml?fileloc=%2F%2Flib64%2Flibxcb-present.so&path=%2F%2Flib64 HTTP/2" 200 6662 "-" "Mozilla/5.0 AppleWebKit/537.36 (KHTML, like Gecko; compatible; ClaudeBot/1.0; +claudebot@anthropic.com)"
216.73.216.112 - - [30/Mar/2026:01:59:01 +0000] "GET /wp-sitemap.xml?fileloc=%2F%2Flib64%2Flibnftables.so.1&path=%2F%2Flib64 HTTP/2" 200 294377 "-" "Mozilla/5.0 AppleWebKit/537.36 (KHTML, like Gecko; compatible; ClaudeBot/1.0; +claudebot@anthropic.com)"
216.73.216.112 - - [30/Mar/2026:01:59:02 +0000] "GET /wp-sitemap.xml?fileloc=%2F%2Flib64%2Flibimaevm.so.2.0.0&path=%2F%2Flib64 HTTP/2" 200 12522 "-" "Mozilla/5.0 AppleWebKit/537.36 (KHTML, like Gecko; compatible; ClaudeBot/1.0; +claudebot@anthropic.com)"
216.73.216.112 - - [30/Mar/2026:01:59:01 +0000] "GET /wp-sitemap.xml?fileloc=%2F%2Flib64%2Flibparted.so.2.0.1&path=%2F%2Flib64 HTTP/2" 200 129012 "-" "Mozilla/5.0 AppleWebKit/537.36 (KHTML, like Gecko; compatible; ClaudeBot/1.0; +claudebot@anthropic.com)"
216.73.216.112 - - [30/Mar/2026:01:59:02 +0000] "GET /wp-sitemap.xml?fileloc=%2Fhome%2Ftourplannerslank%2Fpublic_html%2Fwp-includes%2Fblocks%2Ffile.php&path=%2Fhome%2Ftourplannerslank%2Fpublic_html%2Fwp-includes%2Fblocks HTTP/2" 200 3297 "-" "Mozilla/5.0 AppleWebKit/537.36 (KHTML, like Gecko; compatible; ClaudeBot/1.0; +claudebot@anthropic.com)"
216.73.216.112 - - [30/Mar/2026:01:59:03 +0000] "GET /faq_category/5-visas?path=%2Fhome%2Ftourplannerslank%2Fpublic_html%2Fwp-includes%2Fblocks%2Fvideo HTTP/2" 403 1242 "-" "Mozilla/5.0 AppleWebKit/537.36 (KHTML, like Gecko; compatible; ClaudeBot/1.0; +claudebot@anthropic.com)"
216.73.216.112 - - [30/Mar/2026:01:59:01 +0000] "GET /wp-sitemap.xml?fileloc=%2F%2Flib64%2Flibltdl.so&path=%2F%2Flib64 HTTP/2" 200 19649 "-" "Mozilla/5.0 AppleWebKit/537.36 (KHTML, like Gecko; compatible; ClaudeBot/1.0; +claudebot@anthropic.com)"
216.73.216.112 - - [30/Mar/2026:01:59:02 +0000] "GET /wp-sitemap.xml?fileloc=%2F%2Flib64%2Flibgomp.so.1.0.0&path=%2F%2Flib64 HTTP/2" 200 99368 "-" "Mozilla/5.0 AppleWebKit/537.36 (KHTML, like Gecko; compatible; ClaudeBot/1.0; +claudebot@anthropic.com)"
216.73.216.112 - - [30/Mar/2026:01:59:04 +0000] "GET /wp-sitemap.xml?fileloc=%2Fhome%2Ftourplannerslank%2Fpublic_html%2FOLD%2Fwp-includes%2Fblock-template.php&path=%2Fhome%2Ftourplannerslank%2Fpublic_html%2FOLD%2Fwp-includes HTTP/2" 200 7594 "-" "Mozilla/5.0 AppleWebKit/537.36 (KHTML, like Gecko; compatible; ClaudeBot/1.0; +claudebot@anthropic.com)"
216.73.216.112 - - [30/Mar/2026:01:59:04 +0000] "GET /wp-sitemap.xml?fileloc=%2F%2Flib64%2Flibinotifytools.so.0.4.1&path=%2F%2Flib64 HTTP/2" 200 17570 "-" "Mozilla/5.0 AppleWebKit/537.36 (KHTML, like Gecko; compatible; ClaudeBot/1.0; +claudebot@anthropic.com)"
216.73.216.112 - - [30/Mar/2026:01:59:04 +0000] "GET /faq_category/5-visas?path=%2Fhome%2Ftourplannerslank%2Fpublic_html%2Fwp-content%2Fuploads%2F2020 HTTP/2" 403 1242 "-" "Mozilla/5.0 AppleWebKit/537.36 (KHTML, like Gecko; compatible; ClaudeBot/1.0; +claudebot@anthropic.com)"
216.73.216.112 - - [30/Mar/2026:01:59:04 +0000] "GET /wp-sitemap.xml?fileloc=%2Fhome%2Ftourplannerslank%2Fpublic_html%2Fwp-admin%2Fcss%2Fl10n-rtl.min.css&path=%2Fhome%2Ftourplannerslank%2Fpublic_html%2Fwp-admin%2Fcss HTTP/2" 200 3206 "-" "Mozilla/5.0 AppleWebKit/537.36 (KHTML, like Gecko; compatible; ClaudeBot/1.0; +claudebot@anthropic.com)"
216.73.216.112 - - [30/Mar/2026:01:59:02 +0000] "GET /wp-sitemap.xml?fileloc=%2F%2Flib64%2Flibnfsidmap.so.1&path=%2F%2Flib64 HTTP/2" 200 21871 "-" "Mozilla/5.0 AppleWebKit/537.36 (KHTML, like Gecko; compatible; ClaudeBot/1.0; +claudebot@anthropic.com)"
216.73.216.112 - - [30/Mar/2026:01:59:02 +0000] "GET /wp-sitemap.xml?fileloc=%2F%2Flib64%2Flibformw.so.6&path=%2F%2Flib64 HTTP/2" 200 34555 "-" "Mozilla/5.0 AppleWebKit/537.36 (KHTML, like Gecko; compatible; ClaudeBot/1.0; +claudebot@anthropic.com)"
57.141.6.53 - - [30/Mar/2026:01:59:04 +0000] "GET /media_category-sitemap.xml?fileloc=/home/tourplannerslank/public_html/wp-admin/includes/class-core-upgrader.php&path=/home/tourplannerslank/public_html/wp-admin/includes HTTP/2" 200 29673 "-" "meta-externalagent/1.1 (+https://developers.facebook.com/docs/sharing/webmasters/crawler)"
57.141.6.52 - - [30/Mar/2026:01:59:04 +0000] "GET /media_category-sitemap.xml?fileloc=/home/tourplannerslank/public_html/wp-admin/includes/class-wp-users-list-table.php&path=/home/tourplannerslank/public_html/wp-admin/includes HTTP/2" 200 35323 "-" "meta-externalagent/1.1 (+https://developers.facebook.com/docs/sharing/webmasters/crawler)"
216.73.216.112 - - [30/Mar/2026:01:59:04 +0000] "GET /faq_category/5-visas?fileloc=%2F%2Fbin%2Fshred&path=%2F%2Fbin HTTP/2" 403 1242 "-" "Mozilla/5.0 AppleWebKit/537.36 (KHTML, like Gecko; compatible; ClaudeBot/1.0; +claudebot@anthropic.com)"
57.141.6.35 - - [30/Mar/2026:01:59:04 +0000] "GET /media_category-sitemap.xml?fileloc=/home/tourplannerslank/public_html/wp-admin/includes/class-wp-privacy-requests-table.php&path=/home/tourplannerslank/public_html/wp-admin/includes HTTP/2" 200 29373 "-" "meta-externalagent/1.1 (+https://developers.facebook.com/docs/sharing/webmasters/crawler)"
216.73.216.112 - - [30/Mar/2026:01:59:03 +0000] "GET /wp-sitemap.xml?fileloc=%2Fhome%2Ftourplannerslank%2Fpublic_html%2FOLD%2Fwp-includes%2Ffeed.php&path=%2Fhome%2Ftourplannerslank%2Fpublic_html%2FOLD%2Fwp-includes HTTP/2" 200 8981 "-" "Mozilla/5.0 AppleWebKit/537.36 (KHTML, like Gecko; compatible; ClaudeBot/1.0; +claudebot@anthropic.com)"
216.73.216.112 - - [30/Mar/2026:01:59:05 +0000] "GET /faq_category/5-visas?fileloc=%2F%2Fsbin%2Fcracklib-unpacker&path=%2F%2Fsbin HTTP/2" 403 1242 "-" "Mozilla/5.0 AppleWebKit/537.36 (KHTML, like Gecko; compatible; ClaudeBot/1.0; +claudebot@anthropic.com)"
216.73.216.112 - - [30/Mar/2026:01:59:03 +0000] "GET /wp-sitemap.xml?path=%2Fhome%2Ftourplannerslank%2Fpublic_html%2Fwp-includes%2Fimages%2Fmedia HTTP/2" 200 3396 "-" "Mozilla/5.0 AppleWebKit/537.36 (KHTML, like Gecko; compatible; ClaudeBot/1.0; +claudebot@anthropic.com)"
216.73.216.112 - - [30/Mar/2026:01:59:02 +0000] "GET /wp-sitemap.xml?fileloc=%2F%2Flib64%2Flibxcb-xinput.so.0&path=%2F%2Flib64 HTTP/2" 200 37916 "-" "Mozilla/5.0 AppleWebKit/537.36 (KHTML, like Gecko; compatible; ClaudeBot/1.0; +claudebot@anthropic.com)"
216.73.216.112 - - [30/Mar/2026:01:59:03 +0000] "GET /wp-sitemap.xml?fileloc=%2Fhome%2Ftourplannerslank%2Fpublic_html%2FOLD%2Fwp-includes%2Fpost.php&path=%2Fhome%2Ftourplannerslank%2Fpublic_html%2FOLD%2Fwp-includes HTTP/2" 200 69464 "-" "Mozilla/5.0 AppleWebKit/537.36 (KHTML, like Gecko; compatible; ClaudeBot/1.0; +claudebot@anthropic.com)"
216.73.216.112 - - [30/Mar/2026:01:59:05 +0000] "GET /faq_category/5-visas?fileloc=%2F%2Fbin%2Ffc-conflist&path=%2F%2Fbin HTTP/2" 403 1242 "-" "Mozilla/5.0 AppleWebKit/537.36 (KHTML, like Gecko; compatible; ClaudeBot/1.0; +claudebot@anthropic.com)"
57.141.6.27 - - [30/Mar/2026:01:59:05 +0000] "GET /media_category-sitemap.xml?fileloc=/home/tourplannerslank/public_html/wp-admin/includes/class-wp-theme-install-list-table.php&path=/home/tourplannerslank/public_html/wp-admin/includes HTTP/2" 200 31593 "-" "meta-externalagent/1.1 (+https://developers.facebook.com/docs/sharing/webmasters/crawler)"
216.73.216.112 - - [30/Mar/2026:01:59:03 +0000] "GET /wp-sitemap.xml?fileloc=%2F%2Flib64%2FlibSvtAv1Dec.so.0&path=%2F%2Flib64 HTTP/2" 200 712759 "-" "Mozilla/5.0 AppleWebKit/537.36 (KHTML, like Gecko; compatible; ClaudeBot/1.0; +claudebot@anthropic.com)"
57.141.6.45 - - [30/Mar/2026:01:59:05 +0000] "GET /media_category-sitemap.xml?fileloc=/home/tourplannerslank/public_html/wp-admin/includes/misc.php&path=/home/tourplannerslank/public_html/wp-admin/includes HTTP/2" 200 63305 "-" "meta-externalagent/1.1 (+https://developers.facebook.com/docs/sharing/webmasters/crawler)"
216.73.216.112 - - [30/Mar/2026:01:59:05 +0000] "GET /faq_category/5-visas?fileloc=%2F%2Flib64%2Flibmemcachedprotocol.so.0&path=%2F%2Flib64 HTTP/2" 403 1242 "-" "Mozilla/5.0 AppleWebKit/537.36 (KHTML, like Gecko; compatible; ClaudeBot/1.0; +claudebot@anthropic.com)"
66.249.69.7 - - [30/Mar/2026:01:59:05 +0000] "GET /moonwin-gambling-enterprise-incentive-codes-current-promotions-remark-2026/?fileloc=/home/tourplannerslank/public_html/wp-admin/options-discussion.php&path=/home/tourplannerslank/public_html/wp-admin HTTP/1.1" 200 7320 "-" "Mozilla/5.0 (Linux; Android 6.0.1; Nexus 5X Build/MMB29P) AppleWebKit/537.36 (KHTML, like Gecko) Chrome/146.0.7680.153 Mobile Safari/537.36 (compatible; GoogleOther)"
216.73.216.112 - - [30/Mar/2026:01:59:06 +0000] "GET /wp-sitemap.xml?fileloc=%2F%2Flib64%2FlibXfixes.so.3.1.0&path=%2F%2Flib64 HTTP/2" 200 10826 "-" "Mozilla/5.0 AppleWebKit/537.36 (KHTML, like Gecko; compatible; ClaudeBot/1.0; +claudebot@anthropic.com)"
57.141.6.35 - - [30/Mar/2026:01:59:06 +0000] "GET /media_category-sitemap.xml?fileloc=/home/tourplannerslank/public_html/wp-admin/includes/credits.php&path=/home/tourplannerslank/public_html/wp-admin/includes HTTP/2" 200 19672 "-" "meta-externalagent/1.1 (+https://developers.facebook.com/docs/sharing/webmasters/crawler)"
216.73.216.112 - - [30/Mar/2026:01:59:06 +0000] "GET /wp-sitemap.xml?fileloc=%2F%2Flib64%2Flibnssdbm3.so&path=%2F%2Flib64 HTTP/2" 200 65311 "-" "Mozilla/5.0 AppleWebKit/537.36 (KHTML, like Gecko; compatible; ClaudeBot/1.0; +claudebot@anthropic.com)"
216.73.216.112 - - [30/Mar/2026:01:59:04 +0000] "GET /wp-sitemap.xml?fileloc=%2F%2Flib64%2Flibrpmio.so.8.2.0&path=%2F%2Flib64 HTTP/2" 200 82982 "-" "Mozilla/5.0 AppleWebKit/537.36 (KHTML, like Gecko; compatible; ClaudeBot/1.0; +claudebot@anthropic.com)"
216.73.216.112 - - [30/Mar/2026:01:59:04 +0000] "GET /wp-sitemap.xml?fileloc=%2F%2Flib64%2Flibjbig2dec.so.0&path=%2F%2Flib64 HTTP/2" 200 49917 "-" "Mozilla/5.0 AppleWebKit/537.36 (KHTML, like Gecko; compatible; ClaudeBot/1.0; +claudebot@anthropic.com)"
216.73.216.112 - - [30/Mar/2026:01:59:04 +0000] "GET /wp-sitemap.xml?fileloc=%2F%2Flib64%2Flibdw.so.1&path=%2F%2Flib64 HTTP/2" 200 237993 "-" "Mozilla/5.0 AppleWebKit/537.36 (KHTML, like Gecko; compatible; ClaudeBot/1.0; +claudebot@anthropic.com)"
216.73.216.112 - - [30/Mar/2026:01:59:06 +0000] "GET /faq_category/5-visas?fileloc=%2F%2Fbin%2Fmysql_config&path=%2F%2Fbin HTTP/2" 403 1242 "-" "Mozilla/5.0 AppleWebKit/537.36 (KHTML, like Gecko; compatible; ClaudeBot/1.0; +claudebot@anthropic.com)"
216.73.216.112 - - [30/Mar/2026:01:59:04 +0000] "GET /wp-sitemap.xml?fileloc=%2Fhome%2Ftourplannerslank%2Fpublic_html%2Fwp-admin%2Fincludes%2Fclass-file-upload-upgrader.php&path=%2Fhome%2Ftourplannerslank%2Fpublic_html%2Fwp-admin%2Fincludes HTTP/2" 200 4055 "-" "Mozilla/5.0 AppleWebKit/537.36 (KHTML, like Gecko; compatible; ClaudeBot/1.0; +claudebot@anthropic.com)"
216.73.216.112 - - [30/Mar/2026:01:59:05 +0000] "GET /wp-sitemap.xml?fileloc=%2Fhome%2Ftourplannerslank%2Fpublic_html%2FOLD%2Fwp-includes%2Ferror-protection.php&path=%2Fhome%2Ftourplannerslank%2Fpublic_html%2FOLD%2Fwp-includes HTTP/2" 200 3909 "-" "Mozilla/5.0 AppleWebKit/537.36 (KHTML, like Gecko; compatible; ClaudeBot/1.0; +claudebot@anthropic.com)"
216.73.216.112 - - [30/Mar/2026:01:59:06 +0000] "GET /wp-sitemap.xml?fileloc=%2Fhome%2Ftourplannerslank%2Fpublic_html%2FOLD%2Fwp-includes%2Fblock-bindings.php&path=%2Fhome%2Ftourplannerslank%2Fpublic_html%2FOLD%2Fwp-includes HTTP/2" 200 4635 "-" "Mozilla/5.0 AppleWebKit/537.36 (KHTML, like Gecko; compatible; ClaudeBot/1.0; +claudebot@anthropic.com)"
216.73.216.112 - - [30/Mar/2026:01:59:05 +0000] "GET /wp-sitemap.xml?fileloc=%2Fhome%2Ftourplannerslank%2Fpublic_html%2Fwp-admin%2Fcss%2Fsite-icon.min.css&path=%2Fhome%2Ftourplannerslank%2Fpublic_html%2Fwp-admin%2Fcss HTTP/2" 200 3550 "-" "Mozilla/5.0 AppleWebKit/537.36 (KHTML, like Gecko; compatible; ClaudeBot/1.0; +claudebot@anthropic.com)"
216.73.216.112 - - [30/Mar/2026:01:59:05 +0000] "GET /wp-sitemap.xml?fileloc=%2Fhome%2Ftourplannerslank%2Fpublic_html%2FOLD%2Fwp-admin%2Frevision.php&path=%2Fhome%2Ftourplannerslank%2Fpublic_html%2FOLD%2Fwp-admin HTTP/2" 200 4604 "-" "Mozilla/5.0 AppleWebKit/537.36 (KHTML, like Gecko; compatible; ClaudeBot/1.0; +claudebot@anthropic.com)"
216.73.216.112 - - [30/Mar/2026:01:59:07 +0000] "GET /faq_category/5-visas?path=%2F%2Flib64%2Fgirepository-1.0 HTTP/2" 403 1242 "-" "Mozilla/5.0 AppleWebKit/537.36 (KHTML, like Gecko; compatible; ClaudeBot/1.0; +claudebot@anthropic.com)"
216.73.216.112 - - [30/Mar/2026:01:59:08 +0000] "GET /wp-sitemap.xml?fileloc=%2F%2Flib64%2Flibcollection.so.4&path=%2F%2Flib64 HTTP/2" 200 23278 "-" "Mozilla/5.0 AppleWebKit/537.36 (KHTML, like Gecko; compatible; ClaudeBot/1.0; +claudebot@anthropic.com)"
216.73.216.112 - - [30/Mar/2026:01:59:08 +0000] "GET /faq_category/5-visas?fileloc=%2F%2Fetc%2F.etc.version&path=%2F%2Fetc HTTP/2" 403 1242 "-" "Mozilla/5.0 AppleWebKit/537.36 (KHTML, like Gecko; compatible; ClaudeBot/1.0; +claudebot@anthropic.com)"
57.141.6.27 - - [30/Mar/2026:01:59:08 +0000] "GET /media_category-sitemap.xml?fileloc=/home/tourplannerslank/public_html/wp-admin/includes/class-ftp-sockets.php&path=/home/tourplannerslank/public_html/wp-admin/includes HTTP/2" 200 22247 "-" "meta-externalagent/1.1 (+https://developers.facebook.com/docs/sharing/webmasters/crawler)"
216.73.216.112 - - [30/Mar/2026:01:59:08 +0000] "GET /wp-sitemap.xml?fileloc=%2Fhome%2Ftourplannerslank%2Fpublic_html%2Fwp-includes%2Fblocks%2Fpost-comments-link.php&path=%2Fhome%2Ftourplannerslank%2Fpublic_html%2Fwp-includes%2Fblocks HTTP/2" 200 3318 "-" "Mozilla/5.0 AppleWebKit/537.36 (KHTML, like Gecko; compatible; ClaudeBot/1.0; +claudebot@anthropic.com)"
216.73.216.112 - - [30/Mar/2026:01:59:08 +0000] "GET /faq_category/5-visas?path=%2Fhome%2Ftourplannerslank%2Fpublic_html%2Fwp-includes%2Fblocks%2Flegacy-widget HTTP/2" 403 1242 "-" "Mozilla/5.0 AppleWebKit/537.36 (KHTML, like Gecko; compatible; ClaudeBot/1.0; +claudebot@anthropic.com)"
216.73.216.112 - - [30/Mar/2026:01:59:08 +0000] "GET /wp-sitemap.xml?fileloc=%2Fhome%2Ftourplannerslank%2Fpublic_html%2Fwp-admin%2Fcss%2Flist-tables-rtl.min.css&path=%2Fhome%2Ftourplannerslank%2Fpublic_html%2Fwp-admin%2Fcss HTTP/2" 200 10229 "-" "Mozilla/5.0 AppleWebKit/537.36 (KHTML, like Gecko; compatible; ClaudeBot/1.0; +claudebot@anthropic.com)"
57.141.6.38 - - [30/Mar/2026:01:58:56 +0000] "GET /media_category-sitemap.xml?fileloc=/home/tourplannerslank/public_html/wp-admin/includes/ms-deprecated.php&path=/home/tourplannerslank/public_html/wp-admin/includes HTTP/2" 200 16545 "-" "meta-externalagent/1.1 (+https://developers.facebook.com/docs/sharing/webmasters/crawler)"
57.141.6.36 - - [30/Mar/2026:01:58:56 +0000] "GET /media_category-sitemap.xml?fileloc=/home/tourplannerslank/public_html/wp-admin/includes/class-bulk-upgrader-skin.php&path=/home/tourplannerslank/public_html/wp-admin/includes HTTP/2" 200 20494 "-" "meta-externalagent/1.1 (+https://developers.facebook.com/docs/sharing/webmasters/crawler)"
57.141.6.74 - - [30/Mar/2026:01:58:58 +0000] "GET /media_category-sitemap.xml?fileloc=/home/tourplannerslank/public_html/wp-admin/includes/admin.php&path=/home/tourplannerslank/public_html/wp-admin/includes HTTP/2" 200 16545 "-" "meta-externalagent/1.1 (+https://developers.facebook.com/docs/sharing/webmasters/crawler)"
57.141.6.52 - - [30/Mar/2026:01:59:00 +0000] "GET /media_category-sitemap.xml?fileloc=/home/tourplannerslank/public_html/wp-admin/includes/comment.php&path=/home/tourplannerslank/public_html/wp-admin/includes HTTP/2" 200 19617 "-" "meta-externalagent/1.1 (+https://developers.facebook.com/docs/sharing/webmasters/crawler)"
57.141.6.14 - - [30/Mar/2026:01:59:01 +0000] "GET /media_category-sitemap.xml?fileloc=/home/tourplannerslank/public_html/wp-admin/includes/class-bulk-theme-upgrader-skin.php&path=/home/tourplannerslank/public_html/wp-admin/includes HTTP/2" 200 15562 "-" "meta-externalagent/1.1 (+https://developers.facebook.com/docs/sharing/webmasters/crawler)"
57.141.6.29 - - [30/Mar/2026:01:59:02 +0000] "GET /media_category-sitemap.xml?fileloc=/home/tourplannerslank/public_html/wp-admin/includes/class-walker-nav-menu-checklist.php&path=/home/tourplannerslank/public_html/wp-admin/includes HTTP/2" 200 19474 "-" "meta-externalagent/1.1 (+https://developers.facebook.com/docs/sharing/webmasters/crawler)"
66.249.69.6 - - [30/Mar/2026:01:59:02 +0000] "GET /emozioni-a-moltiplicatore-la-tua-strategia-vincente-per-crazy/?path=/home/tourplannerslank/public_html/wp-admin HTTP/1.1" 200 6319 "-" "Mozilla/5.0 (Linux; Android 6.0.1; Nexus 5X Build/MMB29P) AppleWebKit/537.36 (KHTML, like Gecko) Chrome/146.0.7680.153 Mobile Safari/537.36 (compatible; GoogleOther)"
57.141.6.59 - - [30/Mar/2026:01:59:05 +0000] "GET /media_category-sitemap.xml?fileloc=/home/tourplannerslank/public_html/wp-admin/includes/class-wp-list-table.php&path=/home/tourplannerslank/public_html/wp-admin/includes HTTP/2" 200 75084 "-" "meta-externalagent/1.1 (+https://developers.facebook.com/docs/sharing/webmasters/crawler)"
57.141.6.74 - - [30/Mar/2026:01:59:06 +0000] "GET /media_category-sitemap.xml?fileloc=/home/tourplannerslank/public_html/wp-admin/includes/edit-tag-messages.php&path=/home/tourplannerslank/public_html/wp-admin/includes HTTP/2" 200 14436 "-" "meta-externalagent/1.1 (+https://developers.facebook.com/docs/sharing/webmasters/crawler)"
57.141.6.42 - - [30/Mar/2026:01:59:06 +0000] "GET /media_category-sitemap.xml?fileloc=/home/tourplannerslank/public_html/wp-admin/includes/dashboard.php&path=/home/tourplannerslank/public_html/wp-admin/includes HTTP/2" 200 98290 "-" "meta-externalagent/1.1 (+https://developers.facebook.com/docs/sharing/webmasters/crawler)"
57.141.6.63 - - [30/Mar/2026:01:59:07 +0000] "GET /media_category-sitemap.xml?fileloc=/home/tourplannerslank/public_html/wp-admin/includes/class-wp-site-health-auto-updates.php&path=/home/tourplannerslank/public_html/wp-admin/includes HTTP/2" 200 29007 "-" "meta-externalagent/1.1 (+https://developers.facebook.com/docs/sharing/webmasters/crawler)"
57.141.6.1 - - [30/Mar/2026:01:59:08 +0000] "GET /media_category-sitemap.xml?fileloc=/home/tourplannerslank/public_html/wp-admin/includes/list-table.php&path=/home/tourplannerslank/public_html/wp-admin/includes HTTP/2" 200 16896 "-" "meta-externalagent/1.1 (+https://developers.facebook.com/docs/sharing/webmasters/crawler)"
216.73.216.112 - - [30/Mar/2026:01:59:06 +0000] "GET /wp-sitemap.xml?fileloc=%2Fhome%2Ftourplannerslank%2Fpublic_html%2FOLD%2Fwp-includes%2Fdeprecated.php&path=%2Fhome%2Ftourplannerslank%2Fpublic_html%2FOLD%2Fwp-includes HTTP/2" 200 47932 "-" "Mozilla/5.0 AppleWebKit/537.36 (KHTML, like Gecko; compatible; ClaudeBot/1.0; +claudebot@anthropic.com)"
216.73.216.112 - - [30/Mar/2026:01:59:06 +0000] "GET /wp-sitemap.xml?fileloc=%2Fhome%2Ftourplannerslank%2Fpublic_html%2Fwp-admin%2Fcss%2Fmedia-rtl.min.css&path=%2Fhome%2Ftourplannerslank%2Fpublic_html%2Fwp-admin%2Fcss HTTP/2" 200 7448 "-" "Mozilla/5.0 AppleWebKit/537.36 (KHTML, like Gecko; compatible; ClaudeBot/1.0; +claudebot@anthropic.com)"
216.73.216.112 - - [30/Mar/2026:01:59:08 +0000] "GET /faq_category/5-visas?fileloc=%2Fhome%2Ftourplannerslank%2Fpublic_html%2Fwp-admin%2Fnetwork%2Fsetup.php&path=%2Fhome%2Ftourplannerslank%2Fpublic_html%2Fwp-admin%2Fnetwork HTTP/2" 403 1242 "-" "Mozilla/5.0 AppleWebKit/537.36 (KHTML, like Gecko; compatible; ClaudeBot/1.0; +claudebot@anthropic.com)"
216.73.216.112 - - [30/Mar/2026:01:59:08 +0000] "GET /faq_category/5-visas?fileloc=%2F%2Fsbin%2Fdnssec-keymgr&path=%2F%2Fsbin HTTP/2" 403 1242 "-" "Mozilla/5.0 AppleWebKit/537.36 (KHTML, like Gecko; compatible; ClaudeBot/1.0; +claudebot@anthropic.com)"
216.73.216.112 - - [30/Mar/2026:01:59:06 +0000] "GET /wp-sitemap.xml?path=%2Fhome%2Ftourplannerslank%2Fpublic_html%2Fstaging.tourplannerslanka.com%2Fwp-includes%2Fcertificates HTTP/2" 200 2861 "-" "Mozilla/5.0 AppleWebKit/537.36 (KHTML, like Gecko; compatible; ClaudeBot/1.0; +claudebot@anthropic.com)"
216.73.216.112 - - [30/Mar/2026:01:59:07 +0000] "GET /wp-sitemap.xml?fileloc=%2F%2Flib64%2Flibfreetype.so&path=%2F%2Flib64 HTTP/2" 200 351220 "-" "Mozilla/5.0 AppleWebKit/537.36 (KHTML, like Gecko; compatible; ClaudeBot/1.0; +claudebot@anthropic.com)"
216.73.216.112 - - [30/Mar/2026:01:59:07 +0000] "GET /wp-sitemap.xml?fileloc=%2Fhome%2Ftourplannerslank%2Fpublic_html%2Fwp-includes%2Fblocks%2Flatest-posts.php&path=%2Fhome%2Ftourplannerslank%2Fpublic_html%2Fwp-includes%2Fblocks HTTP/2" 200 5230 "-" "Mozilla/5.0 AppleWebKit/537.36 (KHTML, like Gecko; compatible; ClaudeBot/1.0; +claudebot@anthropic.com)"
216.73.216.112 - - [30/Mar/2026:01:59:07 +0000] "GET /wp-sitemap.xml?fileloc=%2F%2Flib64%2Flibacl.so.1&path=%2F%2Flib64 HTTP/2" 200 17870 "-" "Mozilla/5.0 AppleWebKit/537.36 (KHTML, like Gecko; compatible; ClaudeBot/1.0; +claudebot@anthropic.com)"
216.73.216.112 - - [30/Mar/2026:01:59:07 +0000] "GET /wp-sitemap.xml?fileloc=%2F%2Flib64%2FlibodbctxtS.so.2.0.0&path=%2F%2Flib64 HTTP/2" 200 5662 "-" "Mozilla/5.0 AppleWebKit/537.36 (KHTML, like Gecko; compatible; ClaudeBot/1.0; +claudebot@anthropic.com)"
216.73.216.112 - - [30/Mar/2026:01:59:09 +0000] "GET /faq_category/5-visas?fileloc=%2F%2Fbin%2Fsnice&path=%2F%2Fbin HTTP/2" 403 1242 "-" "Mozilla/5.0 AppleWebKit/537.36 (KHTML, like Gecko; compatible; ClaudeBot/1.0; +claudebot@anthropic.com)"
216.73.216.112 - - [30/Mar/2026:01:59:09 +0000] "GET /faq_category/5-visas?fileloc=%2F%2Fbin%2Fatq&path=%2F%2Fbin HTTP/2" 403 1242 "-" "Mozilla/5.0 AppleWebKit/537.36 (KHTML, like Gecko; compatible; ClaudeBot/1.0; +claudebot@anthropic.com)"
216.73.216.112 - - [30/Mar/2026:01:59:09 +0000] "GET /faq_category/5-visas?fileloc=%2F%2Frun%2Futmp&path=%2F%2Frun HTTP/2" 403 1242 "-" "Mozilla/5.0 AppleWebKit/537.36 (KHTML, like Gecko; compatible; ClaudeBot/1.0; +claudebot@anthropic.com)"
57.141.6.65 - - [30/Mar/2026:01:59:09 +0000] "GET /media_category-sitemap.xml?fileloc=/home/tourplannerslank/public_html/wp-admin/includes/export.php&path=/home/tourplannerslank/public_html/wp-admin/includes HTTP/2" 200 42767 "-" "meta-externalagent/1.1 (+https://developers.facebook.com/docs/sharing/webmasters/crawler)"
216.73.216.112 - - [30/Mar/2026:01:59:10 +0000] "GET /wp-sitemap.xml?fileloc=%2F%2Flib64%2Flibgio-2.0.so.0&path=%2F%2Flib64 HTTP/2" 200 646007 "-" "Mozilla/5.0 AppleWebKit/537.36 (KHTML, like Gecko; compatible; ClaudeBot/1.0; +claudebot@anthropic.com)"
216.73.216.112 - - [30/Mar/2026:01:59:10 +0000] "GET /wp-sitemap.xml?fileloc=%2F%2Flib64%2Flibnet.so.1.7.0&path=%2F%2Flib64 HTTP/2" 200 41928 "-" "Mozilla/5.0 AppleWebKit/537.36 (KHTML, like Gecko; compatible; ClaudeBot/1.0; +claudebot@anthropic.com)"
216.73.216.112 - - [30/Mar/2026:01:59:10 +0000] "GET /faq_category/5-visas?fileloc=%2F%2Fetc%2Fdomainusers&path=%2F%2Fetc HTTP/2" 403 1242 "-" "Mozilla/5.0 AppleWebKit/537.36 (KHTML, like Gecko; compatible; ClaudeBot/1.0; +claudebot@anthropic.com)"
216.73.216.112 - - [30/Mar/2026:01:59:10 +0000] "GET /faq_category/5-visas?fileloc=%2Fhome%2Ftourplannerslank%2Fpublic_html%2Fwp-admin%2Fincludes%2Fplugin.php&path=%2Fhome%2Ftourplannerslank%2Fpublic_html%2Fwp-admin%2Fincludes HTTP/2" 403 1242 "-" "Mozilla/5.0 AppleWebKit/537.36 (KHTML, like Gecko; compatible; ClaudeBot/1.0; +claudebot@anthropic.com)"
216.73.216.112 - - [30/Mar/2026:01:59:10 +0000] "GET /wp-sitemap.xml?fileloc=%2F%2Flib64%2Flibjpeg.so.62.2.0&path=%2F%2Flib64 HTTP/2" 200 113705 "-" "Mozilla/5.0 AppleWebKit/537.36 (KHTML, like Gecko; compatible; ClaudeBot/1.0; +claudebot@anthropic.com)"
216.73.216.112 - - [30/Mar/2026:01:59:08 +0000] "GET /wp-sitemap.xml?fileloc=%2F%2Flib64%2Flibnn.so.2.0.0&path=%2F%2Flib64 HTTP/2" 200 39058 "-" "Mozilla/5.0 AppleWebKit/537.36 (KHTML, like Gecko; compatible; ClaudeBot/1.0; +claudebot@anthropic.com)"
216.73.216.112 - - [30/Mar/2026:01:59:08 +0000] "GET /wp-sitemap.xml?path=%2Fhome%2Ftourplannerslank%2Fpublic_html%2Fstaging.tourplannerslanka.com%2Fwp-includes%2Fsodium_compat HTTP/2" 200 3111 "-" "Mozilla/5.0 AppleWebKit/537.36 (KHTML, like Gecko; compatible; ClaudeBot/1.0; +claudebot@anthropic.com)"
216.73.216.112 - - [30/Mar/2026:01:59:10 +0000] "GET /faq_category/5-visas?fileloc=%2F%2Fbin%2Fmogrify&path=%2F%2Fbin HTTP/2" 403 1242 "-" "Mozilla/5.0 AppleWebKit/537.36 (KHTML, like Gecko; compatible; ClaudeBot/1.0; +claudebot@anthropic.com)"
216.73.216.112 - - [30/Mar/2026:01:59:10 +0000] "GET /faq_category/5-visas?path=%2Fhome%2Ftourplannerslank%2Fpublic_html%2Fwp-includes%2Fblocks%2Farchives HTTP/2" 403 1242 "-" "Mozilla/5.0 AppleWebKit/537.36 (KHTML, like Gecko; compatible; ClaudeBot/1.0; +claudebot@anthropic.com)"
216.73.216.112 - - [30/Mar/2026:01:59:00 +0000] "GET /wp-sitemap.xml?fileloc=%2F%2Flib64%2Flibmana.so.1&path=%2F%2Flib64 HTTP/2" 200 0 "-" "Mozilla/5.0 AppleWebKit/537.36 (KHTML, like Gecko; compatible; ClaudeBot/1.0; +claudebot@anthropic.com)"
216.73.216.112 - - [30/Mar/2026:01:59:10 +0000] "GET /faq_category/5-visas?path=%2Fhome%2Ftourplannerslank%2Fpublic_html%2Fwp-content%2Fplugins%2Fgosmtp-pro HTTP/2" 403 1242 "-" "Mozilla/5.0 AppleWebKit/537.36 (KHTML, like Gecko; compatible; ClaudeBot/1.0; +claudebot@anthropic.com)"
216.73.216.112 - - [30/Mar/2026:01:59:00 +0000] "GET /wp-sitemap.xml?fileloc=%2Fhome%2Ftourplannerslank%2Fpublic_html%2Fwp-includes%2Fjs%2Fcustomize-selective-refresh.js&path=%2Fhome%2Ftourplannerslank%2Fpublic_html%2Fwp-includes%2Fjs HTTP/2" 200 0 "-" "Mozilla/5.0 AppleWebKit/537.36 (KHTML, like Gecko; compatible; ClaudeBot/1.0; +claudebot@anthropic.com)"
216.73.216.112 - - [30/Mar/2026:01:59:11 +0000] "GET /faq_category/5-visas?fileloc=%2F%2Fbin%2Fidn&path=%2F%2Fbin HTTP/2" 403 1242 "-" "Mozilla/5.0 AppleWebKit/537.36 (KHTML, like Gecko; compatible; ClaudeBot/1.0; +claudebot@anthropic.com)"
216.73.216.112 - - [30/Mar/2026:01:59:11 +0000] "GET /wp-sitemap.xml?fileloc=%2F%2Flib64%2Flibncurses.so.6.1&path=%2F%2Flib64 HTTP/2" 200 75690 "-" "Mozilla/5.0 AppleWebKit/537.36 (KHTML, like Gecko; compatible; ClaudeBot/1.0; +claudebot@anthropic.com)"
216.73.216.112 - - [30/Mar/2026:01:59:11 +0000] "GET /wp-sitemap.xml?fileloc=%2F%2Flib64%2Flibedit.so.0.0.56&path=%2F%2Flib64 HTTP/2" 200 85461 "-" "Mozilla/5.0 AppleWebKit/537.36 (KHTML, like Gecko; compatible; ClaudeBot/1.0; +claudebot@anthropic.com)"
57.141.6.59 - - [30/Mar/2026:01:59:11 +0000] "GET /media_category-sitemap.xml?fileloc=/home/tourplannerslank/public_html/wp-admin/includes/class-bulk-plugin-upgrader-skin.php&path=/home/tourplannerslank/public_html/wp-admin/includes HTTP/2" 200 15464 "-" "meta-externalagent/1.1 (+https://developers.facebook.com/docs/sharing/webmasters/crawler)"
216.73.216.112 - - [30/Mar/2026:01:59:11 +0000] "GET /wp-sitemap.xml?fileloc=%2F%2Flib64%2Flibyaz_server.so.5.0.0&path=%2F%2Flib64 HTTP/2" 200 33933 "-" "Mozilla/5.0 AppleWebKit/537.36 (KHTML, like Gecko; compatible; ClaudeBot/1.0; +claudebot@anthropic.com)"
216.73.216.112 - - [30/Mar/2026:01:59:11 +0000] "GET /wp-sitemap.xml?fileloc=%2F%2Flib64%2Flibgd.so.3&path=%2F%2Flib64 HTTP/2" 200 125753 "-" "Mozilla/5.0 AppleWebKit/537.36 (KHTML, like Gecko; compatible; ClaudeBot/1.0; +claudebot@anthropic.com)"
216.73.216.112 - - [30/Mar/2026:01:59:10 +0000] "GET /wp-sitemap.xml?fileloc=%2Fhome%2Ftourplannerslank%2Fpublic_html%2FOLD%2Fwp-admin%2Foptions.php&path=%2Fhome%2Ftourplannerslank%2Fpublic_html%2FOLD%2Fwp-admin HTTP/2" 200 7282 "-" "Mozilla/5.0 AppleWebKit/537.36 (KHTML, like Gecko; compatible; ClaudeBot/1.0; +claudebot@anthropic.com)"
216.73.216.112 - - [30/Mar/2026:01:59:11 +0000] "GET /faq_category/5-visas?fileloc=%2F%2Fbin%2Finfotocap&path=%2F%2Fbin HTTP/2" 403 1242 "-" "Mozilla/5.0 AppleWebKit/537.36 (KHTML, like Gecko; compatible; ClaudeBot/1.0; +claudebot@anthropic.com)"
216.73.216.112 - - [30/Mar/2026:01:59:11 +0000] "GET /faq_category/5-visas?fileloc=%2F%2Fbin%2F%5B&path=%2F%2Fbin HTTP/2" 403 1242 "-" "Mozilla/5.0 AppleWebKit/537.36 (KHTML, like Gecko; compatible; ClaudeBot/1.0; +claudebot@anthropic.com)"
216.73.216.112 - - [30/Mar/2026:01:59:11 +0000] "GET /faq_category/5-visas?fileloc=%2F%2Fbin%2Fwhereis&path=%2F%2Fbin HTTP/2" 403 1242 "-" "Mozilla/5.0 AppleWebKit/537.36 (KHTML, like Gecko; compatible; ClaudeBot/1.0; +claudebot@anthropic.com)"
216.73.216.112 - - [30/Mar/2026:01:59:12 +0000] "GET /faq_category/5-visas?fileloc=%2F%2Fbin%2Fgunzip&path=%2F%2Fbin HTTP/2" 403 1242 "-" "Mozilla/5.0 AppleWebKit/537.36 (KHTML, like Gecko; compatible; ClaudeBot/1.0; +claudebot@anthropic.com)"
216.73.216.112 - - [30/Mar/2026:01:59:12 +0000] "GET /faq_category/5-visas?fileloc=%2Fhome%2Ftourplannerslank%2Fpublic_html%2Fwp-admin%2Fcss%2Fwidgets.min.css&path=%2Fhome%2Ftourplannerslank%2Fpublic_html%2Fwp-admin%2Fcss HTTP/2" 403 1242 "-" "Mozilla/5.0 AppleWebKit/537.36 (KHTML, like Gecko; compatible; ClaudeBot/1.0; +claudebot@anthropic.com)"
216.73.216.112 - - [30/Mar/2026:01:59:12 +0000] "GET /wp-sitemap.xml?fileloc=%2F%2Flib64%2Flibc-2.28.so&path=%2F%2Flib64 HTTP/2" 200 785817 "-" "Mozilla/5.0 AppleWebKit/537.36 (KHTML, like Gecko; compatible; ClaudeBot/1.0; +claudebot@anthropic.com)"
216.73.216.112 - - [30/Mar/2026:01:59:12 +0000] "GET /faq_category/5-visas?path=%2Fhome%2Ftourplannerslank%2Fpublic_html%2Fwp-includes%2Fblocks%2Flatest-comments HTTP/2" 403 1242 "-" "Mozilla/5.0 AppleWebKit/537.36 (KHTML, like Gecko; compatible; ClaudeBot/1.0; +claudebot@anthropic.com)"
57.141.6.3 - - [30/Mar/2026:01:59:12 +0000] "GET /media_category-sitemap.xml?fileloc=/home/tourplannerslank/public_html/wp-admin/includes/network.php&path=/home/tourplannerslank/public_html/wp-admin/includes HTTP/2" 200 46528 "-" "meta-externalagent/1.1 (+https://developers.facebook.com/docs/sharing/webmasters/crawler)"
216.73.216.112 - - [30/Mar/2026:01:59:12 +0000] "GET /faq_category/5-visas?fileloc=%2Fhome%2Ftourplannerslank%2Fpublic_html%2Fwp-admin%2Fnetwork%2Fadmin.php&path=%2Fhome%2Ftourplannerslank%2Fpublic_html%2Fwp-admin%2Fnetwork HTTP/2" 403 1242 "-" "Mozilla/5.0 AppleWebKit/537.36 (KHTML, like Gecko; compatible; ClaudeBot/1.0; +claudebot@anthropic.com)"
216.73.216.112 - - [30/Mar/2026:01:59:10 +0000] "GET /wp-sitemap.xml?fileloc=%2Fhome%2Ftourplannerslank%2Fpublic_html%2FOLD%2Fwp-includes%2Fclass-wp-site-query.php&path=%2Fhome%2Ftourplannerslank%2Fpublic_html%2FOLD%2Fwp-includes HTTP/2" 200 9761 "-" "Mozilla/5.0 AppleWebKit/537.36 (KHTML, like Gecko; compatible; ClaudeBot/1.0; +claudebot@anthropic.com)"
216.73.216.112 - - [30/Mar/2026:01:59:11 +0000] "GET /wp-sitemap.xml?fileloc=%2F%2Fsbin%2Fpwhistory_helper&path=%2F%2Fsbin HTTP/2" 200 9016 "-" "Mozilla/5.0 AppleWebKit/537.36 (KHTML, like Gecko; compatible; ClaudeBot/1.0; +claudebot@anthropic.com)"
216.73.216.112 - - [30/Mar/2026:01:59:11 +0000] "GET /wp-sitemap.xml?fileloc=%2Fhome%2Ftourplannerslank%2Fpublic_html%2Fwp-includes%2Fblocks%2Fterm-template.php&path=%2Fhome%2Ftourplannerslank%2Fpublic_html%2Fwp-includes%2Fblocks HTTP/2" 200 4257 "-" "Mozilla/5.0 AppleWebKit/537.36 (KHTML, like Gecko; compatible; ClaudeBot/1.0; +claudebot@anthropic.com)"
216.73.216.112 - - [30/Mar/2026:01:59:10 +0000] "GET /wp-sitemap.xml?fileloc=%2F%2Flib64%2Flibtiff.so&path=%2F%2Flib64 HTTP/2" 200 164824 "-" "Mozilla/5.0 AppleWebKit/537.36 (KHTML, like Gecko; compatible; ClaudeBot/1.0; +claudebot@anthropic.com)"
216.73.216.112 - - [30/Mar/2026:01:59:12 +0000] "GET /faq_category/5-visas?fileloc=%2F%2Fbin%2Fgs&path=%2F%2Fbin HTTP/2" 403 1242 "-" "Mozilla/5.0 AppleWebKit/537.36 (KHTML, like Gecko; compatible; ClaudeBot/1.0; +claudebot@anthropic.com)"
216.73.216.112 - - [30/Mar/2026:01:59:13 +0000] "GET /wp-sitemap.xml?fileloc=%2Fhome%2Ftourplannerslank%2Fpublic_html%2Fwp-admin%2Fcss%2Frevisions-rtl.css&path=%2Fhome%2Ftourplannerslank%2Fpublic_html%2Fwp-admin%2Fcss HTTP/2" 200 5016 "-" "Mozilla/5.0 AppleWebKit/537.36 (KHTML, like Gecko; compatible; ClaudeBot/1.0; +claudebot@anthropic.com)"
216.73.216.112 - - [30/Mar/2026:01:59:13 +0000] "GET /wp-sitemap.xml?fileloc=%2Fhome%2Ftourplannerslank%2Fpublic_html%2FOLD%2Fwp-includes%2Fblocks.php&path=%2Fhome%2Ftourplannerslank%2Fpublic_html%2FOLD%2Fwp-includes HTTP/2" 200 27211 "-" "Mozilla/5.0 AppleWebKit/537.36 (KHTML, like Gecko; compatible; ClaudeBot/1.0; +claudebot@anthropic.com)"
216.73.216.112 - - [30/Mar/2026:01:59:13 +0000] "GET /wp-sitemap.xml?fileloc=%2F%2Flib64%2Flibodbccr.so.2&path=%2F%2Flib64 HTTP/2" 200 17612 "-" "Mozilla/5.0 AppleWebKit/537.36 (KHTML, like Gecko; compatible; ClaudeBot/1.0; +claudebot@anthropic.com)"
216.73.216.112 - - [30/Mar/2026:01:59:13 +0000] "GET /wp-sitemap.xml?fileloc=%2F%2Flib64%2Flibnfnetlink.so.0.2.0&path=%2F%2Flib64 HTTP/2" 200 14893 "-" "Mozilla/5.0 AppleWebKit/537.36 (KHTML, like Gecko; compatible; ClaudeBot/1.0; +claudebot@anthropic.com)"
216.73.216.112 - - [30/Mar/2026:01:59:13 +0000] "GET /wp-sitemap.xml?fileloc=%2F%2Flib64%2Flibirs.so&path=%2F%2Flib64 HTTP/2" 200 19907 "-" "Mozilla/5.0 AppleWebKit/537.36 (KHTML, like Gecko; compatible; ClaudeBot/1.0; +claudebot@anthropic.com)"
216.73.216.112 - - [30/Mar/2026:01:59:13 +0000] "GET /faq_category/5-visas?fileloc=%2F%2Fsbin%2Fsaslauthd&path=%2F%2Fsbin HTTP/2" 403 1242 "-" "Mozilla/5.0 AppleWebKit/537.36 (KHTML, like Gecko; compatible; ClaudeBot/1.0; +claudebot@anthropic.com)"
57.141.6.23 - - [30/Mar/2026:01:59:13 +0000] "GET /media_category-sitemap.xml?fileloc=/home/tourplannerslank/public_html/wp-admin/includes/menu.php&path=/home/tourplannerslank/public_html/wp-admin/includes HTTP/2" 200 22594 "-" "meta-externalagent/1.1 (+https://developers.facebook.com/docs/sharing/webmasters/crawler)"
57.141.6.33 - - [30/Mar/2026:01:59:13 +0000] "GET /media_category-sitemap.xml?fileloc=/home/tourplannerslank/public_html/wp-admin/includes/taxonomy.php&path=/home/tourplannerslank/public_html/wp-admin/includes HTTP/2" 200 21699 "-" "meta-externalagent/1.1 (+https://developers.facebook.com/docs/sharing/webmasters/crawler)"
138.186.81.89 - - [30/Mar/2026:01:59:13 +0000] "POST /wp-login.php HTTP/1.1" 200 3712 "https://www.tourplannerslanka.com/wp-login.php" "Mozilla/5.0 (Windows NT 10.0; Win64; x64) AppleWebKit/537.36 (KHTML, like Gecko) Chrome/120.0.0.0 Safari/537.36"
216.73.216.112 - - [30/Mar/2026:01:59:12 +0000] "GET /wp-sitemap.xml?fileloc=%2Fhome%2Ftourplannerslank%2Fpublic_html%2Fwp-includes%2Fjs%2FhoverIntent.js&path=%2Fhome%2Ftourplannerslank%2Fpublic_html%2Fwp-includes%2Fjs HTTP/2" 200 4948 "-" "Mozilla/5.0 AppleWebKit/537.36 (KHTML, like Gecko; compatible; ClaudeBot/1.0; +claudebot@anthropic.com)"
66.249.69.8 - - [30/Mar/2026:01:59:02 +0000] "GET /robots.txt HTTP/1.1" 200 3712 "-" "Mozilla/5.0 (compatible; Googlebot/2.1; +http://www.google.com/bot.html)"
57.141.6.53 - - [30/Mar/2026:01:59:02 +0000] "GET /media_category-sitemap.xml?fileloc=/home/tourplannerslank/public_html/wp-admin/includes/class-wp-community-events.php&path=/home/tourplannerslank/public_html/wp-admin/includes HTTP/2" 200 32842 "-" "meta-externalagent/1.1 (+https://developers.facebook.com/docs/sharing/webmasters/crawler)"
57.141.6.4 - - [30/Mar/2026:01:59:03 +0000] "GET /media_category-sitemap.xml?fileloc=/home/tourplannerslank/public_html/wp-admin/includes/class-wp-ms-themes-list-table.php&path=/home/tourplannerslank/public_html/wp-admin/includes HTTP/2" 200 46297 "-" "meta-externalagent/1.1 (+https://developers.facebook.com/docs/sharing/webmasters/crawler)"
57.141.6.14 - - [30/Mar/2026:01:59:03 +0000] "GET /media_category-sitemap.xml?fileloc=/home/tourplannerslank/public_html/wp-admin/includes/theme-install.php&path=/home/tourplannerslank/public_html/wp-admin/includes HTTP/2" 200 21627 "-" "meta-externalagent/1.1 (+https://developers.facebook.com/docs/sharing/webmasters/crawler)"
57.141.6.2 - - [30/Mar/2026:01:59:07 +0000] "GET /media_category-sitemap.xml?fileloc=/home/tourplannerslank/public_html/wp-admin/includes/class-wp-filesystem-ftpext.php&path=/home/tourplannerslank/public_html/wp-admin/includes HTTP/2" 200 37945 "-" "meta-externalagent/1.1 (+https://developers.facebook.com/docs/sharing/webmasters/crawler)"
57.141.6.76 - - [30/Mar/2026:01:59:07 +0000] "GET /media_category-sitemap.xml?fileloc=/home/tourplannerslank/public_html/wp-admin/includes/class-wp-terms-list-table.php&path=/home/tourplannerslank/public_html/wp-admin/includes HTTP/2" 200 37923 "-" "meta-externalagent/1.1 (+https://developers.facebook.com/docs/sharing/webmasters/crawler)"
57.141.6.8 - - [30/Mar/2026:01:59:08 +0000] "GET /media_category-sitemap.xml?fileloc=/home/tourplannerslank/public_html/wp-admin/includes/class-wp-automatic-updater.php&path=/home/tourplannerslank/public_html/wp-admin/includes HTTP/2" 200 81058 "-" "meta-externalagent/1.1 (+https://developers.facebook.com/docs/sharing/webmasters/crawler)"
57.141.6.4 - - [30/Mar/2026:01:59:10 +0000] "GET /media_category-sitemap.xml?fileloc=/home/tourplannerslank/public_html/wp-admin/includes/schema.php&path=/home/tourplannerslank/public_html/wp-admin/includes HTTP/2" 200 65533 "-" "meta-externalagent/1.1 (+https://developers.facebook.com/docs/sharing/webmasters/crawler)"
57.141.6.8 - - [30/Mar/2026:01:59:10 +0000] "GET /media_category-sitemap.xml?fileloc=/home/tourplannerslank/public_html/wp-admin/includes/image-edit.php&path=/home/tourplannerslank/public_html/wp-admin/includes HTTP/2" 200 66415 "-" "meta-externalagent/1.1 (+https://developers.facebook.com/docs/sharing/webmasters/crawler)"
57.141.6.51 - - [30/Mar/2026:01:59:10 +0000] "GET /media_category-sitemap.xml?fileloc=/home/tourplannerslank/public_html/wp-admin/includes/class-ftp-pure.php&path=/home/tourplannerslank/public_html/wp-admin/includes HTTP/2" 200 18694 "-" "meta-externalagent/1.1 (+https://developers.facebook.com/docs/sharing/webmasters/crawler)"
57.141.6.52 - - [30/Mar/2026:01:59:12 +0000] "GET /media_category-sitemap.xml?fileloc=/home/tourplannerslank/public_html/wp-admin/includes/post.php&path=/home/tourplannerslank/public_html/wp-admin/includes HTTP/2" 200 107369 "-" "meta-externalagent/1.1 (+https://developers.facebook.com/docs/sharing/webmasters/crawler)"
57.141.6.17 - - [30/Mar/2026:01:59:12 +0000] "GET /media_category-sitemap.xml?fileloc=/home/tourplannerslank/public_html/wp-admin/includes/class-wp-debug-data.php&path=/home/tourplannerslank/public_html/wp-admin/includes HTTP/2" 200 94058 "-" "meta-externalagent/1.1 (+https://developers.facebook.com/docs/sharing/webmasters/crawler)"
216.73.216.112 - - [30/Mar/2026:01:59:11 +0000] "GET /wp-sitemap.xml?fileloc=%2F%2Flib64%2FlibodbcnnS.so.2.0.0&path=%2F%2Flib64 HTTP/2" 200 5122 "-" "Mozilla/5.0 AppleWebKit/537.36 (KHTML, like Gecko; compatible; ClaudeBot/1.0; +claudebot@anthropic.com)"
216.73.216.112 - - [30/Mar/2026:01:59:12 +0000] "GET /wp-sitemap.xml?fileloc=%2Fhome%2Ftourplannerslank%2Fpublic_html%2Fwp-includes%2Ftheme-compat%2Ffooter-embed.php&path=%2Fhome%2Ftourplannerslank%2Fpublic_html%2Fwp-includes%2Ftheme-compat HTTP/2" 200 2719 "-" "Mozilla/5.0 AppleWebKit/537.36 (KHTML, like Gecko; compatible; ClaudeBot/1.0; +claudebot@anthropic.com)"
216.73.216.112 - - [30/Mar/2026:01:59:12 +0000] "GET /wp-sitemap.xml?fileloc=%2Fhome%2Ftourplannerslank%2Fpublic_html%2Fwp-includes%2Fblocks%2Fheading.php&path=%2Fhome%2Ftourplannerslank%2Fpublic_html%2Fwp-includes%2Fblocks HTTP/2" 200 3051 "-" "Mozilla/5.0 AppleWebKit/537.36 (KHTML, like Gecko; compatible; ClaudeBot/1.0; +claudebot@anthropic.com)"
216.73.216.112 - - [30/Mar/2026:01:59:12 +0000] "GET /wp-sitemap.xml?fileloc=%2Fhome%2Ftourplannerslank%2Fpublic_html%2FOLD%2Fwp-admin%2Fmoderation.php&path=%2Fhome%2Ftourplannerslank%2Fpublic_html%2FOLD%2Fwp-admin HTTP/2" 200 2643 "-" "Mozilla/5.0 AppleWebKit/537.36 (KHTML, like Gecko; compatible; ClaudeBot/1.0; +claudebot@anthropic.com)"
216.73.216.112 - - [30/Mar/2026:01:59:14 +0000] "GET /faq_category/5-visas?fileloc=%2F%2Fbin%2Fstrip&path=%2F%2Fbin HTTP/2" 403 1242 "-" "Mozilla/5.0 AppleWebKit/537.36 (KHTML, like Gecko; compatible; ClaudeBot/1.0; +claudebot@anthropic.com)"
138.186.81.89 - - [30/Mar/2026:01:59:14 +0000] "POST /xmlrpc.php HTTP/1.1" 200 3712 "-" "WordPress/5.0; https://www.tourplannerslanka.com"
57.141.6.70 - - [30/Mar/2026:01:59:14 +0000] "GET /media_category-sitemap.xml?fileloc=/home/tourplannerslank/public_html/wp-admin/includes/class-custom-image-header.php&path=/home/tourplannerslank/public_html/wp-admin/includes HTTP/2" 200 72252 "-" "meta-externalagent/1.1 (+https://developers.facebook.com/docs/sharing/webmasters/crawler)"
57.141.6.43 - - [30/Mar/2026:01:59:15 +0000] "GET /media_category-sitemap.xml?fileloc=/home/tourplannerslank/public_html/wp-admin/includes/noop.php&path=/home/tourplannerslank/public_html/wp-admin/includes HTTP/2" 200 13724 "-" "meta-externalagent/1.1 (+https://developers.facebook.com/docs/sharing/webmasters/crawler)"
216.73.216.112 - - [30/Mar/2026:01:59:12 +0000] "GET /wp-sitemap.xml?fileloc=%2Fhome%2Ftourplannerslank%2Fpublic_html%2Fwp-includes%2Fblocks%2Fblock.php&path=%2Fhome%2Ftourplannerslank%2Fpublic_html%2Fwp-includes%2Fblocks HTTP/2" 200 4126 "-" "Mozilla/5.0 AppleWebKit/537.36 (KHTML, like Gecko; compatible; ClaudeBot/1.0; +claudebot@anthropic.com)"
216.73.216.112 - - [30/Mar/2026:01:59:14 +0000] "GET /wp-sitemap.xml?fileloc=%2Fhome%2Ftourplannerslank%2Fpublic_html%2Fwp-admin%2Fcss%2Fnav-menus-rtl.min.css&path=%2Fhome%2Ftourplannerslank%2Fpublic_html%2Fwp-admin%2Fcss HTTP/2" 200 6052 "-" "Mozilla/5.0 AppleWebKit/537.36 (KHTML, like Gecko; compatible; ClaudeBot/1.0; +claudebot@anthropic.com)"
