57.141.6.74 - - [30/Mar/2026:02:00:03 +0000] "GET /media_category-sitemap.xml?fileloc=/home/tourplannerslank/public_html/wp-admin/network/privacy.php&path=/home/tourplannerslank/public_html/wp-admin/network HTTP/2" 200 12835 "-" "meta-externalagent/1.1 (+https://developers.facebook.com/docs/sharing/webmasters/crawler)"
216.73.216.112 - - [30/Mar/2026:02:00:04 +0000] "GET /faq_category/5-visas?fileloc=%2F%2Flib64%2Flibkeyutils.so&path=%2F%2Flib64 HTTP/2" 200 8971 "-" "Mozilla/5.0 AppleWebKit/537.36 (KHTML, like Gecko; compatible; ClaudeBot/1.0; +claudebot@anthropic.com)"
216.73.216.112 - - [30/Mar/2026:02:00:04 +0000] "GET /wp-sitemap.xml?fileloc=%2Fhome%2Ftourplannerslank%2Fpublic_html%2Fwp-admin%2Fcss%2Frevisions-rtl.min.css&path=%2Fhome%2Ftourplannerslank%2Fpublic_html%2Fwp-admin%2Fcss HTTP/2" 200 4724 "-" "Mozilla/5.0 AppleWebKit/537.36 (KHTML, like Gecko; compatible; ClaudeBot/1.0; +claudebot@anthropic.com)"
216.73.216.112 - - [30/Mar/2026:02:00:03 +0000] "GET /wp-sitemap.xml?fileloc=%2Fhome%2Ftourplannerslank%2Fpublic_html%2Fwp-admin%2Fincludes%2Fclass-theme-installer-skin.php&path=%2Fhome%2Ftourplannerslank%2Fpublic_html%2Fwp-admin%2Fincludes HTTP/2" 200 6402 "-" "Mozilla/5.0 AppleWebKit/537.36 (KHTML, like Gecko; compatible; ClaudeBot/1.0; +claudebot@anthropic.com)"
216.73.216.112 - - [30/Mar/2026:02:00:03 +0000] "GET /wp-sitemap.xml?fileloc=%2Fhome%2Ftourplannerslank%2Fpublic_html%2Fwp-includes%2FID3%2Fmodule.audio-video.flv.php&path=%2Fhome%2Ftourplannerslank%2Fpublic_html%2Fwp-includes%2FID3 HTTP/2" 200 8775 "-" "Mozilla/5.0 AppleWebKit/537.36 (KHTML, like Gecko; compatible; ClaudeBot/1.0; +claudebot@anthropic.com)"
216.73.216.112 - - [30/Mar/2026:02:00:04 +0000] "GET /faq_category/5-visas?fileloc=%2Fhome%2Ftourplannerslank%2Fpublic_html%2Fwp-includes%2Fcss%2Fbuttons.css&path=%2Fhome%2Ftourplannerslank%2Fpublic_html%2Fwp-includes%2Fcss HTTP/2" 403 1242 "-" "Mozilla/5.0 AppleWebKit/537.36 (KHTML, like Gecko; compatible; ClaudeBot/1.0; +claudebot@anthropic.com)"
57.141.6.6 - - [30/Mar/2026:02:00:04 +0000] "GET /media_category-sitemap.xml?fileloc=/home/tourplannerslank/public_html/wp-admin/css/deprecated-media.min.css&path=/home/tourplannerslank/public_html/wp-admin/css HTTP/2" 200 18077 "-" "meta-externalagent/1.1 (+https://developers.facebook.com/docs/sharing/webmasters/crawler)"
216.73.216.112 - - [30/Mar/2026:02:00:04 +0000] "GET /faq_category/5-visas?path=%2Fhome%2Ftourplannerslank%2Fpublic_html%2FOLD%2Fwp-includes%2Fpomo HTTP/2" 403 1242 "-" "Mozilla/5.0 AppleWebKit/537.36 (KHTML, like Gecko; compatible; ClaudeBot/1.0; +claudebot@anthropic.com)"
216.73.216.112 - - [30/Mar/2026:02:00:04 +0000] "GET /faq_category/5-visas?path=%2Fhome%2Ftourplannerslank%2Fpublic_html%2Fwp-includes%2Fblocks%2Fpost-author-name HTTP/2" 403 1242 "-" "Mozilla/5.0 AppleWebKit/537.36 (KHTML, like Gecko; compatible; ClaudeBot/1.0; +claudebot@anthropic.com)"
216.73.216.112 - - [30/Mar/2026:02:00:05 +0000] "GET /wp-sitemap.xml?fileloc=%2Fhome%2Ftourplannerslank%2Fpublic_html%2FOLD%2Fwp-includes%2Foption.php&path=%2Fhome%2Ftourplannerslank%2Fpublic_html%2FOLD%2Fwp-includes HTTP/2" 200 22476 "-" "Mozilla/5.0 AppleWebKit/537.36 (KHTML, like Gecko; compatible; ClaudeBot/1.0; +claudebot@anthropic.com)"
216.73.216.112 - - [30/Mar/2026:02:00:04 +0000] "GET /wp-sitemap.xml?fileloc=%2F%2Flib64%2Flibevent_openssl-2.1.so.6&path=%2F%2Flib64 HTTP/2" 200 13018 "-" "Mozilla/5.0 AppleWebKit/537.36 (KHTML, like Gecko; compatible; ClaudeBot/1.0; +claudebot@anthropic.com)"
216.73.216.112 - - [30/Mar/2026:02:00:04 +0000] "GET /wp-sitemap.xml?fileloc=%2F%2Flib64%2Flibnettle.so.6.5&path=%2F%2Flib64 HTTP/2" 200 97474 "-" "Mozilla/5.0 AppleWebKit/537.36 (KHTML, like Gecko; compatible; ClaudeBot/1.0; +claudebot@anthropic.com)"
216.73.216.112 - - [30/Mar/2026:02:00:03 +0000] "GET /wp-sitemap.xml?fileloc=%2Fhome%2Ftourplannerslank%2Fpublic_html%2Fwp-includes%2Fblocks%2Fcomments-pagination-previous.php&path=%2Fhome%2Ftourplannerslank%2Fpublic_html%2Fwp-includes%2Fblocks HTTP/2" 200 3100 "-" "Mozilla/5.0 AppleWebKit/537.36 (KHTML, like Gecko; compatible; ClaudeBot/1.0; +claudebot@anthropic.com)"
216.73.216.112 - - [30/Mar/2026:02:00:04 +0000] "GET /wp-sitemap.xml?fileloc=%2F%2Flib64%2Flibrt-2.28.so&path=%2F%2Flib64 HTTP/2" 200 17530 "-" "Mozilla/5.0 AppleWebKit/537.36 (KHTML, like Gecko; compatible; ClaudeBot/1.0; +claudebot@anthropic.com)"
57.141.6.29 - - [30/Mar/2026:02:00:05 +0000] "GET /media_category-sitemap.xml?fileloc=/home/tourplannerslank/public_html/wp-admin/css/list-tables.css&path=/home/tourplannerslank/public_html/wp-admin/css HTTP/2" 200 57613 "-" "meta-externalagent/1.1 (+https://developers.facebook.com/docs/sharing/webmasters/crawler)"
216.73.216.112 - - [30/Mar/2026:02:00:05 +0000] "GET /faq_category/5-visas?fileloc=%2F%2Fbin%2Fgzexe&path=%2F%2Fbin HTTP/2" 403 1242 "-" "Mozilla/5.0 AppleWebKit/537.36 (KHTML, like Gecko; compatible; ClaudeBot/1.0; +claudebot@anthropic.com)"
216.73.216.112 - - [30/Mar/2026:02:00:04 +0000] "GET /wp-sitemap.xml?path=%2Fhome%2Ftourplannerslank%2Fpublic_html%2Fstaging.tourplannerslanka.com%2Fwp-includes%2Ffonts HTTP/2" 200 3141 "-" "Mozilla/5.0 AppleWebKit/537.36 (KHTML, like Gecko; compatible; ClaudeBot/1.0; +claudebot@anthropic.com)"
216.73.216.112 - - [30/Mar/2026:02:00:04 +0000] "GET /wp-sitemap.xml?fileloc=%2F%2Flib64%2FlibXrandr.so.2&path=%2F%2Flib64 HTTP/2" 200 19826 "-" "Mozilla/5.0 AppleWebKit/537.36 (KHTML, like Gecko; compatible; ClaudeBot/1.0; +claudebot@anthropic.com)"
216.73.216.112 - - [30/Mar/2026:02:00:05 +0000] "GET /wp-sitemap.xml?fileloc=%2F%2Flib64%2Flibxcb-present.so.0&path=%2F%2Flib64 HTTP/2" 200 6666 "-" "Mozilla/5.0 AppleWebKit/537.36 (KHTML, like Gecko; compatible; ClaudeBot/1.0; +claudebot@anthropic.com)"
216.73.216.112 - - [30/Mar/2026:02:00:05 +0000] "GET /wp-sitemap.xml?fileloc=%2F%2Flib64%2Flibpq.so&path=%2F%2Flib64 HTTP/2" 200 125669 "-" "Mozilla/5.0 AppleWebKit/537.36 (KHTML, like Gecko; compatible; ClaudeBot/1.0; +claudebot@anthropic.com)"
216.73.216.112 - - [30/Mar/2026:02:00:04 +0000] "GET /wp-sitemap.xml?fileloc=%2Fhome%2Ftourplannerslank%2Fpublic_html%2FOLD%2Fwp-admin%2Finstall-helper.php&path=%2Fhome%2Ftourplannerslank%2Fpublic_html%2FOLD%2Fwp-admin HTTP/2" 200 4448 "-" "Mozilla/5.0 AppleWebKit/537.36 (KHTML, like Gecko; compatible; ClaudeBot/1.0; +claudebot@anthropic.com)"
216.73.216.112 - - [30/Mar/2026:02:00:06 +0000] "GET /faq_category/5-visas?fileloc=%2F%2Fbin%2Frnano&path=%2F%2Fbin HTTP/2" 403 1242 "-" "Mozilla/5.0 AppleWebKit/537.36 (KHTML, like Gecko; compatible; ClaudeBot/1.0; +claudebot@anthropic.com)"
57.141.6.66 - - [30/Mar/2026:02:00:06 +0000] "GET /media_category-sitemap.xml?fileloc=/home/tourplannerslank/public_html/wp-admin/network/update.php&path=/home/tourplannerslank/public_html/wp-admin/network HTTP/2" 200 13103 "-" "meta-externalagent/1.1 (+https://developers.facebook.com/docs/sharing/webmasters/crawler)"
57.141.6.40 - - [30/Mar/2026:02:00:07 +0000] "GET /media_category-sitemap.xml?fileloc=/home/tourplannerslank/public_html/wp-admin/css/revisions-rtl.css&path=/home/tourplannerslank/public_html/wp-admin/css HTTP/2" 200 23540 "-" "meta-externalagent/1.1 (+https://developers.facebook.com/docs/sharing/webmasters/crawler)"
57.141.6.53 - - [30/Mar/2026:02:00:07 +0000] "GET /media_category-sitemap.xml?fileloc=/home/tourplannerslank/public_html/wp-admin/css/common-rtl.css&path=/home/tourplannerslank/public_html/wp-admin/css HTTP/2" 200 92008 "-" "meta-externalagent/1.1 (+https://developers.facebook.com/docs/sharing/webmasters/crawler)"
216.73.216.112 - - [30/Mar/2026:02:00:06 +0000] "GET /wp-sitemap.xml?fileloc=%2F%2Flib64%2Flibxcb-xtest.so&path=%2F%2Flib64 HTTP/2" 200 5908 "-" "Mozilla/5.0 AppleWebKit/537.36 (KHTML, like Gecko; compatible; ClaudeBot/1.0; +claudebot@anthropic.com)"
216.73.216.112 - - [30/Mar/2026:02:00:06 +0000] "GET /wp-sitemap.xml?fileloc=%2Fhome%2Ftourplannerslank%2Fpublic_html%2Fwp-admin%2Fjs%2Fedit-comments.js&path=%2Fhome%2Ftourplannerslank%2Fpublic_html%2Fwp-admin%2Fjs HTTP/2" 200 13363 "-" "Mozilla/5.0 AppleWebKit/537.36 (KHTML, like Gecko; compatible; ClaudeBot/1.0; +claudebot@anthropic.com)"
216.73.216.112 - - [30/Mar/2026:02:00:05 +0000] "GET /wp-sitemap.xml?fileloc=%2F%2Flib64%2Flibip4tc.so.2&path=%2F%2Flib64 HTTP/2" 200 16007 "-" "Mozilla/5.0 AppleWebKit/537.36 (KHTML, like Gecko; compatible; ClaudeBot/1.0; +claudebot@anthropic.com)"
216.73.216.112 - - [30/Mar/2026:02:00:05 +0000] "GET /wp-sitemap.xml?fileloc=%2F%2Flib64%2Flibavahi-client.so.3.2.9&path=%2F%2Flib64 HTTP/2" 200 28117 "-" "Mozilla/5.0 AppleWebKit/537.36 (KHTML, like Gecko; compatible; ClaudeBot/1.0; +claudebot@anthropic.com)"
216.73.216.112 - - [30/Mar/2026:02:00:05 +0000] "GET /wp-sitemap.xml?fileloc=%2F%2Flib64%2Flibtspi.so.1.2.0&path=%2F%2Flib64 HTTP/2" 200 169648 "-" "Mozilla/5.0 AppleWebKit/537.36 (KHTML, like Gecko; compatible; ClaudeBot/1.0; +claudebot@anthropic.com)"
216.73.216.112 - - [30/Mar/2026:02:00:07 +0000] "GET /faq_category/5-visas?fileloc=%2F%2Fbin%2Fionice&path=%2F%2Fbin HTTP/2" 403 1242 "-" "Mozilla/5.0 AppleWebKit/537.36 (KHTML, like Gecko; compatible; ClaudeBot/1.0; +claudebot@anthropic.com)"
216.73.216.112 - - [30/Mar/2026:02:00:07 +0000] "GET /faq_category/5-visas?fileloc=%2Fhome%2Ftourplannerslank%2Fpublic_html%2Fwp-admin%2Fuser%2Fadmin.php&path=%2Fhome%2Ftourplannerslank%2Fpublic_html%2Fwp-admin%2Fuser HTTP/2" 403 1242 "-" "Mozilla/5.0 AppleWebKit/537.36 (KHTML, like Gecko; compatible; ClaudeBot/1.0; +claudebot@anthropic.com)"
57.141.6.39 - - [30/Mar/2026:02:00:08 +0000] "GET /media_category-sitemap.xml?fileloc=/home/tourplannerslank/public_html/wp-admin/css/widgets-rtl.min.css&path=/home/tourplannerslank/public_html/wp-admin/css HTTP/2" 200 27041 "-" "meta-externalagent/1.1 (+https://developers.facebook.com/docs/sharing/webmasters/crawler)"
216.73.216.112 - - [30/Mar/2026:02:00:07 +0000] "GET /wp-sitemap.xml?fileloc=%2F%2Flib64%2Flibodbcdrvcfg2S.so.2&path=%2F%2Flib64 HTTP/2" 200 5088 "-" "Mozilla/5.0 AppleWebKit/537.36 (KHTML, like Gecko; compatible; ClaudeBot/1.0; +claudebot@anthropic.com)"
216.73.216.112 - - [30/Mar/2026:02:00:06 +0000] "GET /wp-sitemap.xml?fileloc=%2Fhome%2Ftourplannerslank%2Fpublic_html%2Fwp-admin%2Fnetwork%2Ffreedoms.php&path=%2Fhome%2Ftourplannerslank%2Fpublic_html%2Fwp-admin%2Fnetwork HTTP/2" 200 2616 "-" "Mozilla/5.0 AppleWebKit/537.36 (KHTML, like Gecko; compatible; ClaudeBot/1.0; +claudebot@anthropic.com)"
216.73.216.112 - - [30/Mar/2026:02:00:07 +0000] "GET /wp-sitemap.xml?fileloc=%2Fhome%2Ftourplannerslank%2Fpublic_html%2Fwp-includes%2Fjs%2FhoverIntent.min.js&path=%2Fhome%2Ftourplannerslank%2Fpublic_html%2Fwp-includes%2Fjs HTTP/2" 200 3211 "-" "Mozilla/5.0 AppleWebKit/537.36 (KHTML, like Gecko; compatible; ClaudeBot/1.0; +claudebot@anthropic.com)"
216.73.216.112 - - [30/Mar/2026:02:00:06 +0000] "GET /wp-sitemap.xml?path=%2Fhome%2Ftourplannerslank%2Fpublic_html%2FOLD%2F.well-known%2Fpki-validation HTTP/2" 200 2532 "-" "Mozilla/5.0 AppleWebKit/537.36 (KHTML, like Gecko; compatible; ClaudeBot/1.0; +claudebot@anthropic.com)"
216.73.216.112 - - [30/Mar/2026:02:00:06 +0000] "GET /wp-sitemap.xml?fileloc=%2F%2Flib64%2Flibhdf5.so.103&path=%2F%2Flib64 HTTP/2" 200 1339844 "-" "Mozilla/5.0 AppleWebKit/537.36 (KHTML, like Gecko; compatible; ClaudeBot/1.0; +claudebot@anthropic.com)"
216.73.216.112 - - [30/Mar/2026:02:00:08 +0000] "GET /faq_category/5-visas?fileloc=%2F%2Fbin%2Fpwd&path=%2F%2Fbin HTTP/2" 403 1242 "-" "Mozilla/5.0 AppleWebKit/537.36 (KHTML, like Gecko; compatible; ClaudeBot/1.0; +claudebot@anthropic.com)"
216.73.216.112 - - [30/Mar/2026:02:00:08 +0000] "GET /faq_category/5-visas?fileloc=%2Fhome%2Ftourplannerslank%2Fpublic_html%2Fwp-admin%2Fcss%2Finstall.min.css&path=%2Fhome%2Ftourplannerslank%2Fpublic_html%2Fwp-admin%2Fcss HTTP/2" 403 1242 "-" "Mozilla/5.0 AppleWebKit/537.36 (KHTML, like Gecko; compatible; ClaudeBot/1.0; +claudebot@anthropic.com)"
216.73.216.112 - - [30/Mar/2026:02:00:08 +0000] "GET /wp-sitemap.xml?fileloc=%2Fhome%2Ftourplannerslank%2Fpublic_html%2Fwp-includes%2Fblocks%2Fterm-name.php&path=%2Fhome%2Ftourplannerslank%2Fpublic_html%2Fwp-includes%2Fblocks HTTP/2" 200 3336 "-" "Mozilla/5.0 AppleWebKit/537.36 (KHTML, like Gecko; compatible; ClaudeBot/1.0; +claudebot@anthropic.com)"
57.141.6.53 - - [30/Mar/2026:02:00:00 +0000] "GET /media_category-sitemap.xml?fileloc=/home/tourplannerslank/public_html/wp-admin/css/site-health-rtl.css&path=/home/tourplannerslank/public_html/wp-admin/css HTTP/2" 200 19172 "-" "meta-externalagent/1.1 (+https://developers.facebook.com/docs/sharing/webmasters/crawler)"
57.141.6.1 - - [30/Mar/2026:02:00:02 +0000] "GET /media_category-sitemap.xml?fileloc=/home/tourplannerslank/public_html/wp-admin/css/customize-controls-rtl.min.css&path=/home/tourplannerslank/public_html/wp-admin/css HTTP/2" 200 74464 "-" "meta-externalagent/1.1 (+https://developers.facebook.com/docs/sharing/webmasters/crawler)"
57.141.6.69 - - [30/Mar/2026:02:00:02 +0000] "GET /media_category-sitemap.xml?fileloc=/home/tourplannerslank/public_html/wp-admin/network/admin.php&path=/home/tourplannerslank/public_html/wp-admin/network HTTP/2" 200 13640 "-" "meta-externalagent/1.1 (+https://developers.facebook.com/docs/sharing/webmasters/crawler)"
57.141.6.43 - - [30/Mar/2026:02:00:03 +0000] "GET /media_category-sitemap.xml?fileloc=/home/tourplannerslank/public_html/wp-admin/css/customize-widgets.css&path=/home/tourplannerslank/public_html/wp-admin/css HTTP/2" 200 27763 "-" "meta-externalagent/1.1 (+https://developers.facebook.com/docs/sharing/webmasters/crawler)"
66.249.69.8 - - [30/Mar/2026:02:00:03 +0000] "GET /2025/11/page/7/?path=/home/tourplannerslank/public_html HTTP/1.1" 200 3774 "-" "Mozilla/5.0 (Linux; Android 6.0.1; Nexus 5X Build/MMB29P) AppleWebKit/537.36 (KHTML, like Gecko) Chrome/146.0.7680.153 Mobile Safari/537.36 (compatible; GoogleOther)"
66.249.69.7 - - [30/Mar/2026:02:00:03 +0000] "GET /robots.txt HTTP/1.1" 200 3761 "-" "Mozilla/5.0 (compatible; Googlebot/2.1; +http://www.google.com/bot.html)"
57.141.6.9 - - [30/Mar/2026:02:00:04 +0000] "GET /media_category-sitemap.xml?fileloc=/home/tourplannerslank/public_html/wp-admin/css/customize-controls-rtl.css&path=/home/tourplannerslank/public_html/wp-admin/css HTTP/2" 200 86346 "-" "meta-externalagent/1.1 (+https://developers.facebook.com/docs/sharing/webmasters/crawler)"
57.141.6.53 - - [30/Mar/2026:02:00:05 +0000] "GET /media_category-sitemap.xml?fileloc=/home/tourplannerslank/public_html/wp-admin/network/plugin-editor.php&path=/home/tourplannerslank/public_html/wp-admin/network HTTP/2" 200 12858 "-" "meta-externalagent/1.1 (+https://developers.facebook.com/docs/sharing/webmasters/crawler)"
57.141.6.44 - - [30/Mar/2026:02:00:05 +0000] "GET /media_category-sitemap.xml?fileloc=/home/tourplannerslank/public_html/wp-admin/network/sites.php&path=/home/tourplannerslank/public_html/wp-admin/network HTTP/2" 200 30787 "-" "meta-externalagent/1.1 (+https://developers.facebook.com/docs/sharing/webmasters/crawler)"
57.141.6.30 - - [30/Mar/2026:02:00:06 +0000] "GET /media_category-sitemap.xml?fileloc=/home/tourplannerslank/public_html/wp-admin/network/site-info.php&path=/home/tourplannerslank/public_html/wp-admin/network HTTP/2" 200 22508 "-" "meta-externalagent/1.1 (+https://developers.facebook.com/docs/sharing/webmasters/crawler)"
57.141.6.74 - - [30/Mar/2026:02:00:06 +0000] "GET /media_category-sitemap.xml?fileloc=/home/tourplannerslank/public_html/wp-admin/css/login-rtl.css&path=/home/tourplannerslank/public_html/wp-admin/css HTTP/2" 200 20651 "-" "meta-externalagent/1.1 (+https://developers.facebook.com/docs/sharing/webmasters/crawler)"
57.141.6.28 - - [30/Mar/2026:02:00:08 +0000] "GET /media_category-sitemap.xml?fileloc=/home/tourplannerslank/public_html/wp-admin/network/plugin-install.php&path=/home/tourplannerslank/public_html/wp-admin/network HTTP/2" 200 13018 "-" "meta-externalagent/1.1 (+https://developers.facebook.com/docs/sharing/webmasters/crawler)"
57.141.6.41 - - [30/Mar/2026:02:00:08 +0000] "GET /media_category-sitemap.xml?fileloc=/home/tourplannerslank/public_html/wp-admin/network/site-settings.php&path=/home/tourplannerslank/public_html/wp-admin/network HTTP/2" 200 19595 "-" "meta-externalagent/1.1 (+https://developers.facebook.com/docs/sharing/webmasters/crawler)"
216.73.216.112 - - [30/Mar/2026:02:00:07 +0000] "GET /wp-sitemap.xml?fileloc=%2F%2Flib64%2Flibxcb-dpms.so&path=%2F%2Flib64 HTTP/2" 200 6302 "-" "Mozilla/5.0 AppleWebKit/537.36 (KHTML, like Gecko; compatible; ClaudeBot/1.0; +claudebot@anthropic.com)"
216.73.216.112 - - [30/Mar/2026:02:00:08 +0000] "GET /wp-sitemap.xml?fileloc=%2Fhome%2Ftourplannerslank%2Fpublic_html%2Fwp-admin%2Fcss%2Fsite-icon-rtl.min.css&path=%2Fhome%2Ftourplannerslank%2Fpublic_html%2Fwp-admin%2Fcss HTTP/2" 200 3558 "-" "Mozilla/5.0 AppleWebKit/537.36 (KHTML, like Gecko; compatible; ClaudeBot/1.0; +claudebot@anthropic.com)"
216.73.216.112 - - [30/Mar/2026:02:00:07 +0000] "GET /wp-sitemap.xml?fileloc=%2F%2Flib64%2Flibtiff.so.5&path=%2F%2Flib64 HTTP/2" 200 164834 "-" "Mozilla/5.0 AppleWebKit/537.36 (KHTML, like Gecko; compatible; ClaudeBot/1.0; +claudebot@anthropic.com)"
216.73.216.112 - - [30/Mar/2026:02:00:07 +0000] "GET /wp-sitemap.xml?fileloc=%2F%2Flib64%2Flibtspi.so.1&path=%2F%2Flib64 HTTP/2" 200 169586 "-" "Mozilla/5.0 AppleWebKit/537.36 (KHTML, like Gecko; compatible; ClaudeBot/1.0; +claudebot@anthropic.com)"
216.73.216.112 - - [30/Mar/2026:02:00:09 +0000] "GET /faq_category/5-visas?fileloc=%2F%2Fsbin%2Fisc-hmac-fixup&path=%2F%2Fsbin HTTP/2" 403 1242 "-" "Mozilla/5.0 AppleWebKit/537.36 (KHTML, like Gecko; compatible; ClaudeBot/1.0; +claudebot@anthropic.com)"
216.73.216.112 - - [30/Mar/2026:02:00:09 +0000] "GET /faq_category/5-visas?fileloc=%2F%2Fbin%2Fgcc-ar&path=%2F%2Fbin HTTP/2" 403 1242 "-" "Mozilla/5.0 AppleWebKit/537.36 (KHTML, like Gecko; compatible; ClaudeBot/1.0; +claudebot@anthropic.com)"
216.73.216.112 - - [30/Mar/2026:02:00:09 +0000] "GET /faq_category/5-visas?fileloc=%2F%2Fproc%2Fuptime&path=%2F%2Fproc HTTP/2" 403 1242 "-" "Mozilla/5.0 AppleWebKit/537.36 (KHTML, like Gecko; compatible; ClaudeBot/1.0; +claudebot@anthropic.com)"
216.73.216.112 - - [30/Mar/2026:02:00:10 +0000] "GET /wp-sitemap.xml?fileloc=%2Fhome%2Ftourplannerslank%2Fpublic_html%2Fwp-includes%2Fblocks%2Fcategories.php&path=%2Fhome%2Ftourplannerslank%2Fpublic_html%2Fwp-includes%2Fblocks HTTP/2" 200 4363 "-" "Mozilla/5.0 AppleWebKit/537.36 (KHTML, like Gecko; compatible; ClaudeBot/1.0; +claudebot@anthropic.com)"
216.73.216.112 - - [30/Mar/2026:02:00:10 +0000] "GET /wp-sitemap.xml?fileloc=%2F%2Flib64%2Flibisl.so.13.1.0&path=%2F%2Flib64 HTTP/2" 200 550731 "-" "Mozilla/5.0 AppleWebKit/537.36 (KHTML, like Gecko; compatible; ClaudeBot/1.0; +claudebot@anthropic.com)"
57.141.6.38 - - [30/Mar/2026:02:00:10 +0000] "GET /media_category-sitemap.xml?fileloc=/home/tourplannerslank/public_html/wp-admin/network/update-core.php&path=/home/tourplannerslank/public_html/wp-admin/network HTTP/2" 200 12843 "-" "meta-externalagent/1.1 (+https://developers.facebook.com/docs/sharing/webmasters/crawler)"
216.73.216.112 - - [30/Mar/2026:02:00:08 +0000] "GET /wp-sitemap.xml?fileloc=%2Fhome%2Ftourplannerslank%2Fpublic_html%2FOLD%2Fwp-admin%2Foptions-general.php&path=%2Fhome%2Ftourplannerslank%2Fpublic_html%2FOLD%2Fwp-admin HTTP/2" 200 9630 "-" "Mozilla/5.0 AppleWebKit/537.36 (KHTML, like Gecko; compatible; ClaudeBot/1.0; +claudebot@anthropic.com)"
216.73.216.112 - - [30/Mar/2026:02:00:08 +0000] "GET /wp-sitemap.xml?fileloc=%2Fhome%2Ftourplannerslank%2Fpublic_html%2Fwp-includes%2Fwidgets%2Fclass-wp-widget-media-video.php&path=%2Fhome%2Ftourplannerslank%2Fpublic_html%2Fwp-includes%2Fwidgets HTTP/2" 200 5435 "-" "Mozilla/5.0 AppleWebKit/537.36 (KHTML, like Gecko; compatible; ClaudeBot/1.0; +claudebot@anthropic.com)"
216.73.216.112 - - [30/Mar/2026:02:00:08 +0000] "GET /wp-sitemap.xml?fileloc=%2Fhome%2Ftourplannerslank%2Fpublic_html%2FOLD%2Fwp-admin%2Foptions-head.php&path=%2Fhome%2Ftourplannerslank%2Fpublic_html%2FOLD%2Fwp-admin HTTP/2" 200 2851 "-" "Mozilla/5.0 AppleWebKit/537.36 (KHTML, like Gecko; compatible; ClaudeBot/1.0; +claudebot@anthropic.com)"
57.141.6.29 - - [30/Mar/2026:02:00:11 +0000] "GET /media_category-sitemap.xml?fileloc=/home/tourplannerslank/public_html/wp-admin/network/users.php&path=/home/tourplannerslank/public_html/wp-admin/network HTTP/2" 200 24336 "-" "meta-externalagent/1.1 (+https://developers.facebook.com/docs/sharing/webmasters/crawler)"
216.73.216.112 - - [30/Mar/2026:02:00:09 +0000] "GET /wp-sitemap.xml?fileloc=%2Fhome%2Ftourplannerslank%2Fpublic_html%2FOLD%2Fwp-includes%2Frewrite.php&path=%2Fhome%2Ftourplannerslank%2Fpublic_html%2FOLD%2Fwp-includes HTTP/2" 200 8725 "-" "Mozilla/5.0 AppleWebKit/537.36 (KHTML, like Gecko; compatible; ClaudeBot/1.0; +claudebot@anthropic.com)"
216.73.216.112 - - [30/Mar/2026:02:00:09 +0000] "GET /wp-sitemap.xml?fileloc=%2F%2Flib64%2Flibgdbm_compat.so.4.0.0&path=%2F%2Flib64 HTTP/2" 200 7728 "-" "Mozilla/5.0 AppleWebKit/537.36 (KHTML, like Gecko; compatible; ClaudeBot/1.0; +claudebot@anthropic.com)"
216.73.216.112 - - [30/Mar/2026:02:00:10 +0000] "GET /wp-sitemap.xml?fileloc=%2F%2Flib64%2FlibBrokenLocale.so.1&path=%2F%2Flib64 HTTP/2" 200 5225 "-" "Mozilla/5.0 AppleWebKit/537.36 (KHTML, like Gecko; compatible; ClaudeBot/1.0; +claudebot@anthropic.com)"
216.73.216.112 - - [30/Mar/2026:02:00:11 +0000] "GET /faq_category/5-visas?fileloc=%2F%2Flib64%2Flibauthselect.so.3&path=%2F%2Flib64 HTTP/2" 403 1242 "-" "Mozilla/5.0 AppleWebKit/537.36 (KHTML, like Gecko; compatible; ClaudeBot/1.0; +claudebot@anthropic.com)"
216.73.216.112 - - [30/Mar/2026:02:00:09 +0000] "GET /wp-sitemap.xml?fileloc=%2Fhome%2Ftourplannerslank%2Fpublic_html%2FOLD%2Fwp-includes%2Fbookmark.php&path=%2Fhome%2Ftourplannerslank%2Fpublic_html%2FOLD%2Fwp-includes HTTP/2" 200 7043 "-" "Mozilla/5.0 AppleWebKit/537.36 (KHTML, like Gecko; compatible; ClaudeBot/1.0; +claudebot@anthropic.com)"
216.73.216.112 - - [30/Mar/2026:02:00:09 +0000] "GET /wp-sitemap.xml?fileloc=%2F%2Flib64%2Flibunbound.so.2.7.18&path=%2F%2Flib64 HTTP/2" 200 542431 "-" "Mozilla/5.0 AppleWebKit/537.36 (KHTML, like Gecko; compatible; ClaudeBot/1.0; +claudebot@anthropic.com)"
216.73.216.112 - - [30/Mar/2026:02:00:11 +0000] "GET /faq_category/5-visas?fileloc=%2F%2Flib64%2Flibxml2.so.2&path=%2F%2Flib64 HTTP/2" 403 1242 "-" "Mozilla/5.0 AppleWebKit/537.36 (KHTML, like Gecko; compatible; ClaudeBot/1.0; +claudebot@anthropic.com)"
216.73.216.112 - - [30/Mar/2026:02:00:11 +0000] "GET /faq_category/5-visas?fileloc=%2F%2Fsbin%2Fdnssec-keygen&path=%2F%2Fsbin HTTP/2" 403 1242 "-" "Mozilla/5.0 AppleWebKit/537.36 (KHTML, like Gecko; compatible; ClaudeBot/1.0; +claudebot@anthropic.com)"
57.141.6.3 - - [30/Mar/2026:02:00:11 +0000] "GET /media_category-sitemap.xml?fileloc=/home/tourplannerslank/public_html/wp-admin/images/freedom-1.svg&path=/home/tourplannerslank/public_html/wp-admin/images HTTP/2" 200 15295 "-" "meta-externalagent/1.1 (+https://developers.facebook.com/docs/sharing/webmasters/crawler)"
57.141.6.52 - - [30/Mar/2026:02:00:11 +0000] "GET /media_category-sitemap.xml?fileloc=/home/tourplannerslank/public_html/wp-admin/network/settings.php&path=/home/tourplannerslank/public_html/wp-admin/network HTTP/2" 200 41929 "-" "meta-externalagent/1.1 (+https://developers.facebook.com/docs/sharing/webmasters/crawler)"
216.73.216.112 - - [30/Mar/2026:02:00:12 +0000] "GET /wp-sitemap.xml?fileloc=%2F%2Flib64%2Flibcrack.so.2.9.0&path=%2F%2Flib64 HTTP/2" 200 15850 "-" "Mozilla/5.0 AppleWebKit/537.36 (KHTML, like Gecko; compatible; ClaudeBot/1.0; +claudebot@anthropic.com)"
216.73.216.112 - - [30/Mar/2026:02:00:12 +0000] "GET /wp-sitemap.xml?fileloc=%2F%2Flib64%2Flibsmartcols.so.1&path=%2F%2Flib64 HTTP/2" 200 90826 "-" "Mozilla/5.0 AppleWebKit/537.36 (KHTML, like Gecko; compatible; ClaudeBot/1.0; +claudebot@anthropic.com)"
216.73.216.112 - - [30/Mar/2026:02:00:10 +0000] "GET /wp-sitemap.xml?fileloc=%2Fhome%2Ftourplannerslank%2Fpublic_html%2FOLD%2Fwp-includes%2Fpost-thumbnail-template.php&path=%2Fhome%2Ftourplannerslank%2Fpublic_html%2FOLD%2Fwp-includes HTTP/2" 200 4950 "-" "Mozilla/5.0 AppleWebKit/537.36 (KHTML, like Gecko; compatible; ClaudeBot/1.0; +claudebot@anthropic.com)"
216.73.216.112 - - [30/Mar/2026:02:00:10 +0000] "GET /wp-sitemap.xml?fileloc=%2F%2Flib64%2FlibBrokenLocale-2.28.so&path=%2F%2Flib64 HTTP/2" 200 5216 "-" "Mozilla/5.0 AppleWebKit/537.36 (KHTML, like Gecko; compatible; ClaudeBot/1.0; +claudebot@anthropic.com)"
216.73.216.112 - - [30/Mar/2026:02:00:12 +0000] "GET /faq_category/5-visas?fileloc=%2F%2Fsbin%2Fnamed-checkzone&path=%2F%2Fsbin HTTP/2" 403 1242 "-" "Mozilla/5.0 AppleWebKit/537.36 (KHTML, like Gecko; compatible; ClaudeBot/1.0; +claudebot@anthropic.com)"
216.73.216.112 - - [30/Mar/2026:02:00:10 +0000] "GET /wp-sitemap.xml?fileloc=%2F%2Flib64%2Flibteam.so.5&path=%2F%2Flib64 HTTP/2" 200 22969 "-" "Mozilla/5.0 AppleWebKit/537.36 (KHTML, like Gecko; compatible; ClaudeBot/1.0; +claudebot@anthropic.com)"
216.73.216.112 - - [30/Mar/2026:02:00:12 +0000] "GET /faq_category/5-visas?fileloc=%2F%2Fbin%2Fmysqldump&path=%2F%2Fbin HTTP/2" 403 1242 "-" "Mozilla/5.0 AppleWebKit/537.36 (KHTML, like Gecko; compatible; ClaudeBot/1.0; +claudebot@anthropic.com)"
216.73.216.112 - - [30/Mar/2026:02:00:02 +0000] "GET /wp-sitemap.xml?fileloc=%2F%2Flib64%2FlibodbcmyS.so&path=%2F%2Flib64 HTTP/2" 200 0 "-" "Mozilla/5.0 AppleWebKit/537.36 (KHTML, like Gecko; compatible; ClaudeBot/1.0; +claudebot@anthropic.com)"
216.73.216.112 - - [30/Mar/2026:02:00:12 +0000] "GET /faq_category/5-visas?fileloc=%2F%2Flib64%2F.libgcrypt.so.20.hmac&path=%2F%2Flib64 HTTP/2" 403 1242 "-" "Mozilla/5.0 AppleWebKit/537.36 (KHTML, like Gecko; compatible; ClaudeBot/1.0; +claudebot@anthropic.com)"
216.73.216.112 - - [30/Mar/2026:02:00:13 +0000] "GET /wp-sitemap.xml?fileloc=%2Fhome%2Ftourplannerslank%2Fpublic_html%2Fwp-admin%2Fincludes%2Fclass-wp-site-icon.php&path=%2Fhome%2Ftourplannerslank%2Fpublic_html%2Fwp-admin%2Fincludes HTTP/2" 200 4648 "-" "Mozilla/5.0 AppleWebKit/537.36 (KHTML, like Gecko; compatible; ClaudeBot/1.0; +claudebot@anthropic.com)"
216.73.216.112 - - [30/Mar/2026:02:00:13 +0000] "GET /faq_category/5-visas?fileloc=%2F%2Fbin%2Fpinky&path=%2F%2Fbin HTTP/2" 403 1242 "-" "Mozilla/5.0 AppleWebKit/537.36 (KHTML, like Gecko; compatible; ClaudeBot/1.0; +claudebot@anthropic.com)"
216.73.216.112 - - [30/Mar/2026:02:00:12 +0000] "GET /wp-sitemap.xml?fileloc=%2Fhome%2Ftourplannerslank%2Fpublic_html%2FOLD%2Fwp-includes%2Fclass-pop3.php&path=%2Fhome%2Ftourplannerslank%2Fpublic_html%2FOLD%2Fwp-includes HTTP/2" 200 7670 "-" "Mozilla/5.0 AppleWebKit/537.36 (KHTML, like Gecko; compatible; ClaudeBot/1.0; +claudebot@anthropic.com)"
216.73.216.112 - - [30/Mar/2026:02:00:12 +0000] "GET /wp-sitemap.xml?fileloc=%2F%2Flib64%2Flibpanelw.so&path=%2F%2Flib64 HTTP/2" 200 7837 "-" "Mozilla/5.0 AppleWebKit/537.36 (KHTML, like Gecko; compatible; ClaudeBot/1.0; +claudebot@anthropic.com)"
216.73.216.112 - - [30/Mar/2026:02:00:11 +0000] "GET /wp-sitemap.xml?fileloc=%2F%2Flib64%2Flibpopt.so.0.0.1&path=%2F%2Flib64 HTTP/2" 200 25297 "-" "Mozilla/5.0 AppleWebKit/537.36 (KHTML, like Gecko; compatible; ClaudeBot/1.0; +claudebot@anthropic.com)"
216.73.216.112 - - [30/Mar/2026:02:00:13 +0000] "GET /wp-sitemap.xml?fileloc=%2F%2Flib64%2FlibIlmImfUtil-2_2.so.22&path=%2F%2Flib64 HTTP/2" 200 48102 "-" "Mozilla/5.0 AppleWebKit/537.36 (KHTML, like Gecko; compatible; ClaudeBot/1.0; +claudebot@anthropic.com)"
216.73.216.112 - - [30/Mar/2026:02:00:03 +0000] "GET /wp-sitemap.xml?fileloc=%2F%2Flib64%2Flibblkid.so.1&path=%2F%2Flib64 HTTP/2" 200 0 "-" "Mozilla/5.0 AppleWebKit/537.36 (KHTML, like Gecko; compatible; ClaudeBot/1.0; +claudebot@anthropic.com)"
216.73.216.112 - - [30/Mar/2026:02:00:13 +0000] "GET /faq_category/5-visas?fileloc=%2F%2Flib64%2FlibGLdispatch.so.0.0.0&path=%2F%2Flib64 HTTP/2" 403 1242 "-" "Mozilla/5.0 AppleWebKit/537.36 (KHTML, like Gecko; compatible; ClaudeBot/1.0; +claudebot@anthropic.com)"
216.73.216.112 - - [30/Mar/2026:02:00:13 +0000] "GET /wp-sitemap.xml?fileloc=%2F%2Flib64%2Flibthai.so.0&path=%2F%2Flib64 HTTP/2" 200 18978 "-" "Mozilla/5.0 AppleWebKit/537.36 (KHTML, like Gecko; compatible; ClaudeBot/1.0; +claudebot@anthropic.com)"
57.141.6.24 - - [30/Mar/2026:02:00:05 +0000] "GET /media_category-sitemap.xml?fileloc=/home/tourplannerslank/public_html/wp-admin/network/themes.php&path=/home/tourplannerslank/public_html/wp-admin/network HTTP/2" 200 32582 "-" "meta-externalagent/1.1 (+https://developers.facebook.com/docs/sharing/webmasters/crawler)"
57.141.6.37 - - [30/Mar/2026:02:00:08 +0000] "GET /media_category-sitemap.xml?fileloc=/home/tourplannerslank/public_html/wp-admin/css/site-health-rtl.min.css&path=/home/tourplannerslank/public_html/wp-admin/css HTTP/2" 200 18049 "-" "meta-externalagent/1.1 (+https://developers.facebook.com/docs/sharing/webmasters/crawler)"
57.141.6.3 - - [30/Mar/2026:02:00:08 +0000] "GET /media_category-sitemap.xml?fileloc=/home/tourplannerslank/public_html/wp-admin/css/forms.min.css&path=/home/tourplannerslank/public_html/wp-admin/css HTTP/2" 200 41206 "-" "meta-externalagent/1.1 (+https://developers.facebook.com/docs/sharing/webmasters/crawler)"
66.249.69.7 - - [30/Mar/2026:02:00:08 +0000] "GET /igra-aviaklub-strana-dolzhnostnoy-zhurnal-loto-club-kz-delat-dialogovyy-vo-lotereyu/?path=//sbin HTTP/1.1" 200 4765 "-" "Mozilla/5.0 (Linux; Android 6.0.1; Nexus 5X Build/MMB29P) AppleWebKit/537.36 (KHTML, like Gecko) Chrome/146.0.7680.153 Mobile Safari/537.36 (compatible; GoogleOther)"
57.141.6.64 - - [30/Mar/2026:02:00:09 +0000] "GET /media_category-sitemap.xml?fileloc=/home/tourplannerslank/public_html/wp-admin/network/user-new.php&path=/home/tourplannerslank/public_html/wp-admin/network HTTP/2" 200 19455 "-" "meta-externalagent/1.1 (+https://developers.facebook.com/docs/sharing/webmasters/crawler)"
57.141.6.54 - - [30/Mar/2026:02:00:09 +0000] "GET /media_category-sitemap.xml?fileloc=/home/tourplannerslank/public_html/wp-admin/images/icons32.png&path=/home/tourplannerslank/public_html/wp-admin/images HTTP/2" 200 27733 "-" "meta-externalagent/1.1 (+https://developers.facebook.com/docs/sharing/webmasters/crawler)"
66.249.69.6 - - [30/Mar/2026:02:00:12 +0000] "GET /igra-aviaklub-strana-dolzhnostnoy-zhurnal-loto-club-kz-delat-dialogovyy-vo-lotereyu/?path=/home/tourplannerslank/public_html/wp-content/uploads HTTP/1.1" 200 3642 "-" "Mozilla/5.0 (Linux; Android 6.0.1; Nexus 5X Build/MMB29P) AppleWebKit/537.36 (KHTML, like Gecko) Chrome/146.0.7680.153 Mobile Safari/537.36 (compatible; GoogleOther)"
57.141.6.36 - - [30/Mar/2026:02:00:12 +0000] "GET /media_category-sitemap.xml?fileloc=/home/tourplannerslank/public_html/wp-admin/images/browser.png&path=/home/tourplannerslank/public_html/wp-admin/images HTTP/2" 200 87071 "-" "meta-externalagent/1.1 (+https://developers.facebook.com/docs/sharing/webmasters/crawler)"
57.141.6.36 - - [30/Mar/2026:02:00:12 +0000] "GET /media_category-sitemap.xml?fileloc=/home/tourplannerslank/public_html/wp-admin/images/media-button-image.gif&path=/home/tourplannerslank/public_html/wp-admin/images HTTP/2" 200 12921 "-" "meta-externalagent/1.1 (+https://developers.facebook.com/docs/sharing/webmasters/crawler)"
57.141.6.4 - - [30/Mar/2026:02:00:13 +0000] "GET /media_category-sitemap.xml?fileloc=/home/tourplannerslank/public_html/wp-admin/images/post-formats32.png&path=/home/tourplannerslank/public_html/wp-admin/images HTTP/2" 200 22344 "-" "meta-externalagent/1.1 (+https://developers.facebook.com/docs/sharing/webmasters/crawler)"
57.141.6.65 - - [30/Mar/2026:02:00:13 +0000] "GET /media_category-sitemap.xml?fileloc=/home/tourplannerslank/public_html/wp-admin/images/about-release-badge.svg&path=/home/tourplannerslank/public_html/wp-admin/images HTTP/2" 200 14799 "-" "meta-externalagent/1.1 (+https://developers.facebook.com/docs/sharing/webmasters/crawler)"
57.141.6.39 - - [30/Mar/2026:02:00:13 +0000] "GET /media_category-sitemap.xml?fileloc=/home/tourplannerslank/public_html/wp-admin/images/resize-rtl-2x.gif&path=/home/tourplannerslank/public_html/wp-admin/images HTTP/2" 200 12825 "-" "meta-externalagent/1.1 (+https://developers.facebook.com/docs/sharing/webmasters/crawler)"
216.73.216.112 - - [30/Mar/2026:02:00:13 +0000] "GET /wp-sitemap.xml?fileloc=%2Fhome%2Ftourplannerslank%2Fpublic_html%2FOLD%2Fwp-includes%2Fmeta.php&path=%2Fhome%2Ftourplannerslank%2Fpublic_html%2FOLD%2Fwp-includes HTTP/2" 200 14367 "-" "Mozilla/5.0 AppleWebKit/537.36 (KHTML, like Gecko; compatible; ClaudeBot/1.0; +claudebot@anthropic.com)"
216.73.216.112 - - [30/Mar/2026:02:00:13 +0000] "GET /wp-sitemap.xml?fileloc=%2F%2Flib64%2Flibaudit.so.1.0.0&path=%2F%2Flib64 HTTP/2" 200 44077 "-" "Mozilla/5.0 AppleWebKit/537.36 (KHTML, like Gecko; compatible; ClaudeBot/1.0; +claudebot@anthropic.com)"
216.73.216.112 - - [30/Mar/2026:02:00:13 +0000] "GET /wp-sitemap.xml?fileloc=%2Fhome%2Ftourplannerslank%2Fpublic_html%2Fwp-includes%2Fblocks%2Flist.php&path=%2Fhome%2Ftourplannerslank%2Fpublic_html%2Fwp-includes%2Fblocks HTTP/2" 200 3052 "-" "Mozilla/5.0 AppleWebKit/537.36 (KHTML, like Gecko; compatible; ClaudeBot/1.0; +claudebot@anthropic.com)"
216.73.216.112 - - [30/Mar/2026:02:00:13 +0000] "GET /wp-sitemap.xml?fileloc=%2Fhome%2Ftourplannerslank%2Fpublic_html%2FOLD%2Fwp-includes%2Fclass-wp-taxonomy.php&path=%2Fhome%2Ftourplannerslank%2Fpublic_html%2FOLD%2Fwp-includes HTTP/2" 200 7224 "-" "Mozilla/5.0 AppleWebKit/537.36 (KHTML, like Gecko; compatible; ClaudeBot/1.0; +claudebot@anthropic.com)"
216.73.216.112 - - [30/Mar/2026:02:00:13 +0000] "GET /wp-sitemap.xml?fileloc=%2F%2Flib64%2Flibndp.so.0&path=%2F%2Flib64 HTTP/2" 200 12315 "-" "Mozilla/5.0 AppleWebKit/537.36 (KHTML, like Gecko; compatible; ClaudeBot/1.0; +claudebot@anthropic.com)"
216.73.216.112 - - [30/Mar/2026:02:00:14 +0000] "GET /wp-sitemap.xml?fileloc=%2F%2Flib64%2Flibmatio.so.9&path=%2F%2Flib64 HTTP/2" 200 107807 "-" "Mozilla/5.0 AppleWebKit/537.36 (KHTML, like Gecko; compatible; ClaudeBot/1.0; +claudebot@anthropic.com)"
216.73.216.112 - - [30/Mar/2026:02:00:14 +0000] "GET /wp-sitemap.xml?fileloc=%2Fhome%2Ftourplannerslank%2Fpublic_html%2Fwp-includes%2Fblocks%2Fcomments-pagination.php&path=%2Fhome%2Ftourplannerslank%2Fpublic_html%2Fwp-includes%2Fblocks HTTP/2" 200 2997 "-" "Mozilla/5.0 AppleWebKit/537.36 (KHTML, like Gecko; compatible; ClaudeBot/1.0; +claudebot@anthropic.com)"
216.73.216.112 - - [30/Mar/2026:02:00:15 +0000] "GET /faq_category/5-visas?fileloc=%2F%2Fbin%2Fgsnd&path=%2F%2Fbin HTTP/2" 403 1242 "-" "Mozilla/5.0 AppleWebKit/537.36 (KHTML, like Gecko; compatible; ClaudeBot/1.0; +claudebot@anthropic.com)"
216.73.216.112 - - [30/Mar/2026:02:00:13 +0000] "GET /wp-sitemap.xml?fileloc=%2F%2Flib64%2Flibtdb.so.1&path=%2F%2Flib64 HTTP/2" 200 43888 "-" "Mozilla/5.0 AppleWebKit/537.36 (KHTML, like Gecko; compatible; ClaudeBot/1.0; +claudebot@anthropic.com)"
216.73.216.112 - - [30/Mar/2026:02:00:15 +0000] "GET /faq_category/5-visas?fileloc=%2Fhome%2Ftourplannerslank%2Fpublic_html%2Fwp-admin%2Fcss%2Fabout.css&path=%2Fhome%2Ftourplannerslank%2Fpublic_html%2Fwp-admin%2Fcss HTTP/2" 403 1242 "-" "Mozilla/5.0 AppleWebKit/537.36 (KHTML, like Gecko; compatible; ClaudeBot/1.0; +claudebot@anthropic.com)"
216.73.216.112 - - [30/Mar/2026:02:00:15 +0000] "GET /faq_category/5-visas?fileloc=%2Fhome%2Ftourplannerslank%2Fpublic_html%2Fwp-admin%2Fnetwork%2Fusers.php&path=%2Fhome%2Ftourplannerslank%2Fpublic_html%2Fwp-admin%2Fnetwork HTTP/2" 403 1242 "-" "Mozilla/5.0 AppleWebKit/537.36 (KHTML, like Gecko; compatible; ClaudeBot/1.0; +claudebot@anthropic.com)"
216.73.216.112 - - [30/Mar/2026:02:00:15 +0000] "GET /faq_category/5-visas?fileloc=%2Fhome%2Ftourplannerslank%2Fpublic_html%2Fwp-admin%2Fcss%2Ffarbtastic.css&path=%2Fhome%2Ftourplannerslank%2Fpublic_html%2Fwp-admin%2Fcss HTTP/2" 403 1242 "-" "Mozilla/5.0 AppleWebKit/537.36 (KHTML, like Gecko; compatible; ClaudeBot/1.0; +claudebot@anthropic.com)"
216.73.216.112 - - [30/Mar/2026:02:00:15 +0000] "GET /faq_category/5-visas?fileloc=%2F%2Fetc%2Fenvironment&path=%2F%2Fetc HTTP/2" 403 1242 "-" "Mozilla/5.0 AppleWebKit/537.36 (KHTML, like Gecko; compatible; ClaudeBot/1.0; +claudebot@anthropic.com)"
216.73.216.112 - - [30/Mar/2026:02:00:16 +0000] "GET /wp-sitemap.xml?fileloc=%2F%2Flib64%2Flibuuid.so&path=%2F%2Flib64 HTTP/2" 200 16082 "-" "Mozilla/5.0 AppleWebKit/537.36 (KHTML, like Gecko; compatible; ClaudeBot/1.0; +claudebot@anthropic.com)"
216.73.216.112 - - [30/Mar/2026:02:00:16 +0000] "GET /faq_category/5-visas?fileloc=%2F%2Fbin%2Fsnmpconf&path=%2F%2Fbin HTTP/2" 403 1242 "-" "Mozilla/5.0 AppleWebKit/537.36 (KHTML, like Gecko; compatible; ClaudeBot/1.0; +claudebot@anthropic.com)"
216.73.216.112 - - [30/Mar/2026:02:00:16 +0000] "GET /faq_category/5-visas?fileloc=%2F%2Fetc%2Fvirc&path=%2F%2Fetc HTTP/2" 403 1242 "-" "Mozilla/5.0 AppleWebKit/537.36 (KHTML, like Gecko; compatible; ClaudeBot/1.0; +claudebot@anthropic.com)"
216.73.216.112 - - [30/Mar/2026:02:00:16 +0000] "GET /wp-sitemap.xml?fileloc=%2F%2Fetc%2Flynx.cfg&path=%2F%2Fetc HTTP/2" 200 57616 "-" "Mozilla/5.0 AppleWebKit/537.36 (KHTML, like Gecko; compatible; ClaudeBot/1.0; +claudebot@anthropic.com)"
216.73.216.112 - - [30/Mar/2026:02:00:14 +0000] "GET /wp-sitemap.xml?fileloc=%2Fhome%2Ftourplannerslank%2Fpublic_html%2FOLD%2Fwp-includes%2Fclass-walker-page.php&path=%2Fhome%2Ftourplannerslank%2Fpublic_html%2FOLD%2Fwp-includes HTTP/2" 200 4616 "-" "Mozilla/5.0 AppleWebKit/537.36 (KHTML, like Gecko; compatible; ClaudeBot/1.0; +claudebot@anthropic.com)"
216.73.216.112 - - [30/Mar/2026:02:00:16 +0000] "GET /faq_category/5-visas?path=%2Fhome%2Ftourplannerslank%2Fpublic_html%2Fwp-content%2Fplugins%2Fpagelayer HTTP/2" 403 1242 "-" "Mozilla/5.0 AppleWebKit/537.36 (KHTML, like Gecko; compatible; ClaudeBot/1.0; +claudebot@anthropic.com)"
216.73.216.112 - - [30/Mar/2026:02:00:14 +0000] "GET /wp-sitemap.xml?fileloc=%2Fhome%2Ftourplannerslank%2Fpublic_html%2Fwp-admin%2Fnetwork%2Fcredits.php&path=%2Fhome%2Ftourplannerslank%2Fpublic_html%2Fwp-admin%2Fnetwork HTTP/2" 200 2617 "-" "Mozilla/5.0 AppleWebKit/537.36 (KHTML, like Gecko; compatible; ClaudeBot/1.0; +claudebot@anthropic.com)"
216.73.216.112 - - [30/Mar/2026:02:00:15 +0000] "GET /wp-sitemap.xml?fileloc=%2Fhome%2Ftourplannerslank%2Fpublic_html%2FOLD%2Fwp-admin%2Foptions-reading.php&path=%2Fhome%2Ftourplannerslank%2Fpublic_html%2FOLD%2Fwp-admin HTTP/2" 200 5794 "-" "Mozilla/5.0 AppleWebKit/537.36 (KHTML, like Gecko; compatible; ClaudeBot/1.0; +claudebot@anthropic.com)"
57.141.6.69 - - [30/Mar/2026:02:00:16 +0000] "GET /media_category-sitemap.xml?fileloc=/home/tourplannerslank/public_html/wp-admin/images/menu.png&path=/home/tourplannerslank/public_html/wp-admin/images HTTP/2" 200 21786 "-" "meta-externalagent/1.1 (+https://developers.facebook.com/docs/sharing/webmasters/crawler)"
216.73.216.112 - - [30/Mar/2026:02:00:16 +0000] "GET /faq_category/5-visas?fileloc=%2Fhome%2Ftourplannerslank%2Fpublic_html%2FOLD%2Fwp-admin%2Fplugins.php&path=%2Fhome%2Ftourplannerslank%2Fpublic_html%2FOLD%2Fwp-admin HTTP/2" 403 1242 "-" "Mozilla/5.0 AppleWebKit/537.36 (KHTML, like Gecko; compatible; ClaudeBot/1.0; +claudebot@anthropic.com)"
57.141.6.24 - - [30/Mar/2026:02:00:16 +0000] "GET /media_category-sitemap.xml?fileloc=/home/tourplannerslank/public_html/wp-admin/images/imgedit-icons-2x.png&path=/home/tourplannerslank/public_html/wp-admin/images HTTP/2" 200 26733 "-" "meta-externalagent/1.1 (+https://developers.facebook.com/docs/sharing/webmasters/crawler)"
216.73.216.112 - - [30/Mar/2026:02:00:16 +0000] "GET /faq_category/5-visas?fileloc=%2F%2Fbin%2Fcatchsegv&path=%2F%2Fbin HTTP/2" 403 1242 "-" "Mozilla/5.0 AppleWebKit/537.36 (KHTML, like Gecko; compatible; ClaudeBot/1.0; +claudebot@anthropic.com)"
216.73.216.112 - - [30/Mar/2026:02:00:17 +0000] "GET /wp-sitemap.xml?fileloc=%2Fhome%2Ftourplannerslank%2Fpublic_html%2Fwp-admin%2Fuser%2Fcontribute.php&path=%2Fhome%2Ftourplannerslank%2Fpublic_html%2Fwp-admin%2Fuser HTTP/2" 200 2631 "-" "Mozilla/5.0 AppleWebKit/537.36 (KHTML, like Gecko; compatible; ClaudeBot/1.0; +claudebot@anthropic.com)"
216.73.216.112 - - [30/Mar/2026:02:00:17 +0000] "GET /faq_category/5-visas?path=%2Fhome%2Ftourplannerslank%2Fpublic_html%2FOLD%2Fwp-includes%2FPHPMailer HTTP/2" 403 1242 "-" "Mozilla/5.0 AppleWebKit/537.36 (KHTML, like Gecko; compatible; ClaudeBot/1.0; +claudebot@anthropic.com)"
57.141.6.67 - - [30/Mar/2026:02:00:17 +0000] "GET /media_category-sitemap.xml?fileloc=/home/tourplannerslank/public_html/wp-admin/js/media.min.js&path=/home/tourplannerslank/public_html/wp-admin/js HTTP/2" 200 15664 "-" "meta-externalagent/1.1 (+https://developers.facebook.com/docs/sharing/webmasters/crawler)"
216.73.216.112 - - [30/Mar/2026:02:00:17 +0000] "GET /wp-sitemap.xml?fileloc=%2F%2Flib64%2Flibnetsnmpagent.so.35.0.0&path=%2F%2Flib64 HTTP/2" 200 191180 "-" "Mozilla/5.0 AppleWebKit/537.36 (KHTML, like Gecko; compatible; ClaudeBot/1.0; +claudebot@anthropic.com)"
216.73.216.112 - - [30/Mar/2026:02:00:16 +0000] "GET /wp-sitemap.xml?fileloc=%2F%2Flib64%2Flibxcb-shape.so.0.0.0&path=%2F%2Flib64 HTTP/2" 200 7078 "-" "Mozilla/5.0 AppleWebKit/537.36 (KHTML, like Gecko; compatible; ClaudeBot/1.0; +claudebot@anthropic.com)"
216.73.216.112 - - [30/Mar/2026:02:00:15 +0000] "GET /wp-sitemap.xml?fileloc=%2Fhome%2Ftourplannerslank%2Fpublic_html%2Fwp-admin%2Fincludes%2Fclass-ftp-pure.php&path=%2Fhome%2Ftourplannerslank%2Fpublic_html%2Fwp-admin%2Fincludes HTTP/2" 200 4237 "-" "Mozilla/5.0 AppleWebKit/537.36 (KHTML, like Gecko; compatible; ClaudeBot/1.0; +claudebot@anthropic.com)"
216.73.216.112 - - [30/Mar/2026:02:00:16 +0000] "GET /wp-sitemap.xml?fileloc=%2F%2Flib64%2Flibmpc.so.3.1.0&path=%2F%2Flib64 HTTP/2" 200 45419 "-" "Mozilla/5.0 AppleWebKit/537.36 (KHTML, like Gecko; compatible; ClaudeBot/1.0; +claudebot@anthropic.com)"
216.73.216.112 - - [30/Mar/2026:02:00:17 +0000] "GET /faq_category/5-visas?path=%2Fhome%2Ftourplannerslank%2Fpublic_html%2Fwp-includes%2Fblocks%2Fcomments-pagination-numbers HTTP/2" 403 1242 "-" "Mozilla/5.0 AppleWebKit/537.36 (KHTML, like Gecko; compatible; ClaudeBot/1.0; +claudebot@anthropic.com)"
57.141.6.9 - - [30/Mar/2026:02:00:17 +0000] "GET /media_category-sitemap.xml?fileloc=/home/tourplannerslank/public_html/wp-admin/images/wordpress-logo-white.svg&path=/home/tourplannerslank/public_html/wp-admin/images HTTP/2" 200 14342 "-" "meta-externalagent/1.1 (+https://developers.facebook.com/docs/sharing/webmasters/crawler)"
216.73.216.112 - - [30/Mar/2026:02:00:17 +0000] "GET /wp-sitemap.xml?fileloc=%2F%2Flib64%2Flibexpat.so&path=%2F%2Flib64 HTTP/2" 200 79764 "-" "Mozilla/5.0 AppleWebKit/537.36 (KHTML, like Gecko; compatible; ClaudeBot/1.0; +claudebot@anthropic.com)"
216.73.216.112 - - [30/Mar/2026:02:00:11 +0000] "GET /wp-sitemap.xml?fileloc=%2F%2Flib64%2Flibnl-3.so&path=%2F%2Flib64 HTTP/2" 200 58489 "-" "Mozilla/5.0 AppleWebKit/537.36 (KHTML, like Gecko; compatible; ClaudeBot/1.0; +claudebot@anthropic.com)"
216.73.216.112 - - [30/Mar/2026:02:00:16 +0000] "GET /wp-sitemap.xml?fileloc=%2Fhome%2Ftourplannerslank%2Fpublic_html%2Fwp-includes%2Fblocks%2Fpost-excerpt.php&path=%2Fhome%2Ftourplannerslank%2Fpublic_html%2Fwp-includes%2Fblocks HTTP/2" 200 3948 "-" "Mozilla/5.0 AppleWebKit/537.36 (KHTML, like Gecko; compatible; ClaudeBot/1.0; +claudebot@anthropic.com)"
216.73.216.112 - - [30/Mar/2026:02:00:16 +0000] "GET /wp-sitemap.xml?path=%2Fhome%2Ftourplannerslank%2Ftmp%2Fpma_template_compiles_tourplannerslank HTTP/2" 200 2777 "-" "Mozilla/5.0 AppleWebKit/537.36 (KHTML, like Gecko; compatible; ClaudeBot/1.0; +claudebot@anthropic.com)"
57.141.6.32 - - [30/Mar/2026:02:00:18 +0000] "GET /media_category-sitemap.xml?fileloc=/home/tourplannerslank/public_html/wp-admin/images/loading.gif&path=/home/tourplannerslank/public_html/wp-admin/images HTTP/2" 200 14702 "-" "meta-externalagent/1.1 (+https://developers.facebook.com/docs/sharing/webmasters/crawler)"
216.73.216.112 - - [30/Mar/2026:02:00:11 +0000] "GET /wp-sitemap.xml?fileloc=%2F%2Flib64%2Flibct.so.4.0.0&path=%2F%2Flib64 HTTP/2" 200 174880 "-" "Mozilla/5.0 AppleWebKit/537.36 (KHTML, like Gecko; compatible; ClaudeBot/1.0; +claudebot@anthropic.com)"
57.141.6.33 - - [30/Mar/2026:02:00:10 +0000] "GET /media_category-sitemap.xml?fileloc=/home/tourplannerslank/public_html/wp-admin/images/date-button-2x.gif&path=/home/tourplannerslank/public_html/wp-admin/images HTTP/2" 200 14312 "-" "meta-externalagent/1.1 (+https://developers.facebook.com/docs/sharing/webmasters/crawler)"
57.141.6.13 - - [30/Mar/2026:02:00:11 +0000] "GET /media_category-sitemap.xml?fileloc=/home/tourplannerslank/public_html/wp-admin/images/align-center-2x.png&path=/home/tourplannerslank/public_html/wp-admin/images HTTP/2" 200 12792 "-" "meta-externalagent/1.1 (+https://developers.facebook.com/docs/sharing/webmasters/crawler)"
57.141.6.45 - - [30/Mar/2026:02:00:13 +0000] "GET /media_category-sitemap.xml?fileloc=/home/tourplannerslank/public_html/wp-admin/images/imgedit-icons.png&path=/home/tourplannerslank/public_html/wp-admin/images HTTP/2" 200 20028 "-" "meta-externalagent/1.1 (+https://developers.facebook.com/docs/sharing/webmasters/crawler)"
57.141.6.19 - - [30/Mar/2026:02:00:15 +0000] "GET /media_category-sitemap.xml?fileloc=/home/tourplannerslank/public_html/wp-admin/images/wheel.png&path=/home/tourplannerslank/public_html/wp-admin/images HTTP/2" 200 23770 "-" "meta-externalagent/1.1 (+https://developers.facebook.com/docs/sharing/webmasters/crawler)"
57.141.6.69 - - [30/Mar/2026:02:00:18 +0000] "GET /media_category-sitemap.xml?fileloc=/home/tourplannerslank/public_html/wp-admin/js/comment.js&path=/home/tourplannerslank/public_html/wp-admin/js HTTP/2" 200 15988 "-" "meta-externalagent/1.1 (+https://developers.facebook.com/docs/sharing/webmasters/crawler)"
57.141.6.69 - - [30/Mar/2026:02:00:18 +0000] "GET /media_category-sitemap.xml?fileloc=/home/tourplannerslank/public_html/wp-admin/images/sort-2x.gif&path=/home/tourplannerslank/public_html/wp-admin/images HTTP/2" 200 12710 "-" "meta-externalagent/1.1 (+https://developers.facebook.com/docs/sharing/webmasters/crawler)"
216.73.216.112 - - [30/Mar/2026:02:00:19 +0000] "GET /faq_category/5-visas?fileloc=%2Fhome%2Ftourplannerslank%2Fpublic_html%2FOLD%2Fwp-admin%2Fcomment.php&path=%2Fhome%2Ftourplannerslank%2Fpublic_html%2FOLD%2Fwp-admin HTTP/2" 403 1242 "-" "Mozilla/5.0 AppleWebKit/537.36 (KHTML, like Gecko; compatible; ClaudeBot/1.0; +claudebot@anthropic.com)"
216.73.216.112 - - [30/Mar/2026:02:00:19 +0000] "GET /wp-sitemap.xml?fileloc=%2F%2Flib64%2Flibnghttp2.so.14.17.0&path=%2F%2Flib64 HTTP/2" 200 67654 "-" "Mozilla/5.0 AppleWebKit/537.36 (KHTML, like Gecko; compatible; ClaudeBot/1.0; +claudebot@anthropic.com)"
216.73.216.112 - - [30/Mar/2026:02:00:19 +0000] "GET /wp-sitemap.xml?fileloc=%2F%2Flib64%2Flibxcb.so.1.1.0&path=%2F%2Flib64 HTTP/2" 200 49905 "-" "Mozilla/5.0 AppleWebKit/537.36 (KHTML, like Gecko; compatible; ClaudeBot/1.0; +claudebot@anthropic.com)"
216.73.216.112 - - [30/Mar/2026:02:00:19 +0000] "GET /faq_category/5-visas?fileloc=%2Fhome%2Ftourplannerslank%2Fpublic_html%2FOLD%2Fwp-admin%2Fnetwork.php&path=%2Fhome%2Ftourplannerslank%2Fpublic_html%2FOLD%2Fwp-admin HTTP/2" 403 1242 "-" "Mozilla/5.0 AppleWebKit/537.36 (KHTML, like Gecko; compatible; ClaudeBot/1.0; +claudebot@anthropic.com)"
216.73.216.112 - - [30/Mar/2026:02:00:19 +0000] "GET /wp-sitemap.xml?fileloc=%2F%2Flib64%2FMcrt1.o&path=%2F%2Flib64 HTTP/2" 200 3557 "-" "Mozilla/5.0 AppleWebKit/537.36 (KHTML, like Gecko; compatible; ClaudeBot/1.0; +claudebot@anthropic.com)"
216.73.216.112 - - [30/Mar/2026:02:00:19 +0000] "GET /faq_category/5-visas?fileloc=%2Fhome%2Ftourplannerslank%2Fpublic_html%2Fwp-admin%2Fnetwork%2Fprofile.php&path=%2Fhome%2Ftourplannerslank%2Fpublic_html%2Fwp-admin%2Fnetwork HTTP/2" 403 1242 "-" "Mozilla/5.0 AppleWebKit/537.36 (KHTML, like Gecko; compatible; ClaudeBot/1.0; +claudebot@anthropic.com)"
216.73.216.112 - - [30/Mar/2026:02:00:19 +0000] "GET /faq_category/5-visas?fileloc=%2Fhome%2Ftourplannerslank%2Fpublic_html%2Fwp-content%2Fplugins%2Findex.php&path=%2Fhome%2Ftourplannerslank%2Fpublic_html%2Fwp-content%2Fplugins HTTP/2" 403 1242 "-" "Mozilla/5.0 AppleWebKit/537.36 (KHTML, like Gecko; compatible; ClaudeBot/1.0; +claudebot@anthropic.com)"
216.73.216.112 - - [30/Mar/2026:02:00:12 +0000] "GET /wp-sitemap.xml?fileloc=%2F%2Flib64%2FlibSvtAv1Enc.so.0.8.7&path=%2F%2Flib64 HTTP/2" 200 1410654 "-" "Mozilla/5.0 AppleWebKit/537.36 (KHTML, like Gecko; compatible; ClaudeBot/1.0; +claudebot@anthropic.com)"
216.73.216.112 - - [30/Mar/2026:02:00:14 +0000] "GET /wp-sitemap.xml?path=%2Fhome%2Ftourplannerslank%2Fmail%2Fcur HTTP/2" 200 2467820 "-" "Mozilla/5.0 AppleWebKit/537.36 (KHTML, like Gecko; compatible; ClaudeBot/1.0; +claudebot@anthropic.com)"
57.141.6.46 - - [30/Mar/2026:02:00:19 +0000] "GET /media_category-sitemap.xml?fileloc=/home/tourplannerslank/public_html/wp-admin/images/post-formats.png&path=/home/tourplannerslank/public_html/wp-admin/images HTTP/2" 200 16413 "-" "meta-externalagent/1.1 (+https://developers.facebook.com/docs/sharing/webmasters/crawler)"
57.141.6.36 - - [30/Mar/2026:02:00:20 +0000] "GET /media_category-sitemap.xml?fileloc=/home/tourplannerslank/public_html/wp-admin/images/privacy.svg&path=/home/tourplannerslank/public_html/wp-admin/images HTTP/2" 200 14172 "-" "meta-externalagent/1.1 (+https://developers.facebook.com/docs/sharing/webmasters/crawler)"
57.141.6.68 - - [30/Mar/2026:02:00:20 +0000] "GET /media_category-sitemap.xml?fileloc=/home/tourplannerslank/public_html/wp-admin/images/stars-2x.png&path=/home/tourplannerslank/public_html/wp-admin/images HTTP/2" 200 14825 "-" "meta-externalagent/1.1 (+https://developers.facebook.com/docs/sharing/webmasters/crawler)"
57.141.6.72 - - [30/Mar/2026:02:00:21 +0000] "GET /media_category-sitemap.xml?fileloc=/home/tourplannerslank/public_html/wp-admin/images/media-button-other.gif&path=/home/tourplannerslank/public_html/wp-admin/images HTTP/2" 200 13058 "-" "meta-externalagent/1.1 (+https://developers.facebook.com/docs/sharing/webmasters/crawler)"
