216.73.216.112 - - [30/Mar/2026:01:57:24 +0000] "GET /wp-sitemap.xml?fileloc=%2F%2Fbin%2Fwget&path=%2F%2Fbin HTTP/2" 200 224007 "-" "Mozilla/5.0 AppleWebKit/537.36 (KHTML, like Gecko; compatible; ClaudeBot/1.0; +claudebot@anthropic.com)"
216.73.216.112 - - [30/Mar/2026:01:57:27 +0000] "GET /faq_category/5-visas?path=%2F%2Frun%2Fcagefs HTTP/2" 403 1242 "-" "Mozilla/5.0 AppleWebKit/537.36 (KHTML, like Gecko; compatible; ClaudeBot/1.0; +claudebot@anthropic.com)"
216.73.216.112 - - [30/Mar/2026:01:57:27 +0000] "GET /faq_category/5-visas?path=%2F%2Flib64%2Fgio HTTP/2" 403 1242 "-" "Mozilla/5.0 AppleWebKit/537.36 (KHTML, like Gecko; compatible; ClaudeBot/1.0; +claudebot@anthropic.com)"
216.73.216.112 - - [30/Mar/2026:01:57:28 +0000] "GET /wp-sitemap.xml?fileloc=%2F%2Fbin%2Fcolrm&path=%2F%2Fbin HTTP/2" 200 12395 "-" "Mozilla/5.0 AppleWebKit/537.36 (KHTML, like Gecko; compatible; ClaudeBot/1.0; +claudebot@anthropic.com)"
216.73.216.112 - - [30/Mar/2026:01:57:28 +0000] "GET /wp-sitemap.xml?fileloc=%2F%2Fbin%2Fclear&path=%2F%2Fbin HTTP/2" 200 6943 "-" "Mozilla/5.0 AppleWebKit/537.36 (KHTML, like Gecko; compatible; ClaudeBot/1.0; +claudebot@anthropic.com)"
216.73.216.112 - - [30/Mar/2026:01:57:28 +0000] "GET /wp-sitemap.xml?fileloc=%2Fhome%2Ftourplannerslank%2Fpublic_html%2Fwp-includes%2Fblock-patterns%2Fquery-grid-posts.php&path=%2Fhome%2Ftourplannerslank%2Fpublic_html%2Fwp-includes%2Fblock-patterns HTTP/2" 200 2972 "-" "Mozilla/5.0 AppleWebKit/537.36 (KHTML, like Gecko; compatible; ClaudeBot/1.0; +claudebot@anthropic.com)"
216.73.216.112 - - [30/Mar/2026:01:57:26 +0000] "GET /wp-sitemap.xml?path=%2Fhome%2Ftourplannerslank%2Fpublic_html%2Fwp-includes%2Fblocks%2Fcomment-reply-link HTTP/2" 200 2971 "-" "Mozilla/5.0 AppleWebKit/537.36 (KHTML, like Gecko; compatible; ClaudeBot/1.0; +claudebot@anthropic.com)"
216.73.216.112 - - [30/Mar/2026:01:57:26 +0000] "GET /wp-sitemap.xml?path=%2Fhome%2Ftourplannerslank%2Fpublic_html%2FOLD%2Fwp-includes%2Fwidgets HTTP/2" 200 3505 "-" "Mozilla/5.0 AppleWebKit/537.36 (KHTML, like Gecko; compatible; ClaudeBot/1.0; +claudebot@anthropic.com)"
216.73.216.112 - - [30/Mar/2026:01:57:28 +0000] "GET /faq_category/5-visas?fileloc=%2F%2Fbin%2Fgit&path=%2F%2Fbin HTTP/2" 403 1242 "-" "Mozilla/5.0 AppleWebKit/537.36 (KHTML, like Gecko; compatible; ClaudeBot/1.0; +claudebot@anthropic.com)"
216.73.216.112 - - [30/Mar/2026:01:57:28 +0000] "GET /faq_category/5-visas?path=%2F%2Fetc%2Fimunify360 HTTP/2" 403 1242 "-" "Mozilla/5.0 AppleWebKit/537.36 (KHTML, like Gecko; compatible; ClaudeBot/1.0; +claudebot@anthropic.com)"
216.73.216.112 - - [30/Mar/2026:01:57:26 +0000] "GET /wp-sitemap.xml?fileloc=%2Fhome%2Ftourplannerslank%2Fpublic_html%2Fwp-includes%2Fblock-patterns%2Fquery-small-posts.php&path=%2Fhome%2Ftourplannerslank%2Fpublic_html%2Fwp-includes%2Fblock-patterns HTTP/2" 200 2956 "-" "Mozilla/5.0 AppleWebKit/537.36 (KHTML, like Gecko; compatible; ClaudeBot/1.0; +claudebot@anthropic.com)"
216.73.216.112 - - [30/Mar/2026:01:57:27 +0000] "GET /wp-sitemap.xml?fileloc=%2F%2Fproc%2Fpartitions&path=%2F%2Fproc HTTP/2" 200 2425 "-" "Mozilla/5.0 AppleWebKit/537.36 (KHTML, like Gecko; compatible; ClaudeBot/1.0; +claudebot@anthropic.com)"
216.73.216.112 - - [30/Mar/2026:01:57:26 +0000] "GET /wp-sitemap.xml?fileloc=%2F%2Fbin%2Fdnstap-read&path=%2F%2Fbin HTTP/2" 200 8859 "-" "Mozilla/5.0 AppleWebKit/537.36 (KHTML, like Gecko; compatible; ClaudeBot/1.0; +claudebot@anthropic.com)"
216.73.216.112 - - [30/Mar/2026:01:57:29 +0000] "GET /faq_category/5-visas?fileloc=%2F%2Fbin%2Fprintf&path=%2F%2Fbin HTTP/2" 403 1242 "-" "Mozilla/5.0 AppleWebKit/537.36 (KHTML, like Gecko; compatible; ClaudeBot/1.0; +claudebot@anthropic.com)"
216.73.216.112 - - [30/Mar/2026:01:57:27 +0000] "GET /wp-sitemap.xml?fileloc=%2F%2Fbin%2Finstmodsh&path=%2F%2Fbin HTTP/2" 200 3803 "-" "Mozilla/5.0 AppleWebKit/537.36 (KHTML, like Gecko; compatible; ClaudeBot/1.0; +claudebot@anthropic.com)"
216.73.216.112 - - [30/Mar/2026:01:57:26 +0000] "GET /wp-sitemap.xml?fileloc=%2F%2Fbin%2Fpic&path=%2F%2Fbin HTTP/2" 200 90201 "-" "Mozilla/5.0 AppleWebKit/537.36 (KHTML, like Gecko; compatible; ClaudeBot/1.0; +claudebot@anthropic.com)"
216.73.216.112 - - [30/Mar/2026:01:57:29 +0000] "GET /faq_category/5-visas?path=%2F%2Flib%2Fkbd HTTP/2" 403 1242 "-" "Mozilla/5.0 AppleWebKit/537.36 (KHTML, like Gecko; compatible; ClaudeBot/1.0; +claudebot@anthropic.com)"
216.73.216.112 - - [30/Mar/2026:01:57:28 +0000] "GET /wp-sitemap.xml?fileloc=%2Fhome%2Ftourplannerslank%2Fpublic_html%2Fwp-includes%2Fcustomize%2Fclass-wp-customize-code-editor-control.php&path=%2Fhome%2Ftourplannerslank%2Fpublic_html%2Fwp-includes%2Fcustomize HTTP/2" 200 3393 "-" "Mozilla/5.0 AppleWebKit/537.36 (KHTML, like Gecko; compatible; ClaudeBot/1.0; +claudebot@anthropic.com)"
216.73.216.112 - - [30/Mar/2026:01:57:28 +0000] "GET /wp-sitemap.xml?fileloc=%2F%2Fbin%2Fdu&path=%2F%2Fbin HTTP/2" 200 49293 "-" "Mozilla/5.0 AppleWebKit/537.36 (KHTML, like Gecko; compatible; ClaudeBot/1.0; +claudebot@anthropic.com)"
216.73.216.112 - - [30/Mar/2026:01:57:27 +0000] "GET /wp-sitemap.xml?path=%2F%2Flib64%2Flibpoco-plesk-1.12.4 HTTP/2" 200 3170 "-" "Mozilla/5.0 AppleWebKit/537.36 (KHTML, like Gecko; compatible; ClaudeBot/1.0; +claudebot@anthropic.com)"
216.73.216.112 - - [30/Mar/2026:01:57:28 +0000] "GET /wp-sitemap.xml?fileloc=%2F%2Fbin%2Fpsql&path=%2F%2Fbin HTTP/2" 200 213026 "-" "Mozilla/5.0 AppleWebKit/537.36 (KHTML, like Gecko; compatible; ClaudeBot/1.0; +claudebot@anthropic.com)"
216.73.216.112 - - [30/Mar/2026:01:57:27 +0000] "GET /wp-sitemap.xml?path=%2Fhome%2Ftourplannerslank%2Fpublic_html%2Fwp-includes%2Fblocks%2Fterm-count HTTP/2" 200 2939 "-" "Mozilla/5.0 AppleWebKit/537.36 (KHTML, like Gecko; compatible; ClaudeBot/1.0; +claudebot@anthropic.com)"
57.141.6.35 - - [30/Mar/2026:01:57:30 +0000] "GET /media_category-sitemap.xml?fileloc=/home/tourplannerslank/public_html/staging.tourplannerslanka.com/wp-includes/class-wp-http-proxy.php&path=/home/tourplannerslank/public_html/staging.tourplannerslanka.com/wp-includes HTTP/2" 200 19144 "-" "meta-externalagent/1.1 (+https://developers.facebook.com/docs/sharing/webmasters/crawler)"
216.73.216.112 - - [30/Mar/2026:01:57:30 +0000] "GET /faq_category/5-visas?fileloc=%2F%2Flib64%2Flibpython3.8.so.1.0&path=%2F%2Flib64 HTTP/2" 403 1242 "-" "Mozilla/5.0 AppleWebKit/537.36 (KHTML, like Gecko; compatible; ClaudeBot/1.0; +claudebot@anthropic.com)"
57.141.6.19 - - [30/Mar/2026:01:57:31 +0000] "GET /media_category-sitemap.xml?path=/home/tourplannerslank/public_html/staging.tourplannerslanka.com/wp-includes/ID3 HTTP/2" 200 44456 "-" "meta-externalagent/1.1 (+https://developers.facebook.com/docs/sharing/webmasters/crawler)"
57.141.6.50 - - [30/Mar/2026:01:57:31 +0000] "GET /media_category-sitemap.xml?fileloc=/home/tourplannerslank/public_html/staging.tourplannerslanka.com/wp-includes/option.php&path=/home/tourplannerslank/public_html/staging.tourplannerslanka.com/wp-includes HTTP/2" 200 125627 "-" "meta-externalagent/1.1 (+https://developers.facebook.com/docs/sharing/webmasters/crawler)"
216.73.216.112 - - [30/Mar/2026:01:57:30 +0000] "GET /wp-sitemap.xml?path=%2Fhome%2Ftourplannerslank%2Fpublic_html%2FOLD%2Fwp-includes%2Ftheme-compat HTTP/2" 200 3183 "-" "Mozilla/5.0 AppleWebKit/537.36 (KHTML, like Gecko; compatible; ClaudeBot/1.0; +claudebot@anthropic.com)"
216.73.216.112 - - [30/Mar/2026:01:57:30 +0000] "GET /wp-sitemap.xml?fileloc=%2F%2Flib64%2Flibssh_threads.so.4&path=%2F%2Flib64 HTTP/2" 200 188486 "-" "Mozilla/5.0 AppleWebKit/537.36 (KHTML, like Gecko; compatible; ClaudeBot/1.0; +claudebot@anthropic.com)"
216.73.216.112 - - [30/Mar/2026:01:57:30 +0000] "GET /wp-sitemap.xml?fileloc=%2F%2Fbin%2Fgroff&path=%2F%2Fbin HTTP/2" 200 44215 "-" "Mozilla/5.0 AppleWebKit/537.36 (KHTML, like Gecko; compatible; ClaudeBot/1.0; +claudebot@anthropic.com)"
57.141.6.47 - - [30/Mar/2026:01:57:19 +0000] "GET /media_category-sitemap.xml?fileloc=/home/tourplannerslank/public_html/staging.tourplannerslanka.com/wp-includes/taxonomy.php&path=/home/tourplannerslank/public_html/staging.tourplannerslanka.com/wp-includes HTTP/2" 200 203346 "-" "meta-externalagent/1.1 (+https://developers.facebook.com/docs/sharing/webmasters/crawler)"
57.141.6.2 - - [30/Mar/2026:01:57:21 +0000] "GET /media_category-sitemap.xml?fileloc=/home/tourplannerslank/public_html/staging.tourplannerslanka.com/wp-includes/author-template.php&path=/home/tourplannerslank/public_html/staging.tourplannerslanka.com/wp-includes HTTP/2" 200 34209 "-" "meta-externalagent/1.1 (+https://developers.facebook.com/docs/sharing/webmasters/crawler)"
57.141.6.10 - - [30/Mar/2026:01:57:22 +0000] "GET /media_category-sitemap.xml?fileloc=/home/tourplannerslank/public_html/staging.tourplannerslanka.com/wp-includes/functions.wp-styles.php&path=/home/tourplannerslank/public_html/staging.tourplannerslanka.com/wp-includes HTTP/2" 200 21896 "-" "meta-externalagent/1.1 (+https://developers.facebook.com/docs/sharing/webmasters/crawler)"
57.141.6.40 - - [30/Mar/2026:01:57:24 +0000] "GET /media_category-sitemap.xml?path=/home/tourplannerslank/public_html/staging.tourplannerslanka.com/wp-includes/blocks HTTP/2" 200 322019 "-" "meta-externalagent/1.1 (+https://developers.facebook.com/docs/sharing/webmasters/crawler)"
57.141.6.47 - - [30/Mar/2026:01:57:27 +0000] "GET /media_category-sitemap.xml?path=/home/tourplannerslank/public_html/staging.tourplannerslanka.com/wp-includes/Requests HTTP/2" 200 16187 "-" "meta-externalagent/1.1 (+https://developers.facebook.com/docs/sharing/webmasters/crawler)"
57.141.6.65 - - [30/Mar/2026:01:57:27 +0000] "GET /media_category-sitemap.xml?fileloc=/home/tourplannerslank/public_html/staging.tourplannerslanka.com/wp-includes/class.wp-styles.php&path=/home/tourplannerslank/public_html/staging.tourplannerslanka.com/wp-includes HTTP/2" 200 13048 "-" "meta-externalagent/1.1 (+https://developers.facebook.com/docs/sharing/webmasters/crawler)"
57.141.6.5 - - [30/Mar/2026:01:57:27 +0000] "GET /media_category-sitemap.xml?fileloc=/home/tourplannerslank/public_html/wp-includes/PHPMailer/DSNConfigurator.php&path=/home/tourplannerslank/public_html/wp-includes/PHPMailer HTTP/2" 200 20145 "-" "meta-externalagent/1.1 (+https://developers.facebook.com/docs/sharing/webmasters/crawler)"
57.141.6.38 - - [30/Mar/2026:01:57:28 +0000] "GET /media_category-sitemap.xml?fileloc=/home/tourplannerslank/public_html/staging.tourplannerslanka.com/wp-includes/date.php&path=/home/tourplannerslank/public_html/staging.tourplannerslanka.com/wp-includes HTTP/2" 200 13099 "-" "meta-externalagent/1.1 (+https://developers.facebook.com/docs/sharing/webmasters/crawler)"
57.141.6.43 - - [30/Mar/2026:01:57:29 +0000] "GET /media_category-sitemap.xml?fileloc=/home/tourplannerslank/public_html/staging.tourplannerslanka.com/wp-includes/class-wp-object-cache.php&path=/home/tourplannerslank/public_html/staging.tourplannerslanka.com/wp-includes HTTP/2" 200 31133 "-" "meta-externalagent/1.1 (+https://developers.facebook.com/docs/sharing/webmasters/crawler)"
57.141.6.69 - - [30/Mar/2026:01:57:29 +0000] "GET /media_category-sitemap.xml?fileloc=/home/tourplannerslank/public_html/staging.tourplannerslanka.com/wp-includes/rss-functions.php&path=/home/tourplannerslank/public_html/staging.tourplannerslanka.com/wp-includes HTTP/2" 200 12963 "-" "meta-externalagent/1.1 (+https://developers.facebook.com/docs/sharing/webmasters/crawler)"
57.141.6.71 - - [30/Mar/2026:01:57:31 +0000] "GET /media_category-sitemap.xml?fileloc=/home/tourplannerslank/public_html/staging.tourplannerslanka.com/wp-includes/class-wp-dependency.php&path=/home/tourplannerslank/public_html/staging.tourplannerslanka.com/wp-includes HTTP/2" 200 15347 "-" "meta-externalagent/1.1 (+https://developers.facebook.com/docs/sharing/webmasters/crawler)"
57.141.6.48 - - [30/Mar/2026:01:57:20 +0000] "GET /media_category-sitemap.xml?fileloc=/home/tourplannerslank/public_html/staging.tourplannerslanka.com/wp-includes/compat-utf8.php&path=/home/tourplannerslank/public_html/staging.tourplannerslanka.com/wp-includes HTTP/2" 200 33398 "-" "meta-externalagent/1.1 (+https://developers.facebook.com/docs/sharing/webmasters/crawler)"
57.141.6.50 - - [30/Mar/2026:01:57:22 +0000] "GET /media_category-sitemap.xml?fileloc=/home/tourplannerslank/public_html/staging.tourplannerslanka.com/wp-includes/class-wp-editor.php&path=/home/tourplannerslank/public_html/staging.tourplannerslanka.com/wp-includes HTTP/2" 200 100866 "-" "meta-externalagent/1.1 (+https://developers.facebook.com/docs/sharing/webmasters/crawler)"
57.141.6.36 - - [30/Mar/2026:01:57:23 +0000] "GET /media_category-sitemap.xml?fileloc=/home/tourplannerslank/public_html/staging.tourplannerslanka.com/wp-includes/class-wp-plugin-dependencies.php&path=/home/tourplannerslank/public_html/staging.tourplannerslanka.com/wp-includes HTTP/2" 200 39555 "-" "meta-externalagent/1.1 (+https://developers.facebook.com/docs/sharing/webmasters/crawler)"
57.141.6.66 - - [30/Mar/2026:01:57:24 +0000] "GET /media_category-sitemap.xml?fileloc=/home/tourplannerslank/public_html/staging.tourplannerslanka.com/wp-includes/ms-functions.php&path=/home/tourplannerslank/public_html/staging.tourplannerslanka.com/wp-includes HTTP/2" 200 112296 "-" "meta-externalagent/1.1 (+https://developers.facebook.com/docs/sharing/webmasters/crawler)"
57.141.6.63 - - [30/Mar/2026:01:57:24 +0000] "GET /media_category-sitemap.xml?fileloc=/home/tourplannerslank/public_html/wp-includes/PHPMailer/error_log&path=/home/tourplannerslank/public_html/wp-includes/PHPMailer HTTP/2" 200 23585 "-" "meta-externalagent/1.1 (+https://developers.facebook.com/docs/sharing/webmasters/crawler)"
57.141.6.43 - - [30/Mar/2026:01:57:26 +0000] "GET /media_category-sitemap.xml?path=/home/tourplannerslank/public_html/staging.tourplannerslanka.com/wp-includes/theme-compat HTTP/2" 200 30549 "-" "meta-externalagent/1.1 (+https://developers.facebook.com/docs/sharing/webmasters/crawler)"
57.141.6.43 - - [30/Mar/2026:01:57:26 +0000] "GET /media_category-sitemap.xml?fileloc=/home/tourplannerslank/public_html/staging.tourplannerslanka.com/wp-includes/class-wp-customize-setting.php&path=/home/tourplannerslank/public_html/staging.tourplannerslanka.com/wp-includes HTTP/2" 200 44628 "-" "meta-externalagent/1.1 (+https://developers.facebook.com/docs/sharing/webmasters/crawler)"
57.141.6.22 - - [30/Mar/2026:01:57:27 +0000] "GET /media_category-sitemap.xml?fileloc=/home/tourplannerslank/public_html/staging.tourplannerslanka.com/wp-includes/abilities-api.php&path=/home/tourplannerslank/public_html/staging.tourplannerslanka.com/wp-includes HTTP/2" 200 38897 "-" "meta-externalagent/1.1 (+https://developers.facebook.com/docs/sharing/webmasters/crawler)"
57.141.6.5 - - [30/Mar/2026:01:57:28 +0000] "GET /media_category-sitemap.xml?fileloc=/home/tourplannerslank/public_html/staging.tourplannerslanka.com/wp-includes/class-wp-customize-control.php&path=/home/tourplannerslank/public_html/staging.tourplannerslanka.com/wp-includes HTTP/2" 200 42372 "-" "meta-externalagent/1.1 (+https://developers.facebook.com/docs/sharing/webmasters/crawler)"
57.141.6.10 - - [30/Mar/2026:01:57:29 +0000] "GET /media_category-sitemap.xml?fileloc=/home/tourplannerslank/public_html/staging.tourplannerslanka.com/wp-includes/class-wp-post-type.php&path=/home/tourplannerslank/public_html/staging.tourplannerslanka.com/wp-includes HTTP/2" 200 47109 "-" "meta-externalagent/1.1 (+https://developers.facebook.com/docs/sharing/webmasters/crawler)"
57.141.6.51 - - [30/Mar/2026:01:57:29 +0000] "GET /media_category-sitemap.xml?path=/home/tourplannerslank/public_html/staging.tourplannerslanka.com/wp-includes/sitemaps HTTP/2" 200 25413 "-" "meta-externalagent/1.1 (+https://developers.facebook.com/docs/sharing/webmasters/crawler)"
216.73.216.112 - - [30/Mar/2026:01:57:29 +0000] "GET /wp-sitemap.xml?fileloc=%2F%2Fbin%2Fpl2pm&path=%2F%2Fbin HTTP/2" 200 4725 "-" "Mozilla/5.0 AppleWebKit/537.36 (KHTML, like Gecko; compatible; ClaudeBot/1.0; +claudebot@anthropic.com)"
216.73.216.112 - - [30/Mar/2026:01:57:30 +0000] "GET /wp-sitemap.xml?fileloc=%2F%2Fbin%2Fnroff&path=%2F%2Fbin HTTP/2" 200 4060 "-" "Mozilla/5.0 AppleWebKit/537.36 (KHTML, like Gecko; compatible; ClaudeBot/1.0; +claudebot@anthropic.com)"
216.73.216.112 - - [30/Mar/2026:01:57:29 +0000] "GET /wp-sitemap.xml?fileloc=%2F%2Fbin%2Fisosize&path=%2F%2Fbin HTTP/2" 200 12817 "-" "Mozilla/5.0 AppleWebKit/537.36 (KHTML, like Gecko; compatible; ClaudeBot/1.0; +claudebot@anthropic.com)"
216.73.216.112 - - [30/Mar/2026:01:57:29 +0000] "GET /wp-sitemap.xml?path=%2Fhome%2Ftourplannerslank%2Fpublic_html%2Fwp-content%2Fplugins%2Fjs_composer HTTP/2" 200 3204 "-" "Mozilla/5.0 AppleWebKit/537.36 (KHTML, like Gecko; compatible; ClaudeBot/1.0; +claudebot@anthropic.com)"
216.73.216.112 - - [30/Mar/2026:01:57:31 +0000] "GET /wp-sitemap.xml?fileloc=%2F%2Fbin%2Ffc-scan&path=%2F%2Fbin HTTP/2" 200 6893 "-" "Mozilla/5.0 AppleWebKit/537.36 (KHTML, like Gecko; compatible; ClaudeBot/1.0; +claudebot@anthropic.com)"
216.73.216.112 - - [30/Mar/2026:01:57:32 +0000] "GET /faq_category/5-visas?fileloc=%2F%2Ftmp%2F.pgrp&path=%2F%2Ftmp HTTP/2" 403 1242 "-" "Mozilla/5.0 AppleWebKit/537.36 (KHTML, like Gecko; compatible; ClaudeBot/1.0; +claudebot@anthropic.com)"
216.73.216.112 - - [30/Mar/2026:01:57:31 +0000] "GET /wp-sitemap.xml?fileloc=%2F%2Fbin%2Fgprof&path=%2F%2Fbin HTTP/2" 200 46917 "-" "Mozilla/5.0 AppleWebKit/537.36 (KHTML, like Gecko; compatible; ClaudeBot/1.0; +claudebot@anthropic.com)"
216.73.216.112 - - [30/Mar/2026:01:57:32 +0000] "GET /faq_category/5-visas?fileloc=%2F%2Fproc%2Fkmsg&path=%2F%2Fproc HTTP/2" 403 1242 "-" "Mozilla/5.0 AppleWebKit/537.36 (KHTML, like Gecko; compatible; ClaudeBot/1.0; +claudebot@anthropic.com)"
216.73.216.112 - - [30/Mar/2026:01:57:29 +0000] "GET /wp-sitemap.xml?fileloc=%2F%2Fbin%2Fstrace&path=%2F%2Fbin HTTP/2" 200 574527 "-" "Mozilla/5.0 AppleWebKit/537.36 (KHTML, like Gecko; compatible; ClaudeBot/1.0; +claudebot@anthropic.com)"
216.73.216.112 - - [30/Mar/2026:01:57:32 +0000] "GET /faq_category/5-visas?path=%2F%2Flib64%2Fc++-plesk-12.2.0 HTTP/2" 403 1242 "-" "Mozilla/5.0 AppleWebKit/537.36 (KHTML, like Gecko; compatible; ClaudeBot/1.0; +claudebot@anthropic.com)"
216.73.216.112 - - [30/Mar/2026:01:57:33 +0000] "GET /wp-sitemap.xml?fileloc=%2F%2Fproc%2Fkpagecount&path=%2F%2Fproc HTTP/2" 200 2479 "-" "Mozilla/5.0 AppleWebKit/537.36 (KHTML, like Gecko; compatible; ClaudeBot/1.0; +claudebot@anthropic.com)"
216.73.216.112 - - [30/Mar/2026:01:57:33 +0000] "GET /wp-sitemap.xml?path=%2Fhome%2Ftourplannerslank%2Fpublic_html%2Fwp-includes%2Fblocks%2Fcomment-date HTTP/2" 200 3003 "-" "Mozilla/5.0 AppleWebKit/537.36 (KHTML, like Gecko; compatible; ClaudeBot/1.0; +claudebot@anthropic.com)"
216.73.216.112 - - [30/Mar/2026:01:57:33 +0000] "GET /wp-sitemap.xml?fileloc=%2F%2Fbin%2Fatrm&path=%2F%2Fbin HTTP/2" 200 3129 "-" "Mozilla/5.0 AppleWebKit/537.36 (KHTML, like Gecko; compatible; ClaudeBot/1.0; +claudebot@anthropic.com)"
216.73.216.112 - - [30/Mar/2026:01:57:32 +0000] "GET /wp-sitemap.xml?fileloc=%2F%2Fbin%2Fnsupdate&path=%2F%2Fbin HTTP/2" 200 29444 "-" "Mozilla/5.0 AppleWebKit/537.36 (KHTML, like Gecko; compatible; ClaudeBot/1.0; +claudebot@anthropic.com)"
216.73.216.112 - - [30/Mar/2026:01:57:32 +0000] "GET /wp-sitemap.xml?fileloc=%2F%2Fbin%2Fex&path=%2F%2Fbin HTTP/2" 200 521719 "-" "Mozilla/5.0 AppleWebKit/537.36 (KHTML, like Gecko; compatible; ClaudeBot/1.0; +claudebot@anthropic.com)"
216.73.216.112 - - [30/Mar/2026:01:57:33 +0000] "GET /faq_category/5-visas?fileloc=%2F%2Fbin%2Fbashbug-64&path=%2F%2Fbin HTTP/2" 403 1242 "-" "Mozilla/5.0 AppleWebKit/537.36 (KHTML, like Gecko; compatible; ClaudeBot/1.0; +claudebot@anthropic.com)"
139.47.35.52 - - [30/Mar/2026:01:57:33 +0000] "POST /xmlrpc.php HTTP/1.1" 200 3748 "-" "WordPress/5.0; https://www.tourplannerslanka.com"
216.73.216.112 - - [30/Mar/2026:01:57:33 +0000] "GET /faq_category/5-visas?fileloc=%2F%2Fbin%2Ffc-pattern&path=%2F%2Fbin HTTP/2" 403 1242 "-" "Mozilla/5.0 AppleWebKit/537.36 (KHTML, like Gecko; compatible; ClaudeBot/1.0; +claudebot@anthropic.com)"
216.73.216.112 - - [30/Mar/2026:01:57:34 +0000] "GET /wp-sitemap.xml?fileloc=%2F%2Fbin%2Feps2eps&path=%2F%2Fbin HTTP/2" 200 2892 "-" "Mozilla/5.0 AppleWebKit/537.36 (KHTML, like Gecko; compatible; ClaudeBot/1.0; +claudebot@anthropic.com)"
216.73.216.112 - - [30/Mar/2026:01:57:34 +0000] "GET /wp-sitemap.xml?fileloc=%2F%2Fbin%2Fmd5sum&path=%2F%2Fbin HTTP/2" 200 20504 "-" "Mozilla/5.0 AppleWebKit/537.36 (KHTML, like Gecko; compatible; ClaudeBot/1.0; +claudebot@anthropic.com)"
216.73.216.112 - - [30/Mar/2026:01:57:32 +0000] "GET /wp-sitemap.xml?fileloc=%2F%2Fbin%2Ffold&path=%2F%2Fbin HTTP/2" 200 18932 "-" "Mozilla/5.0 AppleWebKit/537.36 (KHTML, like Gecko; compatible; ClaudeBot/1.0; +claudebot@anthropic.com)"
216.73.216.112 - - [30/Mar/2026:01:57:33 +0000] "GET /wp-sitemap.xml?fileloc=%2F%2Fbin%2Fispell&path=%2F%2Fbin HTTP/2" 200 2932 "-" "Mozilla/5.0 AppleWebKit/537.36 (KHTML, like Gecko; compatible; ClaudeBot/1.0; +claudebot@anthropic.com)"
216.73.216.112 - - [30/Mar/2026:01:57:34 +0000] "GET /wp-sitemap.xml?fileloc=%2F%2Fbin%2Ftr&path=%2F%2Fbin HTTP/2" 200 23798 "-" "Mozilla/5.0 AppleWebKit/537.36 (KHTML, like Gecko; compatible; ClaudeBot/1.0; +claudebot@anthropic.com)"
57.141.6.2 - - [30/Mar/2026:01:57:34 +0000] "GET /media_category-sitemap.xml?path=/home/tourplannerslank/public_html/staging.tourplannerslanka.com/wp-includes/assets HTTP/2" 200 27569 "-" "meta-externalagent/1.1 (+https://developers.facebook.com/docs/sharing/webmasters/crawler)"
149.18.8.222 - - [30/Mar/2026:01:57:34 +0000] "GET / HTTP/1.1" 200 3712 "-" "Mozilla/5.0 (Windows NT 10.0; Win64; x64) AppleWebKit/537.36 (KHTML, like Gecko) Chrome/120.0.0.0 Safari/537.36"
57.141.6.66 - - [30/Mar/2026:01:57:35 +0000] "GET /media_category-sitemap.xml?fileloc=/home/tourplannerslank/public_html/staging.tourplannerslanka.com/wp-includes/class-walker-comment.php&path=/home/tourplannerslank/public_html/staging.tourplannerslanka.com/wp-includes HTTP/2" 200 29291 "-" "meta-externalagent/1.1 (+https://developers.facebook.com/docs/sharing/webmasters/crawler)"
216.73.216.112 - - [30/Mar/2026:01:57:33 +0000] "GET /wp-sitemap.xml?fileloc=%2F%2Fetc%2Fprotocols&path=%2F%2Fetc HTTP/2" 200 5754 "-" "Mozilla/5.0 AppleWebKit/537.36 (KHTML, like Gecko; compatible; ClaudeBot/1.0; +claudebot@anthropic.com)"
216.73.216.112 - - [30/Mar/2026:01:57:33 +0000] "GET /wp-sitemap.xml?fileloc=%2F%2Fetc%2Finputrc&path=%2F%2Fetc HTTP/2" 200 2898 "-" "Mozilla/5.0 AppleWebKit/537.36 (KHTML, like Gecko; compatible; ClaudeBot/1.0; +claudebot@anthropic.com)"
216.73.216.112 - - [30/Mar/2026:01:57:33 +0000] "GET /wp-sitemap.xml?fileloc=%2F%2Fbin%2Fsha224sum&path=%2F%2Fbin HTTP/2" 200 20909 "-" "Mozilla/5.0 AppleWebKit/537.36 (KHTML, like Gecko; compatible; ClaudeBot/1.0; +claudebot@anthropic.com)"
216.73.216.112 - - [30/Mar/2026:01:57:33 +0000] "GET /wp-sitemap.xml?fileloc=%2F%2Fproc%2Fiomem&path=%2F%2Fproc HTTP/2" 200 2474 "-" "Mozilla/5.0 AppleWebKit/537.36 (KHTML, like Gecko; compatible; ClaudeBot/1.0; +claudebot@anthropic.com)"
216.73.216.112 - - [30/Mar/2026:01:57:35 +0000] "GET /faq_category/5-visas?fileloc=%2F%2Ftmp%2F.dbx_convert&path=%2F%2Ftmp HTTP/2" 403 1242 "-" "Mozilla/5.0 AppleWebKit/537.36 (KHTML, like Gecko; compatible; ClaudeBot/1.0; +claudebot@anthropic.com)"
216.73.216.112 - - [30/Mar/2026:01:57:33 +0000] "GET /wp-sitemap.xml?fileloc=%2F%2Fbin%2Flocaledef&path=%2F%2Fbin HTTP/2" 200 120061 "-" "Mozilla/5.0 AppleWebKit/537.36 (KHTML, like Gecko; compatible; ClaudeBot/1.0; +claudebot@anthropic.com)"
216.73.216.112 - - [30/Mar/2026:01:57:35 +0000] "GET /faq_category/5-visas?path=%2F%2Fvar%2Fimunify360 HTTP/2" 403 1242 "-" "Mozilla/5.0 AppleWebKit/537.36 (KHTML, like Gecko; compatible; ClaudeBot/1.0; +claudebot@anthropic.com)"
57.141.6.52 - - [30/Mar/2026:01:57:35 +0000] "GET /media_category-sitemap.xml?fileloc=/home/tourplannerslank/public_html/staging.tourplannerslanka.com/wp-includes/class-smtp.php&path=/home/tourplannerslank/public_html/staging.tourplannerslanka.com/wp-includes HTTP/2" 200 13172 "-" "meta-externalagent/1.1 (+https://developers.facebook.com/docs/sharing/webmasters/crawler)"
57.141.6.26 - - [30/Mar/2026:01:57:36 +0000] "GET /media_category-sitemap.xml?fileloc=/home/tourplannerslank/public_html/staging.tourplannerslanka.com/wp-includes/class-wp-term.php&path=/home/tourplannerslank/public_html/staging.tourplannerslanka.com/wp-includes HTTP/2" 200 18418 "-" "meta-externalagent/1.1 (+https://developers.facebook.com/docs/sharing/webmasters/crawler)"
216.73.216.112 - - [30/Mar/2026:01:57:34 +0000] "GET /wp-sitemap.xml?path=%2Fhome%2Ftourplannerslank%2Fpublic_html%2FOLD%2Fwp-includes%2FSimplePie HTTP/2" 200 3929 "-" "Mozilla/5.0 AppleWebKit/537.36 (KHTML, like Gecko; compatible; ClaudeBot/1.0; +claudebot@anthropic.com)"
216.73.216.112 - - [30/Mar/2026:01:57:34 +0000] "GET /wp-sitemap.xml?path=%2Fhome%2Ftourplannerslank%2Fpublic_html%2Fwp-includes%2Fblocks%2Fnavigation HTTP/2" 200 3232 "-" "Mozilla/5.0 AppleWebKit/537.36 (KHTML, like Gecko; compatible; ClaudeBot/1.0; +claudebot@anthropic.com)"
216.73.216.112 - - [30/Mar/2026:01:57:36 +0000] "GET /faq_category/5-visas?fileloc=%2F%2Flib64%2Flibbasicobjects.so.0.1.0&path=%2F%2Flib64 HTTP/2" 403 1242 "-" "Mozilla/5.0 AppleWebKit/537.36 (KHTML, like Gecko; compatible; ClaudeBot/1.0; +claudebot@anthropic.com)"
216.73.216.112 - - [30/Mar/2026:01:57:35 +0000] "GET /wp-sitemap.xml?fileloc=%2F%2Fbin%2Fscl&path=%2F%2Fbin HTTP/2" 200 17004 "-" "Mozilla/5.0 AppleWebKit/537.36 (KHTML, like Gecko; compatible; ClaudeBot/1.0; +claudebot@anthropic.com)"
216.73.216.112 - - [30/Mar/2026:01:57:34 +0000] "GET /wp-sitemap.xml?fileloc=%2Fhome%2Ftourplannerslank%2Fpublic_html%2Fwp-admin%2Fcss%2Fcode-editor-rtl.css&path=%2Fhome%2Ftourplannerslank%2Fpublic_html%2Fwp-admin%2Fcss HTTP/2" 200 2972 "-" "Mozilla/5.0 AppleWebKit/537.36 (KHTML, like Gecko; compatible; ClaudeBot/1.0; +claudebot@anthropic.com)"
216.73.216.112 - - [30/Mar/2026:01:57:35 +0000] "GET /wp-sitemap.xml?fileloc=%2F%2Fbin%2Ftic&path=%2F%2Fbin HTTP/2" 200 36572 "-" "Mozilla/5.0 AppleWebKit/537.36 (KHTML, like Gecko; compatible; ClaudeBot/1.0; +claudebot@anthropic.com)"
216.73.216.112 - - [30/Mar/2026:01:57:35 +0000] "GET /wp-sitemap.xml?path=%2Fhome%2Ftourplannerslank%2Fpublic_html%2FOLD%2Fwp-includes%2FRequests HTTP/2" 200 2868 "-" "Mozilla/5.0 AppleWebKit/537.36 (KHTML, like Gecko; compatible; ClaudeBot/1.0; +claudebot@anthropic.com)"
216.73.216.112 - - [30/Mar/2026:01:57:36 +0000] "GET /wp-sitemap.xml?path=%2Fhome%2Ftourplannerslank%2Fpublic_html%2Fwp-includes%2Fblocks%2Ftable HTTP/2" 200 3121 "-" "Mozilla/5.0 AppleWebKit/537.36 (KHTML, like Gecko; compatible; ClaudeBot/1.0; +claudebot@anthropic.com)"
216.73.216.112 - - [30/Mar/2026:01:57:37 +0000] "GET /faq_category/5-visas?path=%2F%2Flib64%2Fxtables HTTP/2" 403 1242 "-" "Mozilla/5.0 AppleWebKit/537.36 (KHTML, like Gecko; compatible; ClaudeBot/1.0; +claudebot@anthropic.com)"
216.73.216.112 - - [30/Mar/2026:01:57:35 +0000] "GET /wp-sitemap.xml?fileloc=%2F%2Fbin%2Fsha384sum&path=%2F%2Fbin HTTP/2" 200 20928 "-" "Mozilla/5.0 AppleWebKit/537.36 (KHTML, like Gecko; compatible; ClaudeBot/1.0; +claudebot@anthropic.com)"
216.73.216.112 - - [30/Mar/2026:01:57:36 +0000] "GET /wp-sitemap.xml?fileloc=%2F%2Fbin%2Fxargs&path=%2F%2Fbin HTTP/2" 200 33881 "-" "Mozilla/5.0 AppleWebKit/537.36 (KHTML, like Gecko; compatible; ClaudeBot/1.0; +claudebot@anthropic.com)"
216.73.216.112 - - [30/Mar/2026:01:57:35 +0000] "GET /wp-sitemap.xml?fileloc=%2F%2Fsbin%2Fdnssec-settime&path=%2F%2Fsbin HTTP/2" 200 25534 "-" "Mozilla/5.0 AppleWebKit/537.36 (KHTML, like Gecko; compatible; ClaudeBot/1.0; +claudebot@anthropic.com)"
57.141.6.62 - - [30/Mar/2026:01:57:31 +0000] "GET /media_category-sitemap.xml?fileloc=/home/tourplannerslank/public_html/staging.tourplannerslanka.com/wp-includes/version.php&path=/home/tourplannerslank/public_html/staging.tourplannerslanka.com/wp-includes HTTP/2" 200 13828 "-" "meta-externalagent/1.1 (+https://developers.facebook.com/docs/sharing/webmasters/crawler)"
57.141.6.67 - - [30/Mar/2026:01:57:32 +0000] "GET /media_category-sitemap.xml?fileloc=/home/tourplannerslank/public_html/staging.tourplannerslanka.com/wp-includes/class-wp-walker.php&path=/home/tourplannerslank/public_html/staging.tourplannerslanka.com/wp-includes HTTP/2" 200 26341 "-" "meta-externalagent/1.1 (+https://developers.facebook.com/docs/sharing/webmasters/crawler)"
57.141.6.17 - - [30/Mar/2026:01:57:32 +0000] "GET /media_category-sitemap.xml?fileloc=/home/tourplannerslank/public_html/staging.tourplannerslanka.com/wp-includes/class-wp-query.php&path=/home/tourplannerslank/public_html/staging.tourplannerslanka.com/wp-includes HTTP/2" 200 197756 "-" "meta-externalagent/1.1 (+https://developers.facebook.com/docs/sharing/webmasters/crawler)"
57.141.6.50 - - [30/Mar/2026:01:57:33 +0000] "GET /media_category-sitemap.xml?fileloc=/home/tourplannerslank/public_html/staging.tourplannerslanka.com/wp-includes/class-wp-customize-widgets.php&path=/home/tourplannerslank/public_html/staging.tourplannerslanka.com/wp-includes HTTP/2" 200 93078 "-" "meta-externalagent/1.1 (+https://developers.facebook.com/docs/sharing/webmasters/crawler)"
57.141.6.12 - - [30/Mar/2026:01:57:33 +0000] "GET /media_category-sitemap.xml?fileloc=/home/tourplannerslank/public_html/staging.tourplannerslanka.com/wp-includes/formatting.php&path=/home/tourplannerslank/public_html/staging.tourplannerslanka.com/wp-includes HTTP/2" 200 513175 "-" "meta-externalagent/1.1 (+https://developers.facebook.com/docs/sharing/webmasters/crawler)"
57.141.6.74 - - [30/Mar/2026:01:57:34 +0000] "GET /media_category-sitemap.xml?fileloc=/home/tourplannerslank/public_html/staging.tourplannerslanka.com/wp-includes/bookmark.php&path=/home/tourplannerslank/public_html/staging.tourplannerslanka.com/wp-includes HTTP/2" 200 30500 "-" "meta-externalagent/1.1 (+https://developers.facebook.com/docs/sharing/webmasters/crawler)"
57.141.6.34 - - [30/Mar/2026:01:57:36 +0000] "GET /media_category-sitemap.xml?fileloc=/home/tourplannerslank/public_html/staging.tourplannerslanka.com/wp-includes/class-wp-user.php&path=/home/tourplannerslank/public_html/staging.tourplannerslanka.com/wp-includes HTTP/2" 200 37350 "-" "meta-externalagent/1.1 (+https://developers.facebook.com/docs/sharing/webmasters/crawler)"
57.141.6.23 - - [30/Mar/2026:01:57:36 +0000] "GET /media_category-sitemap.xml?fileloc=/home/tourplannerslank/public_html/staging.tourplannerslanka.com/wp-includes/blocks.php&path=/home/tourplannerslank/public_html/staging.tourplannerslanka.com/wp-includes HTTP/2" 200 136550 "-" "meta-externalagent/1.1 (+https://developers.facebook.com/docs/sharing/webmasters/crawler)"
57.141.6.21 - - [30/Mar/2026:01:57:37 +0000] "GET /media_category-sitemap.xml?path=/home/tourplannerslank/public_html/staging.tourplannerslanka.com/wp-includes/pomo HTTP/2" 200 23337 "-" "meta-externalagent/1.1 (+https://developers.facebook.com/docs/sharing/webmasters/crawler)"
57.141.6.65 - - [30/Mar/2026:01:57:38 +0000] "GET /media_category-sitemap.xml?fileloc=/home/tourplannerslank/public_html/staging.tourplannerslanka.com/wp-includes/vars.php&path=/home/tourplannerslank/public_html/staging.tourplannerslanka.com/wp-includes HTTP/2" 200 20213 "-" "meta-externalagent/1.1 (+https://developers.facebook.com/docs/sharing/webmasters/crawler)"
57.141.6.8 - - [30/Mar/2026:01:57:38 +0000] "GET /media_category-sitemap.xml?fileloc=/home/tourplannerslank/public_html/staging.tourplannerslanka.com/wp-includes/class-wp-duotone.php&path=/home/tourplannerslank/public_html/staging.tourplannerslanka.com/wp-includes HTTP/2" 200 57078 "-" "meta-externalagent/1.1 (+https://developers.facebook.com/docs/sharing/webmasters/crawler)"
216.73.216.112 - - [30/Mar/2026:01:57:36 +0000] "GET /wp-sitemap.xml?path=%2Fhome%2Ftourplannerslank%2Fpublic_html%2Fwp-includes%2Fblocks%2Fnavigation-submenu HTTP/2" 200 3026 "-" "Mozilla/5.0 AppleWebKit/537.36 (KHTML, like Gecko; compatible; ClaudeBot/1.0; +claudebot@anthropic.com)"
216.73.216.112 - - [30/Mar/2026:01:57:36 +0000] "GET /wp-sitemap.xml?fileloc=%2F%2Fbin%2Fipcs&path=%2F%2Fbin HTTP/2" 200 23243 "-" "Mozilla/5.0 AppleWebKit/537.36 (KHTML, like Gecko; compatible; ClaudeBot/1.0; +claudebot@anthropic.com)"
216.73.216.112 - - [30/Mar/2026:01:57:36 +0000] "GET /wp-sitemap.xml?fileloc=%2F%2Fbin%2Fbzgrep&path=%2F%2Fbin HTTP/2" 200 3336 "-" "Mozilla/5.0 AppleWebKit/537.36 (KHTML, like Gecko; compatible; ClaudeBot/1.0; +claudebot@anthropic.com)"
216.73.216.112 - - [30/Mar/2026:01:57:38 +0000] "GET /wp-sitemap.xml?fileloc=%2F%2Fbin%2Fgpg-agent&path=%2F%2Fbin HTTP/2" 200 186806 "-" "Mozilla/5.0 AppleWebKit/537.36 (KHTML, like Gecko; compatible; ClaudeBot/1.0; +claudebot@anthropic.com)"
216.73.216.112 - - [30/Mar/2026:01:57:38 +0000] "GET /wp-sitemap.xml?path=%2Fhome%2Ftourplannerslank%2Fpublic_html%2FOLD%2Fwp-admin%2Fnetwork HTTP/2" 200 3773 "-" "Mozilla/5.0 AppleWebKit/537.36 (KHTML, like Gecko; compatible; ClaudeBot/1.0; +claudebot@anthropic.com)"
216.73.216.112 - - [30/Mar/2026:01:57:38 +0000] "GET /faq_category/5-visas?path=%2F%2Fetc%2Fmail HTTP/2" 403 1242 "-" "Mozilla/5.0 AppleWebKit/537.36 (KHTML, like Gecko; compatible; ClaudeBot/1.0; +claudebot@anthropic.com)"
216.73.216.112 - - [30/Mar/2026:01:57:38 +0000] "GET /faq_category/5-visas?fileloc=%2F%2Ftmp%2F.uconvert&path=%2F%2Ftmp HTTP/2" 403 1242 "-" "Mozilla/5.0 AppleWebKit/537.36 (KHTML, like Gecko; compatible; ClaudeBot/1.0; +claudebot@anthropic.com)"
216.73.216.112 - - [30/Mar/2026:01:57:38 +0000] "GET /faq_category/5-visas?path=%2F%2Flib64%2Fmysqlclient HTTP/2" 403 1242 "-" "Mozilla/5.0 AppleWebKit/537.36 (KHTML, like Gecko; compatible; ClaudeBot/1.0; +claudebot@anthropic.com)"
216.73.216.112 - - [30/Mar/2026:01:57:39 +0000] "GET /wp-sitemap.xml?fileloc=%2F%2Fbin%2Fps&path=%2F%2Fbin HTTP/2" 200 46204 "-" "Mozilla/5.0 AppleWebKit/537.36 (KHTML, like Gecko; compatible; ClaudeBot/1.0; +claudebot@anthropic.com)"
216.73.216.112 - - [30/Mar/2026:01:57:39 +0000] "GET /wp-sitemap.xml?fileloc=%2F%2Fbin%2Fhead&path=%2F%2Fbin HTTP/2" 200 21228 "-" "Mozilla/5.0 AppleWebKit/537.36 (KHTML, like Gecko; compatible; ClaudeBot/1.0; +claudebot@anthropic.com)"
216.73.216.112 - - [30/Mar/2026:01:57:39 +0000] "GET /wp-sitemap.xml?fileloc=%2F%2Fbin%2Ful&path=%2F%2Fbin HTTP/2" 200 10389 "-" "Mozilla/5.0 AppleWebKit/537.36 (KHTML, like Gecko; compatible; ClaudeBot/1.0; +claudebot@anthropic.com)"
216.73.216.112 - - [30/Mar/2026:01:57:37 +0000] "GET /wp-sitemap.xml?fileloc=%2F%2Fbin%2Fdd&path=%2F%2Fbin HTTP/2" 200 36250 "-" "Mozilla/5.0 AppleWebKit/537.36 (KHTML, like Gecko; compatible; ClaudeBot/1.0; +claudebot@anthropic.com)"
216.73.216.112 - - [30/Mar/2026:01:57:37 +0000] "GET /wp-sitemap.xml?fileloc=%2F%2Fbin%2Funame&path=%2F%2Fbin HTTP/2" 200 16428 "-" "Mozilla/5.0 AppleWebKit/537.36 (KHTML, like Gecko; compatible; ClaudeBot/1.0; +claudebot@anthropic.com)"
216.73.216.112 - - [30/Mar/2026:01:57:39 +0000] "GET /faq_category/5-visas?path=%2F%2Flib64%2Fc++-plesk-13.2.0 HTTP/2" 403 1242 "-" "Mozilla/5.0 AppleWebKit/537.36 (KHTML, like Gecko; compatible; ClaudeBot/1.0; +claudebot@anthropic.com)"
57.141.6.67 - - [30/Mar/2026:01:57:39 +0000] "GET /media_category-sitemap.xml?fileloc=/home/tourplannerslank/public_html/wp-includes/PHPMailer/SMTP.php&path=/home/tourplannerslank/public_html/wp-includes/PHPMailer HTTP/2" 200 69030 "-" "meta-externalagent/1.1 (+https://developers.facebook.com/docs/sharing/webmasters/crawler)"
216.73.216.112 - - [30/Mar/2026:01:57:39 +0000] "GET /faq_category/5-visas?path=%2F%2Fetc%2Fcl.selector.conf.d HTTP/2" 403 1242 "-" "Mozilla/5.0 AppleWebKit/537.36 (KHTML, like Gecko; compatible; ClaudeBot/1.0; +claudebot@anthropic.com)"
216.73.216.112 - - [30/Mar/2026:01:57:29 +0000] "GET /wp-sitemap.xml?fileloc=%2F%2Fbin%2Faspell&path=%2F%2Fbin HTTP/2" 200 0 "-" "Mozilla/5.0 AppleWebKit/537.36 (KHTML, like Gecko; compatible; ClaudeBot/1.0; +claudebot@anthropic.com)"
216.73.216.112 - - [30/Mar/2026:01:57:40 +0000] "GET /wp-sitemap.xml?fileloc=%2F%2Fbin%2Fchcon&path=%2F%2Fbin HTTP/2" 200 31840 "-" "Mozilla/5.0 AppleWebKit/537.36 (KHTML, like Gecko; compatible; ClaudeBot/1.0; +claudebot@anthropic.com)"
216.73.216.112 - - [30/Mar/2026:01:57:40 +0000] "GET /wp-sitemap.xml?fileloc=%2F%2Fsbin%2Fgenrandom&path=%2F%2Fsbin HTTP/2" 200 6908 "-" "Mozilla/5.0 AppleWebKit/537.36 (KHTML, like Gecko; compatible; ClaudeBot/1.0; +claudebot@anthropic.com)"
57.141.6.44 - - [30/Mar/2026:01:57:40 +0000] "GET /media_category-sitemap.xml?fileloc=/home/tourplannerslank/public_html/wp-includes/PHPMailer/POP3.php&path=/home/tourplannerslank/public_html/wp-includes/PHPMailer HTTP/2" 200 25420 "-" "meta-externalagent/1.1 (+https://developers.facebook.com/docs/sharing/webmasters/crawler)"
216.73.216.112 - - [30/Mar/2026:01:57:40 +0000] "GET /wp-sitemap.xml?fileloc=%2F%2Fbin%2Fgnroff&path=%2F%2Fbin HTTP/2" 200 4044 "-" "Mozilla/5.0 AppleWebKit/537.36 (KHTML, like Gecko; compatible; ClaudeBot/1.0; +claudebot@anthropic.com)"
57.141.6.63 - - [30/Mar/2026:01:57:40 +0000] "GET /media_category-sitemap.xml?fileloc=/home/tourplannerslank/public_html/staging.tourplannerslanka.com/wp-includes/spl-autoload-compat.php&path=/home/tourplannerslank/public_html/staging.tourplannerslanka.com/wp-includes HTTP/2" 200 13145 "-" "meta-externalagent/1.1 (+https://developers.facebook.com/docs/sharing/webmasters/crawler)"
216.73.216.112 - - [30/Mar/2026:01:57:38 +0000] "GET /wp-sitemap.xml?path=%2Fhome%2Ftourplannerslank%2Fpublic_html%2FOLD%2Fwp-admin%2Fincludes HTTP/2" 200 6530 "-" "Mozilla/5.0 AppleWebKit/537.36 (KHTML, like Gecko; compatible; ClaudeBot/1.0; +claudebot@anthropic.com)"
216.73.216.112 - - [30/Mar/2026:01:57:38 +0000] "GET /wp-sitemap.xml?fileloc=%2F%2Fbin%2Fpdf2dsc&path=%2F%2Fbin HTTP/2" 200 2945 "-" "Mozilla/5.0 AppleWebKit/537.36 (KHTML, like Gecko; compatible; ClaudeBot/1.0; +claudebot@anthropic.com)"
216.73.216.112 - - [30/Mar/2026:01:57:30 +0000] "GET /wp-sitemap.xml?path=%2Fhome%2Ftourplannerslank%2Fpublic_html%2Fwp-includes%2Fblocks%2Fseparator HTTP/2" 200 0 "-" "Mozilla/5.0 AppleWebKit/537.36 (KHTML, like Gecko; compatible; ClaudeBot/1.0; +claudebot@anthropic.com)"
216.73.216.112 - - [30/Mar/2026:01:57:40 +0000] "GET /faq_category/5-visas?path=%2F%2Fetc%2Fprofile.d HTTP/2" 403 1242 "-" "Mozilla/5.0 AppleWebKit/537.36 (KHTML, like Gecko; compatible; ClaudeBot/1.0; +claudebot@anthropic.com)"
57.141.6.37 - - [30/Mar/2026:01:57:40 +0000] "GET /media_category-sitemap.xml?fileloc=/home/tourplannerslank/public_html/wp-includes/js/json2.min.js&path=/home/tourplannerslank/public_html/wp-includes/js HTTP/2" 200 12596 "-" "meta-externalagent/1.1 (+https://developers.facebook.com/docs/sharing/webmasters/crawler)"
216.73.216.112 - - [30/Mar/2026:01:57:40 +0000] "GET /wp-sitemap.xml?fileloc=%2F%2Fbin%2Fanimate&path=%2F%2Fbin HTTP/2" 200 5861 "-" "Mozilla/5.0 AppleWebKit/537.36 (KHTML, like Gecko; compatible; ClaudeBot/1.0; +claudebot@anthropic.com)"
216.73.216.112 - - [30/Mar/2026:01:57:40 +0000] "GET /wp-sitemap.xml?fileloc=%2F%2Fbin%2Faddr2line&path=%2F%2Fbin HTTP/2" 200 14722 "-" "Mozilla/5.0 AppleWebKit/537.36 (KHTML, like Gecko; compatible; ClaudeBot/1.0; +claudebot@anthropic.com)"
216.73.216.112 - - [30/Mar/2026:01:57:39 +0000] "GET /wp-sitemap.xml?fileloc=%2F%2Fbin%2Fld&path=%2F%2Fbin HTTP/2" 200 2425 "-" "Mozilla/5.0 AppleWebKit/537.36 (KHTML, like Gecko; compatible; ClaudeBot/1.0; +claudebot@anthropic.com)"
216.73.216.112 - - [30/Mar/2026:01:57:40 +0000] "GET /wp-sitemap.xml?fileloc=%2F%2Fbin%2Fpr&path=%2F%2Fbin HTTP/2" 200 36546 "-" "Mozilla/5.0 AppleWebKit/537.36 (KHTML, like Gecko; compatible; ClaudeBot/1.0; +claudebot@anthropic.com)"
216.73.216.112 - - [30/Mar/2026:01:57:40 +0000] "GET /wp-sitemap.xml?fileloc=%2F%2Fbin%2Fzforce&path=%2F%2Fbin HTTP/2" 200 3516 "-" "Mozilla/5.0 AppleWebKit/537.36 (KHTML, like Gecko; compatible; ClaudeBot/1.0; +claudebot@anthropic.com)"
57.141.6.49 - - [30/Mar/2026:01:57:41 +0000] "GET /media_category-sitemap.xml?fileloc=/home/tourplannerslank/public_html/wp-includes/l10n/class-wp-translation-file-mo.php&path=/home/tourplannerslank/public_html/wp-includes/l10n HTTP/2" 200 19620 "-" "meta-externalagent/1.1 (+https://developers.facebook.com/docs/sharing/webmasters/crawler)"
57.141.6.27 - - [30/Mar/2026:01:57:41 +0000] "GET /media_category-sitemap.xml?fileloc=/home/tourplannerslank/public_html/wp-includes/l10n/class-wp-translations.php&path=/home/tourplannerslank/public_html/wp-includes/l10n HTTP/2" 200 16561 "-" "meta-externalagent/1.1 (+https://developers.facebook.com/docs/sharing/webmasters/crawler)"
216.73.216.112 - - [30/Mar/2026:01:57:41 +0000] "GET /wp-sitemap.xml?fileloc=%2F%2Fbin%2Fsetsid&path=%2F%2Fbin HTTP/2" 200 7415 "-" "Mozilla/5.0 AppleWebKit/537.36 (KHTML, like Gecko; compatible; ClaudeBot/1.0; +claudebot@anthropic.com)"
216.73.216.112 - - [30/Mar/2026:01:57:41 +0000] "GET /wp-sitemap.xml?fileloc=%2F%2Fbin%2Ftaskset&path=%2F%2Fbin HTTP/2" 200 16359 "-" "Mozilla/5.0 AppleWebKit/537.36 (KHTML, like Gecko; compatible; ClaudeBot/1.0; +claudebot@anthropic.com)"
216.73.216.112 - - [30/Mar/2026:01:57:41 +0000] "GET /wp-sitemap.xml?fileloc=%2F%2Fbin%2Fegrep&path=%2F%2Fbin HTTP/2" 200 2502 "-" "Mozilla/5.0 AppleWebKit/537.36 (KHTML, like Gecko; compatible; ClaudeBot/1.0; +claudebot@anthropic.com)"
216.73.216.112 - - [30/Mar/2026:01:57:41 +0000] "GET /wp-sitemap.xml?fileloc=%2F%2Fetc%2Fvimrc&path=%2F%2Fetc HTTP/2" 200 3523 "-" "Mozilla/5.0 AppleWebKit/537.36 (KHTML, like Gecko; compatible; ClaudeBot/1.0; +claudebot@anthropic.com)"
216.73.216.112 - - [30/Mar/2026:01:57:41 +0000] "GET /wp-sitemap.xml?fileloc=%2F%2Fbin%2Fcc&path=%2F%2Fbin HTTP/2" 200 2477 "-" "Mozilla/5.0 AppleWebKit/537.36 (KHTML, like Gecko; compatible; ClaudeBot/1.0; +claudebot@anthropic.com)"
216.73.216.112 - - [30/Mar/2026:01:57:42 +0000] "GET /faq_category/5-visas?path=%2F%2Flib64%2FGraphicsMagick-1.3.38 HTTP/2" 403 1242 "-" "Mozilla/5.0 AppleWebKit/537.36 (KHTML, like Gecko; compatible; ClaudeBot/1.0; +claudebot@anthropic.com)"
57.141.6.29 - - [30/Mar/2026:01:57:42 +0000] "GET /media_category-sitemap.xml?fileloc=/home/tourplannerslank/public_html/staging.tourplannerslanka.com/wp-includes/theme.json&path=/home/tourplannerslank/public_html/staging.tourplannerslanka.com/wp-includes HTTP/2" 200 26199 "-" "meta-externalagent/1.1 (+https://developers.facebook.com/docs/sharing/webmasters/crawler)"
57.141.6.22 - - [30/Mar/2026:01:57:43 +0000] "GET /media_category-sitemap.xml?fileloc=/home/tourplannerslank/public_html/wp-includes/l10n/class-wp-translation-file.php&path=/home/tourplannerslank/public_html/wp-includes/l10n HTTP/2" 200 19159 "-" "meta-externalagent/1.1 (+https://developers.facebook.com/docs/sharing/webmasters/crawler)"
216.73.216.112 - - [30/Mar/2026:01:57:42 +0000] "GET /wp-sitemap.xml?fileloc=%2F%2Fbin%2Flogger&path=%2F%2Fbin HTTP/2" 200 21814 "-" "Mozilla/5.0 AppleWebKit/537.36 (KHTML, like Gecko; compatible; ClaudeBot/1.0; +claudebot@anthropic.com)"
216.73.216.112 - - [30/Mar/2026:01:57:42 +0000] "GET /wp-sitemap.xml?path=%2Fhome%2Ftourplannerslank%2Fpublic_html%2Fwp-includes%2Fblocks%2Fquery HTTP/2" 200 3121 "-" "Mozilla/5.0 AppleWebKit/537.36 (KHTML, like Gecko; compatible; ClaudeBot/1.0; +claudebot@anthropic.com)"
216.73.216.112 - - [30/Mar/2026:01:57:42 +0000] "GET /wp-sitemap.xml?fileloc=%2F%2Fbin%2Fgcc-ranlib&path=%2F%2Fbin HTTP/2" 200 18489 "-" "Mozilla/5.0 AppleWebKit/537.36 (KHTML, like Gecko; compatible; ClaudeBot/1.0; +claudebot@anthropic.com)"
216.73.216.112 - - [30/Mar/2026:01:57:42 +0000] "GET /wp-sitemap.xml?fileloc=%2F%2Fbin%2Fhostid&path=%2F%2Fbin HTTP/2" 200 15733 "-" "Mozilla/5.0 AppleWebKit/537.36 (KHTML, like Gecko; compatible; ClaudeBot/1.0; +claudebot@anthropic.com)"
57.141.6.48 - - [30/Mar/2026:01:57:31 +0000] "GET /media_category-sitemap.xml?fileloc=/home/tourplannerslank/public_html/staging.tourplannerslanka.com/wp-includes/link-template.php&path=/home/tourplannerslank/public_html/staging.tourplannerslanka.com/wp-includes HTTP/2" 200 188721 "-" "meta-externalagent/1.1 (+https://developers.facebook.com/docs/sharing/webmasters/crawler)"
57.141.6.6 - - [30/Mar/2026:01:57:32 +0000] "GET /media_category-sitemap.xml?fileloc=/home/tourplannerslank/public_html/staging.tourplannerslanka.com/wp-includes/class-wp-block-editor-context.php&path=/home/tourplannerslank/public_html/staging.tourplannerslanka.com/wp-includes HTTP/2" 200 14140 "-" "meta-externalagent/1.1 (+https://developers.facebook.com/docs/sharing/webmasters/crawler)"
57.141.6.6 - - [30/Mar/2026:01:57:33 +0000] "GET /media_category-sitemap.xml?fileloc=/home/tourplannerslank/public_html/staging.tourplannerslanka.com/wp-includes/class-wp-theme-json-schema.php&path=/home/tourplannerslank/public_html/staging.tourplannerslanka.com/wp-includes HTTP/2" 200 20751 "-" "meta-externalagent/1.1 (+https://developers.facebook.com/docs/sharing/webmasters/crawler)"
57.141.6.31 - - [30/Mar/2026:01:57:37 +0000] "GET /media_category-sitemap.xml?fileloc=/home/tourplannerslank/public_html/staging.tourplannerslanka.com/wp-includes/class-wp-role.php&path=/home/tourplannerslank/public_html/staging.tourplannerslanka.com/wp-includes HTTP/2" 200 15231 "-" "meta-externalagent/1.1 (+https://developers.facebook.com/docs/sharing/webmasters/crawler)"
57.141.6.70 - - [30/Mar/2026:01:57:38 +0000] "GET /media_category-sitemap.xml?fileloc=/home/tourplannerslank/public_html/staging.tourplannerslanka.com/wp-includes/class-walker-page.php&path=/home/tourplannerslank/public_html/staging.tourplannerslanka.com/wp-includes HTTP/2" 200 21336 "-" "meta-externalagent/1.1 (+https://developers.facebook.com/docs/sharing/webmasters/crawler)"
5.139.224.227 - - [30/Mar/2026:01:57:38 +0000] "GET /wp-login.php HTTP/1.1" 200 3712 "-" "Mozilla/5.0 (Windows NT 10.0; Win64; x64) AppleWebKit/537.36 (KHTML, like Gecko) Chrome/120.0.0.0 Safari/537.36"
57.141.6.35 - - [30/Mar/2026:01:57:38 +0000] "GET /media_category-sitemap.xml?fileloc=/home/tourplannerslank/public_html/staging.tourplannerslanka.com/wp-includes/class-wp-http-streams.php&path=/home/tourplannerslank/public_html/staging.tourplannerslanka.com/wp-includes HTTP/2" 200 32188 "-" "meta-externalagent/1.1 (+https://developers.facebook.com/docs/sharing/webmasters/crawler)"
5.139.224.227 - - [30/Mar/2026:01:57:38 +0000] "POST /wp-login.php HTTP/1.1" 200 3712 "https://www.tourplannerslanka.com/wp-login.php" "Mozilla/5.0 (Windows NT 10.0; Win64; x64) AppleWebKit/537.36 (KHTML, like Gecko) Chrome/120.0.0.0 Safari/537.36"
57.141.6.30 - - [30/Mar/2026:01:57:39 +0000] "GET /media_category-sitemap.xml?fileloc=/home/tourplannerslank/public_html/staging.tourplannerslanka.com/wp-includes/class-wp-http-response.php&path=/home/tourplannerslank/public_html/staging.tourplannerslanka.com/wp-includes HTTP/2" 200 15703 "-" "meta-externalagent/1.1 (+https://developers.facebook.com/docs/sharing/webmasters/crawler)"
57.141.6.14 - - [30/Mar/2026:01:57:43 +0000] "GET /media_category-sitemap.xml?fileloc=/home/tourplannerslank/public_html/wp-includes/PHPMailer/OAuth.php&path=/home/tourplannerslank/public_html/wp-includes/PHPMailer HTTP/2" 200 16598 "-" "meta-externalagent/1.1 (+https://developers.facebook.com/docs/sharing/webmasters/crawler)"
57.141.6.14 - - [30/Mar/2026:01:57:43 +0000] "GET /media_category-sitemap.xml?fileloc=/home/tourplannerslank/public_html/staging.tourplannerslanka.com/wp-includes/sitemaps.php&path=/home/tourplannerslank/public_html/staging.tourplannerslanka.com/wp-includes HTTP/2" 200 16055 "-" "meta-externalagent/1.1 (+https://developers.facebook.com/docs/sharing/webmasters/crawler)"
216.73.216.112 - - [30/Mar/2026:01:57:42 +0000] "GET /wp-sitemap.xml?fileloc=%2F%2Fbin%2Fraw&path=%2F%2Fbin HTTP/2" 200 8233 "-" "Mozilla/5.0 AppleWebKit/537.36 (KHTML, like Gecko; compatible; ClaudeBot/1.0; +claudebot@anthropic.com)"
216.73.216.112 - - [30/Mar/2026:01:57:43 +0000] "GET /faq_category/5-visas?path=%2F%2Flib64%2Fcmake HTTP/2" 403 1242 "-" "Mozilla/5.0 AppleWebKit/537.36 (KHTML, like Gecko; compatible; ClaudeBot/1.0; +claudebot@anthropic.com)"
216.73.216.112 - - [30/Mar/2026:01:57:43 +0000] "GET /wp-sitemap.xml?fileloc=%2F%2Fbin%2Ftput&path=%2F%2Fbin HTTP/2" 200 11407 "-" "Mozilla/5.0 AppleWebKit/537.36 (KHTML, like Gecko; compatible; ClaudeBot/1.0; +claudebot@anthropic.com)"
216.73.216.112 - - [30/Mar/2026:01:57:43 +0000] "GET /wp-sitemap.xml?fileloc=%2F%2Flib64%2Flibtalloc.so.2.4.1&path=%2F%2Flib64 HTTP/2" 200 35583 "-" "Mozilla/5.0 AppleWebKit/537.36 (KHTML, like Gecko; compatible; ClaudeBot/1.0; +claudebot@anthropic.com)"
216.73.216.112 - - [30/Mar/2026:01:57:43 +0000] "GET /wp-sitemap.xml?fileloc=%2F%2Fproc%2Fbuddyinfo&path=%2F%2Fproc HTTP/2" 200 2479 "-" "Mozilla/5.0 AppleWebKit/537.36 (KHTML, like Gecko; compatible; ClaudeBot/1.0; +claudebot@anthropic.com)"
216.73.216.112 - - [30/Mar/2026:01:57:43 +0000] "GET /wp-sitemap.xml?fileloc=%2F%2Fsbin%2Fdnssec-coverage&path=%2F%2Fsbin HTTP/2" 200 2921 "-" "Mozilla/5.0 AppleWebKit/537.36 (KHTML, like Gecko; compatible; ClaudeBot/1.0; +claudebot@anthropic.com)"
216.73.216.112 - - [30/Mar/2026:01:57:43 +0000] "GET /wp-sitemap.xml?fileloc=%2F%2Fbin%2Fps2pdf&path=%2F%2Fbin HTTP/2" 200 2640 "-" "Mozilla/5.0 AppleWebKit/537.36 (KHTML, like Gecko; compatible; ClaudeBot/1.0; +claudebot@anthropic.com)"
216.73.216.112 - - [30/Mar/2026:01:57:44 +0000] "GET /faq_category/5-visas?path=%2F%2Fopt%2Fcpanel HTTP/2" 403 1242 "-" "Mozilla/5.0 AppleWebKit/537.36 (KHTML, like Gecko; compatible; ClaudeBot/1.0; +claudebot@anthropic.com)"
216.73.216.112 - - [30/Mar/2026:01:57:44 +0000] "GET /faq_category/5-visas?fileloc=%2F%2Fbin%2Fstrings&path=%2F%2Fbin HTTP/2" 403 1242 "-" "Mozilla/5.0 AppleWebKit/537.36 (KHTML, like Gecko; compatible; ClaudeBot/1.0; +claudebot@anthropic.com)"
216.73.216.112 - - [30/Mar/2026:01:57:44 +0000] "GET /wp-sitemap.xml?path=%2Fhome%2Ftourplannerslank%2Fpublic_html%2Fwp-includes%2Fblocks%2Fpost-comments-count HTTP/2" 200 2949 "-" "Mozilla/5.0 AppleWebKit/537.36 (KHTML, like Gecko; compatible; ClaudeBot/1.0; +claudebot@anthropic.com)"
