216.73.216.112 - - [30/Mar/2026:01:59:32 +0000] "GET /wp-sitemap.xml?fileloc=%2Fhome%2Ftourplannerslank%2Fpublic_html%2Fwp-includes%2Fblocks%2Flegacy-widget.php&path=%2Fhome%2Ftourplannerslank%2Fpublic_html%2Fwp-includes%2Fblocks HTTP/2" 200 4018 "-" "Mozilla/5.0 AppleWebKit/537.36 (KHTML, like Gecko; compatible; ClaudeBot/1.0; +claudebot@anthropic.com)"
216.73.216.112 - - [30/Mar/2026:01:59:32 +0000] "GET /wp-sitemap.xml?fileloc=%2Fhome%2Ftourplannerslank%2Fpublic_html%2FOLD%2Fwp-admin%2Ferase-personal-data.php&path=%2Fhome%2Ftourplannerslank%2Fpublic_html%2FOLD%2Fwp-admin HTTP/2" 200 5352 "-" "Mozilla/5.0 AppleWebKit/537.36 (KHTML, like Gecko; compatible; ClaudeBot/1.0; +claudebot@anthropic.com)"
216.73.216.112 - - [30/Mar/2026:01:59:32 +0000] "GET /wp-sitemap.xml?fileloc=%2F%2Flib64%2Flibfdisk.so.1.1.0&path=%2F%2Flib64 HTTP/2" 200 166627 "-" "Mozilla/5.0 AppleWebKit/537.36 (KHTML, like Gecko; compatible; ClaudeBot/1.0; +claudebot@anthropic.com)"
216.73.216.112 - - [30/Mar/2026:01:59:32 +0000] "GET /wp-sitemap.xml?fileloc=%2F%2Flib64%2Flibldap_r.so&path=%2F%2Flib64 HTTP/2" 200 140430 "-" "Mozilla/5.0 AppleWebKit/537.36 (KHTML, like Gecko; compatible; ClaudeBot/1.0; +claudebot@anthropic.com)"
216.73.216.112 - - [30/Mar/2026:01:59:33 +0000] "GET /faq_category/5-visas?fileloc=%2Fhome%2Ftourplannerslank%2Fpublic_html%2Fwp-admin%2Fincludes%2Fexport.php&path=%2Fhome%2Ftourplannerslank%2Fpublic_html%2Fwp-admin%2Fincludes HTTP/2" 403 1242 "-" "Mozilla/5.0 AppleWebKit/537.36 (KHTML, like Gecko; compatible; ClaudeBot/1.0; +claudebot@anthropic.com)"
216.73.216.112 - - [30/Mar/2026:01:59:33 +0000] "GET /faq_category/5-visas?fileloc=%2Fhome%2Ftourplannerslank%2Fpublic_html%2Fwp-admin%2Fcss%2Fdashboard.min.css&path=%2Fhome%2Ftourplannerslank%2Fpublic_html%2Fwp-admin%2Fcss HTTP/2" 403 1242 "-" "Mozilla/5.0 AppleWebKit/537.36 (KHTML, like Gecko; compatible; ClaudeBot/1.0; +claudebot@anthropic.com)"
216.73.216.112 - - [30/Mar/2026:01:59:33 +0000] "GET /faq_category/5-visas?fileloc=%2F%2Flib64%2Flibncurses++.so.6&path=%2F%2Flib64 HTTP/2" 403 1242 "-" "Mozilla/5.0 AppleWebKit/537.36 (KHTML, like Gecko; compatible; ClaudeBot/1.0; +claudebot@anthropic.com)"
66.249.69.7 - - [30/Mar/2026:01:59:22 +0000] "GET /greatest-real-cash-harbors-internet-sites-us-march-2026/?fileloc=/home/tourplannerslank/public_html/xmlrpc.php&path=/home/tourplannerslank/public_html HTTP/1.1" 200 3958 "-" "Mozilla/5.0 (Linux; Android 6.0.1; Nexus 5X Build/MMB29P) AppleWebKit/537.36 (KHTML, like Gecko) Chrome/146.0.7680.153 Mobile Safari/537.36 (compatible; GoogleOther)"
57.141.6.66 - - [30/Mar/2026:01:59:24 +0000] "GET /media_category-sitemap.xml?fileloc=/home/tourplannerslank/public_html/wp-admin/includes/class-language-pack-upgrader-skin.php&path=/home/tourplannerslank/public_html/wp-admin/includes HTTP/2" 200 15833 "-" "meta-externalagent/1.1 (+https://developers.facebook.com/docs/sharing/webmasters/crawler)"
57.141.6.47 - - [30/Mar/2026:01:59:25 +0000] "GET /media_category-sitemap.xml?fileloc=/home/tourplannerslank/public_html/wp-admin/maint/repair.php&path=/home/tourplannerslank/public_html/wp-admin/maint HTTP/2" 200 22178 "-" "meta-externalagent/1.1 (+https://developers.facebook.com/docs/sharing/webmasters/crawler)"
57.141.6.44 - - [30/Mar/2026:01:59:25 +0000] "GET /media_category-sitemap.xml?fileloc=/home/tourplannerslank/public_html/wp-admin/includes/class-wp-ajax-upgrader-skin.php&path=/home/tourplannerslank/public_html/wp-admin/includes HTTP/2" 200 16919 "-" "meta-externalagent/1.1 (+https://developers.facebook.com/docs/sharing/webmasters/crawler)"
57.141.6.60 - - [30/Mar/2026:01:59:28 +0000] "GET /media_category-sitemap.xml?fileloc=/home/tourplannerslank/public_html/wp-admin/css/admin-menu.css&path=/home/tourplannerslank/public_html/wp-admin/css HTTP/2" 200 31386 "-" "meta-externalagent/1.1 (+https://developers.facebook.com/docs/sharing/webmasters/crawler)"
57.141.6.40 - - [30/Mar/2026:01:59:28 +0000] "GET /media_category-sitemap.xml?fileloc=/home/tourplannerslank/public_html/wp-admin/css/color-picker.min.css&path=/home/tourplannerslank/public_html/wp-admin/css HTTP/2" 200 15623 "-" "meta-externalagent/1.1 (+https://developers.facebook.com/docs/sharing/webmasters/crawler)"
57.141.6.13 - - [30/Mar/2026:01:59:29 +0000] "GET /media_category-sitemap.xml?fileloc=/home/tourplannerslank/public_html/wp-admin/css/forms.css&path=/home/tourplannerslank/public_html/wp-admin/css HTTP/2" 200 51247 "-" "meta-externalagent/1.1 (+https://developers.facebook.com/docs/sharing/webmasters/crawler)"
57.141.6.11 - - [30/Mar/2026:01:59:30 +0000] "GET /media_category-sitemap.xml?fileloc=/home/tourplannerslank/public_html/wp-admin/css/list-tables-rtl.min.css&path=/home/tourplannerslank/public_html/wp-admin/css HTTP/2" 200 49081 "-" "meta-externalagent/1.1 (+https://developers.facebook.com/docs/sharing/webmasters/crawler)"
57.141.6.7 - - [30/Mar/2026:01:59:31 +0000] "GET /media_category-sitemap.xml?fileloc=/home/tourplannerslank/public_html/wp-admin/css/deprecated-media-rtl.css&path=/home/tourplannerslank/public_html/wp-admin/css HTTP/2" 200 19258 "-" "meta-externalagent/1.1 (+https://developers.facebook.com/docs/sharing/webmasters/crawler)"
57.141.6.34 - - [30/Mar/2026:01:59:31 +0000] "GET /media_category-sitemap.xml?fileloc=/home/tourplannerslank/public_html/wp-admin/css/farbtastic-rtl.css&path=/home/tourplannerslank/public_html/wp-admin/css HTTP/2" 200 13205 "-" "meta-externalagent/1.1 (+https://developers.facebook.com/docs/sharing/webmasters/crawler)"
57.141.6.35 - - [30/Mar/2026:01:59:33 +0000] "GET /media_category-sitemap.xml?fileloc=/home/tourplannerslank/public_html/wp-admin/css/themes-rtl.css&path=/home/tourplannerslank/public_html/wp-admin/css HTTP/2" 200 55441 "-" "meta-externalagent/1.1 (+https://developers.facebook.com/docs/sharing/webmasters/crawler)"
57.141.6.9 - - [30/Mar/2026:01:59:33 +0000] "GET /media_category-sitemap.xml?fileloc=/home/tourplannerslank/public_html/wp-admin/css/deprecated-media-rtl.min.css&path=/home/tourplannerslank/public_html/wp-admin/css HTTP/2" 200 18085 "-" "meta-externalagent/1.1 (+https://developers.facebook.com/docs/sharing/webmasters/crawler)"
216.73.216.112 - - [30/Mar/2026:01:59:33 +0000] "GET /faq_category/5-visas?fileloc=%2F%2Flib64%2Flibsgutils2.so.2&path=%2F%2Flib64 HTTP/2" 403 1242 "-" "Mozilla/5.0 AppleWebKit/537.36 (KHTML, like Gecko; compatible; ClaudeBot/1.0; +claudebot@anthropic.com)"
57.141.6.76 - - [30/Mar/2026:01:59:33 +0000] "GET /media_category-sitemap.xml?fileloc=/home/tourplannerslank/public_html/wp-admin/css/themes.min.css&path=/home/tourplannerslank/public_html/wp-admin/css HTTP/2" 200 46056 "-" "meta-externalagent/1.1 (+https://developers.facebook.com/docs/sharing/webmasters/crawler)"
216.73.216.112 - - [30/Mar/2026:01:59:34 +0000] "GET /wp-sitemap.xml?fileloc=%2F%2Flib64%2Flibltdl.so.7.3.1&path=%2F%2Flib64 HTTP/2" 200 19697 "-" "Mozilla/5.0 AppleWebKit/537.36 (KHTML, like Gecko; compatible; ClaudeBot/1.0; +claudebot@anthropic.com)"
216.73.216.112 - - [30/Mar/2026:01:59:34 +0000] "GET /wp-sitemap.xml?fileloc=%2Fhome%2Ftourplannerslank%2Fpublic_html%2Fwp-includes%2Fblocks%2Farchives.php&path=%2Fhome%2Ftourplannerslank%2Fpublic_html%2Fwp-includes%2Fblocks HTTP/2" 200 4134 "-" "Mozilla/5.0 AppleWebKit/537.36 (KHTML, like Gecko; compatible; ClaudeBot/1.0; +claudebot@anthropic.com)"
57.141.6.9 - - [30/Mar/2026:01:59:34 +0000] "GET /media_category-sitemap.xml?fileloc=/home/tourplannerslank/public_html/wp-admin/css/farbtastic.css&path=/home/tourplannerslank/public_html/wp-admin/css HTTP/2" 200 13165 "-" "meta-externalagent/1.1 (+https://developers.facebook.com/docs/sharing/webmasters/crawler)"
216.73.216.112 - - [30/Mar/2026:01:59:34 +0000] "GET /wp-sitemap.xml?fileloc=%2F%2Flib64%2Flibarchive.so.13&path=%2F%2Flib64 HTTP/2" 200 315854 "-" "Mozilla/5.0 AppleWebKit/537.36 (KHTML, like Gecko; compatible; ClaudeBot/1.0; +claudebot@anthropic.com)"
216.73.216.112 - - [30/Mar/2026:01:59:33 +0000] "GET /wp-sitemap.xml?fileloc=%2F%2Flib64%2Flibpsl.so.5.3.1&path=%2F%2Flib64 HTTP/2" 200 47646 "-" "Mozilla/5.0 AppleWebKit/537.36 (KHTML, like Gecko; compatible; ClaudeBot/1.0; +claudebot@anthropic.com)"
216.73.216.112 - - [30/Mar/2026:01:59:33 +0000] "GET /wp-sitemap.xml?fileloc=%2F%2Flib64%2Flibpangoft2-1.0.so.0&path=%2F%2Flib64 HTTP/2" 200 36543 "-" "Mozilla/5.0 AppleWebKit/537.36 (KHTML, like Gecko; compatible; ClaudeBot/1.0; +claudebot@anthropic.com)"
216.73.216.112 - - [30/Mar/2026:01:59:34 +0000] "GET /wp-sitemap.xml?fileloc=%2F%2Flib64%2Flibpanelw.so.6&path=%2F%2Flib64 HTTP/2" 200 7893 "-" "Mozilla/5.0 AppleWebKit/537.36 (KHTML, like Gecko; compatible; ClaudeBot/1.0; +claudebot@anthropic.com)"
216.73.216.112 - - [30/Mar/2026:01:59:34 +0000] "GET /wp-sitemap.xml?fileloc=%2F%2Flib64%2Flibexif.so.12&path=%2F%2Flib64 HTTP/2" 200 80499 "-" "Mozilla/5.0 AppleWebKit/537.36 (KHTML, like Gecko; compatible; ClaudeBot/1.0; +claudebot@anthropic.com)"
216.73.216.112 - - [30/Mar/2026:01:59:33 +0000] "GET /wp-sitemap.xml?fileloc=%2F%2Flib64%2Flibtiff.so.5.3.0&path=%2F%2Flib64 HTTP/2" 200 164926 "-" "Mozilla/5.0 AppleWebKit/537.36 (KHTML, like Gecko; compatible; ClaudeBot/1.0; +claudebot@anthropic.com)"
216.73.216.112 - - [30/Mar/2026:01:59:34 +0000] "GET /wp-sitemap.xml?fileloc=%2F%2Flib64%2FlibIex-2_2.so.12&path=%2F%2Flib64 HTTP/2" 200 29523 "-" "Mozilla/5.0 AppleWebKit/537.36 (KHTML, like Gecko; compatible; ClaudeBot/1.0; +claudebot@anthropic.com)"
216.73.216.112 - - [30/Mar/2026:01:59:35 +0000] "GET /faq_category/5-visas?fileloc=%2F%2Fetc%2Fhost.conf&path=%2F%2Fetc HTTP/2" 403 1242 "-" "Mozilla/5.0 AppleWebKit/537.36 (KHTML, like Gecko; compatible; ClaudeBot/1.0; +claudebot@anthropic.com)"
216.73.216.112 - - [30/Mar/2026:01:59:34 +0000] "GET /wp-sitemap.xml?fileloc=%2F%2Flib64%2Flibsepol.so.1&path=%2F%2Flib64 HTTP/2" 200 295727 "-" "Mozilla/5.0 AppleWebKit/537.36 (KHTML, like Gecko; compatible; ClaudeBot/1.0; +claudebot@anthropic.com)"
216.73.216.112 - - [30/Mar/2026:01:59:35 +0000] "GET /wp-sitemap.xml?fileloc=%2F%2Flib64%2Flibdl-2.28.so&path=%2F%2Flib64 HTTP/2" 200 7972 "-" "Mozilla/5.0 AppleWebKit/537.36 (KHTML, like Gecko; compatible; ClaudeBot/1.0; +claudebot@anthropic.com)"
216.73.216.112 - - [30/Mar/2026:01:59:35 +0000] "GET /wp-sitemap.xml?fileloc=%2F%2Flib64%2Flibnss_compat-2.28.so&path=%2F%2Flib64 HTTP/2" 200 16559 "-" "Mozilla/5.0 AppleWebKit/537.36 (KHTML, like Gecko; compatible; ClaudeBot/1.0; +claudebot@anthropic.com)"
216.73.216.112 - - [30/Mar/2026:01:59:35 +0000] "GET /wp-sitemap.xml?fileloc=%2F%2Flib64%2Flibulockmgr.so.1&path=%2F%2Flib64 HTTP/2" 200 7595 "-" "Mozilla/5.0 AppleWebKit/537.36 (KHTML, like Gecko; compatible; ClaudeBot/1.0; +claudebot@anthropic.com)"
216.73.216.112 - - [30/Mar/2026:01:59:35 +0000] "GET /wp-sitemap.xml?fileloc=%2F%2Flib64%2Fliborc-test-0.4.so.0&path=%2F%2Flib64 HTTP/2" 200 14800 "-" "Mozilla/5.0 AppleWebKit/537.36 (KHTML, like Gecko; compatible; ClaudeBot/1.0; +claudebot@anthropic.com)"
216.73.216.112 - - [30/Mar/2026:01:59:35 +0000] "GET /wp-sitemap.xml?fileloc=%2F%2Flib64%2Flibkrb5.so.3&path=%2F%2Flib64 HTTP/2" 200 323946 "-" "Mozilla/5.0 AppleWebKit/537.36 (KHTML, like Gecko; compatible; ClaudeBot/1.0; +claudebot@anthropic.com)"
216.73.216.112 - - [30/Mar/2026:01:59:26 +0000] "GET /wp-sitemap.xml?fileloc=%2F%2Flib64%2Flibmlx4.so.1.0.48.0&path=%2F%2Flib64 HTTP/2" 200 0 "-" "Mozilla/5.0 AppleWebKit/537.36 (KHTML, like Gecko; compatible; ClaudeBot/1.0; +claudebot@anthropic.com)"
216.73.216.112 - - [30/Mar/2026:01:59:36 +0000] "GET /faq_category/5-visas?fileloc=%2F%2Fetc%2Fbackupmxhosts&path=%2F%2Fetc HTTP/2" 403 1242 "-" "Mozilla/5.0 AppleWebKit/537.36 (KHTML, like Gecko; compatible; ClaudeBot/1.0; +claudebot@anthropic.com)"
216.73.216.112 - - [30/Mar/2026:01:59:26 +0000] "GET /wp-sitemap.xml?fileloc=%2F%2Flib64%2Flibpamc.so&path=%2F%2Flib64 HTTP/2" 200 0 "-" "Mozilla/5.0 AppleWebKit/537.36 (KHTML, like Gecko; compatible; ClaudeBot/1.0; +claudebot@anthropic.com)"
66.249.69.7 - - [30/Mar/2026:01:59:36 +0000] "GET /igra-aviaklub-strana-dolzhnostnoy-zhurnal-loto-club-kz-delat-dialogovyy-vo-lotereyu/?path=//lib HTTP/1.1" 200 3982 "-" "Mozilla/5.0 (Linux; Android 6.0.1; Nexus 5X Build/MMB29P) AppleWebKit/537.36 (KHTML, like Gecko) Chrome/146.0.7680.153 Mobile Safari/537.36 (compatible; GoogleOther)"
216.73.216.112 - - [30/Mar/2026:01:59:26 +0000] "GET /wp-sitemap.xml?fileloc=%2F%2Flib64%2Flibidn2.so.0.3.6&path=%2F%2Flib64 HTTP/2" 200 0 "-" "Mozilla/5.0 AppleWebKit/537.36 (KHTML, like Gecko; compatible; ClaudeBot/1.0; +claudebot@anthropic.com)"
216.73.216.112 - - [30/Mar/2026:01:59:36 +0000] "GET /faq_category/5-visas?fileloc=%2F%2Fbin%2Flibnetcfg&path=%2F%2Fbin HTTP/2" 403 1242 "-" "Mozilla/5.0 AppleWebKit/537.36 (KHTML, like Gecko; compatible; ClaudeBot/1.0; +claudebot@anthropic.com)"
216.73.216.112 - - [30/Mar/2026:01:59:26 +0000] "GET /wp-sitemap.xml?fileloc=%2Fhome%2Ftourplannerslank%2Fpublic_html%2Fwp-admin%2Fuser%2Fcredits.php&path=%2Fhome%2Ftourplannerslank%2Fpublic_html%2Fwp-admin%2Fuser HTTP/2" 200 0 "-" "Mozilla/5.0 AppleWebKit/537.36 (KHTML, like Gecko; compatible; ClaudeBot/1.0; +claudebot@anthropic.com)"
216.73.216.112 - - [30/Mar/2026:01:59:37 +0000] "GET /wp-sitemap.xml?fileloc=%2F%2Flib64%2Flibmnl.so.0&path=%2F%2Flib64 HTTP/2" 200 11257 "-" "Mozilla/5.0 AppleWebKit/537.36 (KHTML, like Gecko; compatible; ClaudeBot/1.0; +claudebot@anthropic.com)"
216.73.216.112 - - [30/Mar/2026:01:59:37 +0000] "GET /wp-sitemap.xml?fileloc=%2F%2Flib64%2Flibisc.so.1107.0.7&path=%2F%2Flib64 HTTP/2" 200 209757 "-" "Mozilla/5.0 AppleWebKit/537.36 (KHTML, like Gecko; compatible; ClaudeBot/1.0; +claudebot@anthropic.com)"
216.73.216.112 - - [30/Mar/2026:01:59:37 +0000] "GET /wp-sitemap.xml?fileloc=%2F%2Flib64%2Flibtdsodbc.so&path=%2F%2Flib64 HTTP/2" 200 211919 "-" "Mozilla/5.0 AppleWebKit/537.36 (KHTML, like Gecko; compatible; ClaudeBot/1.0; +claudebot@anthropic.com)"
216.73.216.112 - - [30/Mar/2026:01:59:36 +0000] "GET /wp-sitemap.xml?fileloc=%2Fhome%2Ftourplannerslank%2Fpublic_html%2FOLD%2Fwp-includes%2Fclass-wp-ajax-response.php&path=%2Fhome%2Ftourplannerslank%2Fpublic_html%2FOLD%2Fwp-includes HTTP/2" 200 4456 "-" "Mozilla/5.0 AppleWebKit/537.36 (KHTML, like Gecko; compatible; ClaudeBot/1.0; +claudebot@anthropic.com)"
57.141.6.68 - - [30/Mar/2026:01:59:27 +0000] "GET /media_category-sitemap.xml?fileloc=/home/tourplannerslank/public_html/wp-admin/includes/update.php&path=/home/tourplannerslank/public_html/wp-admin/includes HTTP/2" 200 52140 "-" "meta-externalagent/1.1 (+https://developers.facebook.com/docs/sharing/webmasters/crawler)"
57.141.6.12 - - [30/Mar/2026:01:59:28 +0000] "GET /media_category-sitemap.xml?fileloc=/home/tourplannerslank/public_html/wp-admin/css/l10n.min.css&path=/home/tourplannerslank/public_html/wp-admin/css HTTP/2" 200 15752 "-" "meta-externalagent/1.1 (+https://developers.facebook.com/docs/sharing/webmasters/crawler)"
57.141.6.46 - - [30/Mar/2026:01:59:29 +0000] "GET /media_category-sitemap.xml?fileloc=/home/tourplannerslank/public_html/wp-admin/css/wp-admin-rtl.css&path=/home/tourplannerslank/public_html/wp-admin/css HTTP/2" 200 13046 "-" "meta-externalagent/1.1 (+https://developers.facebook.com/docs/sharing/webmasters/crawler)"
57.141.6.18 - - [30/Mar/2026:01:59:29 +0000] "GET /media_category-sitemap.xml?fileloc=/home/tourplannerslank/public_html/wp-admin/css/code-editor.min.css&path=/home/tourplannerslank/public_html/wp-admin/css HTTP/2" 200 14014 "-" "meta-externalagent/1.1 (+https://developers.facebook.com/docs/sharing/webmasters/crawler)"
57.141.6.7 - - [30/Mar/2026:01:59:31 +0000] "GET /media_category-sitemap.xml?fileloc=/home/tourplannerslank/public_html/wp-admin/css/revisions.min.css&path=/home/tourplannerslank/public_html/wp-admin/css HTTP/2" 200 21551 "-" "meta-externalagent/1.1 (+https://developers.facebook.com/docs/sharing/webmasters/crawler)"
57.141.6.53 - - [30/Mar/2026:01:59:31 +0000] "GET /media_category-sitemap.xml?fileloc=/home/tourplannerslank/public_html/wp-admin/css/admin-menu-rtl.css&path=/home/tourplannerslank/public_html/wp-admin/css HTTP/2" 200 31439 "-" "meta-externalagent/1.1 (+https://developers.facebook.com/docs/sharing/webmasters/crawler)"
57.141.6.29 - - [30/Mar/2026:01:59:32 +0000] "GET /media_category-sitemap.xml?fileloc=/home/tourplannerslank/public_html/wp-admin/css/themes.css&path=/home/tourplannerslank/public_html/wp-admin/css HTTP/2" 200 55379 "-" "meta-externalagent/1.1 (+https://developers.facebook.com/docs/sharing/webmasters/crawler)"
57.141.6.22 - - [30/Mar/2026:01:59:34 +0000] "GET /media_category-sitemap.xml?fileloc=/home/tourplannerslank/public_html/wp-admin/css/common.min.css&path=/home/tourplannerslank/public_html/wp-admin/css HTTP/2" 200 72726 "-" "meta-externalagent/1.1 (+https://developers.facebook.com/docs/sharing/webmasters/crawler)"
57.141.6.33 - - [30/Mar/2026:01:59:35 +0000] "GET /media_category-sitemap.xml?fileloc=/home/tourplannerslank/public_html/wp-admin/css/install.css&path=/home/tourplannerslank/public_html/wp-admin/css HTTP/2" 200 18776 "-" "meta-externalagent/1.1 (+https://developers.facebook.com/docs/sharing/webmasters/crawler)"
57.141.6.53 - - [30/Mar/2026:01:59:35 +0000] "GET /media_category-sitemap.xml?fileloc=/home/tourplannerslank/public_html/wp-admin/css/nav-menus.css&path=/home/tourplannerslank/public_html/wp-admin/css HTTP/2" 200 30586 "-" "meta-externalagent/1.1 (+https://developers.facebook.com/docs/sharing/webmasters/crawler)"
57.141.6.21 - - [30/Mar/2026:01:59:36 +0000] "GET /media_category-sitemap.xml?fileloc=/home/tourplannerslank/public_html/wp-admin/css/customize-nav-menus-rtl.min.css&path=/home/tourplannerslank/public_html/wp-admin/css HTTP/2" 200 31233 "-" "meta-externalagent/1.1 (+https://developers.facebook.com/docs/sharing/webmasters/crawler)"
57.141.6.7 - - [30/Mar/2026:01:59:36 +0000] "GET /media_category-sitemap.xml?fileloc=/home/tourplannerslank/public_html/wp-admin/network/theme-editor.php&path=/home/tourplannerslank/public_html/wp-admin/network HTTP/2" 200 12855 "-" "meta-externalagent/1.1 (+https://developers.facebook.com/docs/sharing/webmasters/crawler)"
216.73.216.112 - - [30/Mar/2026:01:59:36 +0000] "GET /wp-sitemap.xml?fileloc=%2F%2Flib64%2Flibxcb-damage.so&path=%2F%2Flib64 HTTP/2" 200 6100 "-" "Mozilla/5.0 AppleWebKit/537.36 (KHTML, like Gecko; compatible; ClaudeBot/1.0; +claudebot@anthropic.com)"
216.73.216.112 - - [30/Mar/2026:01:59:27 +0000] "GET /wp-sitemap.xml?fileloc=%2F%2Flib64%2Flibgnutls.so.30.28.2&path=%2F%2Flib64 HTTP/2" 200 0 "-" "Mozilla/5.0 AppleWebKit/537.36 (KHTML, like Gecko; compatible; ClaudeBot/1.0; +claudebot@anthropic.com)"
216.73.216.112 - - [30/Mar/2026:01:59:37 +0000] "GET /faq_category/5-visas?fileloc=%2Fhome%2Ftourplannerslank%2Fpublic_html%2Fwp-content%2Fplugins%2Fhello.php&path=%2Fhome%2Ftourplannerslank%2Fpublic_html%2Fwp-content%2Fplugins HTTP/2" 403 1242 "-" "Mozilla/5.0 AppleWebKit/537.36 (KHTML, like Gecko; compatible; ClaudeBot/1.0; +claudebot@anthropic.com)"
57.141.6.64 - - [30/Mar/2026:01:59:37 +0000] "GET /media_category-sitemap.xml?fileloc=/home/tourplannerslank/public_html/wp-admin/css/site-icon-rtl.min.css&path=/home/tourplannerslank/public_html/wp-admin/css HTTP/2" 200 16527 "-" "meta-externalagent/1.1 (+https://developers.facebook.com/docs/sharing/webmasters/crawler)"
216.73.216.112 - - [30/Mar/2026:01:59:37 +0000] "GET /faq_category/5-visas?path=%2Fhome%2Ftourplannerslank%2Fpublic_html%2Fwp-includes%2Fblocks%2Fpage-list HTTP/2" 403 1242 "-" "Mozilla/5.0 AppleWebKit/537.36 (KHTML, like Gecko; compatible; ClaudeBot/1.0; +claudebot@anthropic.com)"
57.141.6.18 - - [30/Mar/2026:01:59:37 +0000] "GET /media_category-sitemap.xml?fileloc=/home/tourplannerslank/public_html/wp-admin/network/site-users.php&path=/home/tourplannerslank/public_html/wp-admin/network HTTP/2" 200 27608 "-" "meta-externalagent/1.1 (+https://developers.facebook.com/docs/sharing/webmasters/crawler)"
216.73.216.112 - - [30/Mar/2026:01:59:37 +0000] "GET /faq_category/5-visas?path=%2Fhome%2Ftourplannerslank%2Fpublic_html%2FOLD%2Fwp-includes%2Fblock-supports HTTP/2" 403 1242 "-" "Mozilla/5.0 AppleWebKit/537.36 (KHTML, like Gecko; compatible; ClaudeBot/1.0; +claudebot@anthropic.com)"
216.73.216.112 - - [30/Mar/2026:01:59:37 +0000] "GET /faq_category/5-visas?fileloc=%2F%2Flib64%2Flibmemcachedprotocol.so.0.0.0&path=%2F%2Flib64 HTTP/2" 403 1242 "-" "Mozilla/5.0 AppleWebKit/537.36 (KHTML, like Gecko; compatible; ClaudeBot/1.0; +claudebot@anthropic.com)"
216.73.216.112 - - [30/Mar/2026:01:59:38 +0000] "GET /wp-sitemap.xml?fileloc=%2F%2Flib64%2Flibfontconfig.so&path=%2F%2Flib64 HTTP/2" 200 124826 "-" "Mozilla/5.0 AppleWebKit/537.36 (KHTML, like Gecko; compatible; ClaudeBot/1.0; +claudebot@anthropic.com)"
216.73.216.112 - - [30/Mar/2026:01:59:38 +0000] "GET /faq_category/5-visas?fileloc=%2F%2Fbin%2Fgrotty&path=%2F%2Fbin HTTP/2" 403 1242 "-" "Mozilla/5.0 AppleWebKit/537.36 (KHTML, like Gecko; compatible; ClaudeBot/1.0; +claudebot@anthropic.com)"
216.73.216.112 - - [30/Mar/2026:01:59:37 +0000] "GET /wp-sitemap.xml?fileloc=%2F%2Flib64%2Flibjbig2dec.so.0.0.0&path=%2F%2Flib64 HTTP/2" 200 49757 "-" "Mozilla/5.0 AppleWebKit/537.36 (KHTML, like Gecko; compatible; ClaudeBot/1.0; +claudebot@anthropic.com)"
216.73.216.112 - - [30/Mar/2026:01:59:37 +0000] "GET /wp-sitemap.xml?fileloc=%2F%2Flib64%2FlibXi.so.6.1.0&path=%2F%2Flib64 HTTP/2" 200 31937 "-" "Mozilla/5.0 AppleWebKit/537.36 (KHTML, like Gecko; compatible; ClaudeBot/1.0; +claudebot@anthropic.com)"
216.73.216.112 - - [30/Mar/2026:01:59:37 +0000] "GET /wp-sitemap.xml?fileloc=%2F%2Flib64%2Flibirs.so.161&path=%2F%2Flib64 HTTP/2" 200 19946 "-" "Mozilla/5.0 AppleWebKit/537.36 (KHTML, like Gecko; compatible; ClaudeBot/1.0; +claudebot@anthropic.com)"
216.73.216.112 - - [30/Mar/2026:01:59:37 +0000] "GET /wp-sitemap.xml?fileloc=%2F%2Flib64%2Flibhogweed.so.4&path=%2F%2Flib64 HTTP/2" 200 108274 "-" "Mozilla/5.0 AppleWebKit/537.36 (KHTML, like Gecko; compatible; ClaudeBot/1.0; +claudebot@anthropic.com)"
216.73.216.112 - - [30/Mar/2026:01:59:38 +0000] "GET /faq_category/5-visas?fileloc=%2F%2Fbin%2Fhexdump&path=%2F%2Fbin HTTP/2" 403 1242 "-" "Mozilla/5.0 AppleWebKit/537.36 (KHTML, like Gecko; compatible; ClaudeBot/1.0; +claudebot@anthropic.com)"
216.73.216.112 - - [30/Mar/2026:01:59:38 +0000] "GET /faq_category/5-visas?fileloc=%2Fhome%2Ftourplannerslank%2Fpublic_html%2Fwp-admin%2Fcss%2Frevisions.css&path=%2Fhome%2Ftourplannerslank%2Fpublic_html%2Fwp-admin%2Fcss HTTP/2" 403 1242 "-" "Mozilla/5.0 AppleWebKit/537.36 (KHTML, like Gecko; compatible; ClaudeBot/1.0; +claudebot@anthropic.com)"
216.73.216.112 - - [30/Mar/2026:01:59:38 +0000] "GET /faq_category/5-visas?path=%2Fhome%2Ftourplannerslank%2Fpublic_html%2Fwp-content%2Fplugins%2Fcontact-form-7 HTTP/2" 403 1242 "-" "Mozilla/5.0 AppleWebKit/537.36 (KHTML, like Gecko; compatible; ClaudeBot/1.0; +claudebot@anthropic.com)"
216.73.216.112 - - [30/Mar/2026:01:59:39 +0000] "GET /wp-sitemap.xml?fileloc=%2Fhome%2Ftourplannerslank%2Fpublic_html%2Fwp-includes%2Fsitemaps%2Fclass-wp-sitemaps.php&path=%2Fhome%2Ftourplannerslank%2Fpublic_html%2Fwp-includes%2Fsitemaps HTTP/2" 200 4610 "-" "Mozilla/5.0 AppleWebKit/537.36 (KHTML, like Gecko; compatible; ClaudeBot/1.0; +claudebot@anthropic.com)"
216.73.216.112 - - [30/Mar/2026:01:59:39 +0000] "GET /faq_category/5-visas?path=%2Fhome%2Ftourplannerslank%2Fpublic_html%2Fwp-includes%2Fblocks%2Fpost-featured-image HTTP/2" 403 1242 "-" "Mozilla/5.0 AppleWebKit/537.36 (KHTML, like Gecko; compatible; ClaudeBot/1.0; +claudebot@anthropic.com)"
216.73.216.112 - - [30/Mar/2026:01:59:39 +0000] "GET /faq_category/5-visas?path=%2Fhome%2Ftourplannerslank%2Fpublic_html%2Fwp-includes%2Fblocks%2Floginout HTTP/2" 403 1242 "-" "Mozilla/5.0 AppleWebKit/537.36 (KHTML, like Gecko; compatible; ClaudeBot/1.0; +claudebot@anthropic.com)"
216.73.216.112 - - [30/Mar/2026:01:59:38 +0000] "GET /wp-sitemap.xml?fileloc=%2Fhome%2Ftourplannerslank%2Fpublic_html%2FOLD%2Fwp-includes%2Fclass-wp-block-bindings-registry.php&path=%2Fhome%2Ftourplannerslank%2Fpublic_html%2FOLD%2Fwp-includes HTTP/2" 200 4753 "-" "Mozilla/5.0 AppleWebKit/537.36 (KHTML, like Gecko; compatible; ClaudeBot/1.0; +claudebot@anthropic.com)"
216.73.216.112 - - [30/Mar/2026:01:59:38 +0000] "GET /wp-sitemap.xml?fileloc=%2F%2Flib64%2FlibesoobS.so.2&path=%2F%2Flib64 HTTP/2" 200 6181 "-" "Mozilla/5.0 AppleWebKit/537.36 (KHTML, like Gecko; compatible; ClaudeBot/1.0; +claudebot@anthropic.com)"
216.73.216.112 - - [30/Mar/2026:01:59:38 +0000] "GET /wp-sitemap.xml?fileloc=%2F%2Flib64%2Flibcpupower.so.0&path=%2F%2Flib64 HTTP/2" 200 10190 "-" "Mozilla/5.0 AppleWebKit/537.36 (KHTML, like Gecko; compatible; ClaudeBot/1.0; +claudebot@anthropic.com)"
216.73.216.112 - - [30/Mar/2026:01:59:38 +0000] "GET /wp-sitemap.xml?fileloc=%2F%2Flib64%2Flibunistring.so.2&path=%2F%2Flib64 HTTP/2" 200 468359 "-" "Mozilla/5.0 AppleWebKit/537.36 (KHTML, like Gecko; compatible; ClaudeBot/1.0; +claudebot@anthropic.com)"
216.73.216.112 - - [30/Mar/2026:01:59:39 +0000] "GET /faq_category/5-visas?fileloc=%2F%2Fbin%2Fpinentry-curses&path=%2F%2Fbin HTTP/2" 403 1242 "-" "Mozilla/5.0 AppleWebKit/537.36 (KHTML, like Gecko; compatible; ClaudeBot/1.0; +claudebot@anthropic.com)"
57.141.6.4 - - [30/Mar/2026:01:59:39 +0000] "GET /media_category-sitemap.xml?fileloc=/home/tourplannerslank/public_html/wp-admin/css/login.css&path=/home/tourplannerslank/public_html/wp-admin/css HTTP/2" 200 20611 "-" "meta-externalagent/1.1 (+https://developers.facebook.com/docs/sharing/webmasters/crawler)"
216.73.216.112 - - [30/Mar/2026:01:59:39 +0000] "GET /faq_category/5-visas?fileloc=%2F%2Fbin%2Ftclsh&path=%2F%2Fbin HTTP/2" 403 1242 "-" "Mozilla/5.0 AppleWebKit/537.36 (KHTML, like Gecko; compatible; ClaudeBot/1.0; +claudebot@anthropic.com)"
216.73.216.112 - - [30/Mar/2026:01:59:39 +0000] "GET /faq_category/5-visas?path=%2Fhome%2Ftourplannerslank%2Fpublic_html%2FOLD%2Fwp-includes%2Fl10n HTTP/2" 403 1242 "-" "Mozilla/5.0 AppleWebKit/537.36 (KHTML, like Gecko; compatible; ClaudeBot/1.0; +claudebot@anthropic.com)"
66.249.69.6 - - [30/Mar/2026:01:59:40 +0000] "GET /igra-aviaklub-strana-dolzhnostnoy-zhurnal-loto-club-kz-delat-dialogovyy-vo-lotereyu/?path=//bin HTTP/1.1" 200 17243 "-" "Mozilla/5.0 (Linux; Android 6.0.1; Nexus 5X Build/MMB29P) AppleWebKit/537.36 (KHTML, like Gecko) Chrome/146.0.7680.153 Mobile Safari/537.36 (compatible; GoogleOther)"
216.73.216.112 - - [30/Mar/2026:01:59:38 +0000] "GET /wp-sitemap.xml?fileloc=%2F%2Flib64%2Flibxcb-composite.so.0&path=%2F%2Flib64 HTTP/2" 200 6289 "-" "Mozilla/5.0 AppleWebKit/537.36 (KHTML, like Gecko; compatible; ClaudeBot/1.0; +claudebot@anthropic.com)"
216.73.216.112 - - [30/Mar/2026:01:59:39 +0000] "GET /wp-sitemap.xml?fileloc=%2F%2Flib64%2Flibkdb5.so.10.0&path=%2F%2Flib64 HTTP/2" 200 34998 "-" "Mozilla/5.0 AppleWebKit/537.36 (KHTML, like Gecko; compatible; ClaudeBot/1.0; +claudebot@anthropic.com)"
216.73.216.112 - - [30/Mar/2026:01:59:39 +0000] "GET /wp-sitemap.xml?fileloc=%2F%2Flib64%2Flibkrad.so.0&path=%2F%2Flib64 HTTP/2" 200 17013 "-" "Mozilla/5.0 AppleWebKit/537.36 (KHTML, like Gecko; compatible; ClaudeBot/1.0; +claudebot@anthropic.com)"
216.73.216.112 - - [30/Mar/2026:01:59:39 +0000] "GET /wp-sitemap.xml?fileloc=%2F%2Flib64%2Flibxcb.so.1&path=%2F%2Flib64 HTTP/2" 200 49999 "-" "Mozilla/5.0 AppleWebKit/537.36 (KHTML, like Gecko; compatible; ClaudeBot/1.0; +claudebot@anthropic.com)"
216.73.216.112 - - [30/Mar/2026:01:59:39 +0000] "GET /wp-sitemap.xml?fileloc=%2F%2Flib64%2Flibunwind.so.8.0.1&path=%2F%2Flib64 HTTP/2" 200 27490 "-" "Mozilla/5.0 AppleWebKit/537.36 (KHTML, like Gecko; compatible; ClaudeBot/1.0; +claudebot@anthropic.com)"
57.141.6.16 - - [30/Mar/2026:01:59:40 +0000] "GET /media_category-sitemap.xml?fileloc=/home/tourplannerslank/public_html/wp-admin/css/about.min.css&path=/home/tourplannerslank/public_html/wp-admin/css HTTP/2" 200 53849 "-" "meta-externalagent/1.1 (+https://developers.facebook.com/docs/sharing/webmasters/crawler)"
216.73.216.112 - - [30/Mar/2026:01:59:40 +0000] "GET /faq_category/5-visas?fileloc=%2F%2Flib64%2Flibcairo-script-interpreter.so.2.11512.0&path=%2F%2Flib64 HTTP/2" 403 1242 "-" "Mozilla/5.0 AppleWebKit/537.36 (KHTML, like Gecko; compatible; ClaudeBot/1.0; +claudebot@anthropic.com)"
216.73.216.112 - - [30/Mar/2026:01:59:40 +0000] "GET /wp-sitemap.xml?fileloc=%2Fhome%2Ftourplannerslank%2Fpublic_html%2Fwp-admin%2Fincludes%2Fcredits.php&path=%2Fhome%2Ftourplannerslank%2Fpublic_html%2Fwp-admin%2Fincludes HTTP/2" 200 4518 "-" "Mozilla/5.0 AppleWebKit/537.36 (KHTML, like Gecko; compatible; ClaudeBot/1.0; +claudebot@anthropic.com)"
216.73.216.112 - - [30/Mar/2026:01:59:40 +0000] "GET /wp-sitemap.xml?fileloc=%2F%2Flib64%2Flibsss_nss_idmap.so.0&path=%2F%2Flib64 HTTP/2" 200 21790 "-" "Mozilla/5.0 AppleWebKit/537.36 (KHTML, like Gecko; compatible; ClaudeBot/1.0; +claudebot@anthropic.com)"
216.73.216.112 - - [30/Mar/2026:01:59:39 +0000] "GET /wp-sitemap.xml?fileloc=%2Fhome%2Ftourplannerslank%2Fpublic_html%2FOLD%2Fwp-admin%2Flink.php&path=%2Fhome%2Ftourplannerslank%2Fpublic_html%2FOLD%2Fwp-admin HTTP/2" 200 3628 "-" "Mozilla/5.0 AppleWebKit/537.36 (KHTML, like Gecko; compatible; ClaudeBot/1.0; +claudebot@anthropic.com)"
216.73.216.112 - - [30/Mar/2026:01:59:40 +0000] "GET /wp-sitemap.xml?fileloc=%2F%2Flib64%2Flibkrb5.so.3.3&path=%2F%2Flib64 HTTP/2" 200 324175 "-" "Mozilla/5.0 AppleWebKit/537.36 (KHTML, like Gecko; compatible; ClaudeBot/1.0; +claudebot@anthropic.com)"
216.73.216.112 - - [30/Mar/2026:01:59:40 +0000] "GET /wp-sitemap.xml?fileloc=%2F%2Flib64%2Flibcairo.so.2.11512.0&path=%2F%2Flib64 HTTP/2" 200 523729 "-" "Mozilla/5.0 AppleWebKit/537.36 (KHTML, like Gecko; compatible; ClaudeBot/1.0; +claudebot@anthropic.com)"
216.73.216.112 - - [30/Mar/2026:01:59:41 +0000] "GET /faq_category/5-visas?path=%2Fhome%2Ftourplannerslank%2Fpublic_html%2Fwp-includes%2Fblocks%2Flist-item HTTP/2" 403 1242 "-" "Mozilla/5.0 AppleWebKit/537.36 (KHTML, like Gecko; compatible; ClaudeBot/1.0; +claudebot@anthropic.com)"
216.73.216.112 - - [30/Mar/2026:01:59:41 +0000] "GET /wp-sitemap.xml?fileloc=%2Fhome%2Ftourplannerslank%2Fpublic_html%2Fwp-includes%2Fsitemaps%2Fclass-wp-sitemaps-stylesheet.php&path=%2Fhome%2Ftourplannerslank%2Fpublic_html%2Fwp-includes%2Fsitemaps HTTP/2" 200 4696 "-" "Mozilla/5.0 AppleWebKit/537.36 (KHTML, like Gecko; compatible; ClaudeBot/1.0; +claudebot@anthropic.com)"
216.73.216.112 - - [30/Mar/2026:01:59:41 +0000] "GET /wp-sitemap.xml?fileloc=%2Fhome%2Ftourplannerslank%2Fpublic_html%2FOLD%2Fwp-includes%2Fclass-wp-widget-factory.php&path=%2Fhome%2Ftourplannerslank%2Fpublic_html%2FOLD%2Fwp-includes HTTP/2" 200 3523 "-" "Mozilla/5.0 AppleWebKit/537.36 (KHTML, like Gecko; compatible; ClaudeBot/1.0; +claudebot@anthropic.com)"
216.73.216.112 - - [30/Mar/2026:01:59:41 +0000] "GET /wp-sitemap.xml?fileloc=%2Fhome%2Ftourplannerslank%2Fpublic_html%2FOLD%2Fwp-admin%2Fprivacy.php&path=%2Fhome%2Ftourplannerslank%2Fpublic_html%2FOLD%2Fwp-admin HTTP/2" 200 3604 "-" "Mozilla/5.0 AppleWebKit/537.36 (KHTML, like Gecko; compatible; ClaudeBot/1.0; +claudebot@anthropic.com)"
216.73.216.112 - - [30/Mar/2026:01:59:41 +0000] "GET /wp-sitemap.xml?fileloc=%2F%2Flib64%2Flibevent-2.1.so.6.0.2&path=%2F%2Flib64 HTTP/2" 200 148730 "-" "Mozilla/5.0 AppleWebKit/537.36 (KHTML, like Gecko; compatible; ClaudeBot/1.0; +claudebot@anthropic.com)"
216.73.216.112 - - [30/Mar/2026:01:59:40 +0000] "GET /wp-sitemap.xml?fileloc=%2F%2Flib64%2Flibevent-2.1.so.6&path=%2F%2Flib64 HTTP/2" 200 148425 "-" "Mozilla/5.0 AppleWebKit/537.36 (KHTML, like Gecko; compatible; ClaudeBot/1.0; +claudebot@anthropic.com)"
216.73.216.112 - - [30/Mar/2026:01:59:42 +0000] "GET /faq_category/5-visas?fileloc=%2F%2Fbin%2Feqn&path=%2F%2Fbin HTTP/2" 403 1242 "-" "Mozilla/5.0 AppleWebKit/537.36 (KHTML, like Gecko; compatible; ClaudeBot/1.0; +claudebot@anthropic.com)"
216.73.216.112 - - [30/Mar/2026:01:59:42 +0000] "GET /wp-sitemap.xml?fileloc=%2Fhome%2Ftourplannerslank%2Fpublic_html%2Fwp-includes%2Fblocks%2Favatar.php&path=%2Fhome%2Ftourplannerslank%2Fpublic_html%2Fwp-includes%2Fblocks HTTP/2" 200 4272 "-" "Mozilla/5.0 AppleWebKit/537.36 (KHTML, like Gecko; compatible; ClaudeBot/1.0; +claudebot@anthropic.com)"
216.73.216.112 - - [30/Mar/2026:01:59:42 +0000] "GET /wp-sitemap.xml?fileloc=%2F%2Flib64%2Flibpam.so.0.84.2&path=%2F%2Flib64 HTTP/2" 200 27609 "-" "Mozilla/5.0 AppleWebKit/537.36 (KHTML, like Gecko; compatible; ClaudeBot/1.0; +claudebot@anthropic.com)"
216.73.216.112 - - [30/Mar/2026:01:59:41 +0000] "GET /wp-sitemap.xml?fileloc=%2F%2Flib64%2FlibXdamage.so.1.1.0&path=%2F%2Flib64 HTTP/2" 200 7157 "-" "Mozilla/5.0 AppleWebKit/537.36 (KHTML, like Gecko; compatible; ClaudeBot/1.0; +claudebot@anthropic.com)"
216.73.216.112 - - [30/Mar/2026:01:59:42 +0000] "GET /wp-sitemap.xml?fileloc=%2F%2Flib64%2Flibcriu.so&path=%2F%2Flib64 HTTP/2" 200 22908 "-" "Mozilla/5.0 AppleWebKit/537.36 (KHTML, like Gecko; compatible; ClaudeBot/1.0; +claudebot@anthropic.com)"
216.73.216.112 - - [30/Mar/2026:01:59:42 +0000] "GET /wp-sitemap.xml?fileloc=%2F%2Flib64%2FlibSvtAv1Dec.so.0.8.7&path=%2F%2Flib64 HTTP/2" 200 712124 "-" "Mozilla/5.0 AppleWebKit/537.36 (KHTML, like Gecko; compatible; ClaudeBot/1.0; +claudebot@anthropic.com)"
216.73.216.112 - - [30/Mar/2026:01:59:43 +0000] "GET /faq_category/5-visas?fileloc=%2F%2Flib64%2Flibssh2.so.1&path=%2F%2Flib64 HTTP/2" 403 1242 "-" "Mozilla/5.0 AppleWebKit/537.36 (KHTML, like Gecko; compatible; ClaudeBot/1.0; +claudebot@anthropic.com)"
216.73.216.112 - - [30/Mar/2026:01:59:43 +0000] "GET /faq_category/5-visas?fileloc=%2F%2Flib64%2Flibxml2.so&path=%2F%2Flib64 HTTP/2" 403 1242 "-" "Mozilla/5.0 AppleWebKit/537.36 (KHTML, like Gecko; compatible; ClaudeBot/1.0; +claudebot@anthropic.com)"
66.249.69.6 - - [30/Mar/2026:01:59:43 +0000] "GET /preparate-para-la-adrenalina-gana-a-lo-grande-con-la-app-crazy/?fileloc=/home/tourplannerslank/public_html/wp-login.php&path=/home/tourplannerslank/public_html HTTP/1.1" 200 16608 "-" "Mozilla/5.0 (Linux; Android 6.0.1; Nexus 5X Build/MMB29P) AppleWebKit/537.36 (KHTML, like Gecko) Chrome/146.0.7680.153 Mobile Safari/537.36 (compatible; GoogleOther)"
57.141.6.32 - - [30/Mar/2026:01:59:43 +0000] "GET /media_category-sitemap.xml?fileloc=/home/tourplannerslank/public_html/wp-admin/css/revisions-rtl.min.css&path=/home/tourplannerslank/public_html/wp-admin/css HTTP/2" 200 21567 "-" "meta-externalagent/1.1 (+https://developers.facebook.com/docs/sharing/webmasters/crawler)"
216.73.216.112 - - [30/Mar/2026:01:59:42 +0000] "GET /wp-sitemap.xml?path=%2Fhome%2Ftourplannerslank%2Fpublic_html%2Fstaging.tourplannerslanka.com%2Fwp-content%2Fspeedycache-config HTTP/2" 200 2945 "-" "Mozilla/5.0 AppleWebKit/537.36 (KHTML, like Gecko; compatible; ClaudeBot/1.0; +claudebot@anthropic.com)"
216.73.216.112 - - [30/Mar/2026:01:59:43 +0000] "GET /wp-sitemap.xml?fileloc=%2F%2Fsbin%2Fmkhomedir_helper&path=%2F%2Fsbin HTTP/2" 200 7646 "-" "Mozilla/5.0 AppleWebKit/537.36 (KHTML, like Gecko; compatible; ClaudeBot/1.0; +claudebot@anthropic.com)"
216.73.216.112 - - [30/Mar/2026:01:59:43 +0000] "GET /wp-sitemap.xml?fileloc=%2F%2Flib64%2Flibavahi-common.so.3&path=%2F%2Flib64 HTTP/2" 200 22973 "-" "Mozilla/5.0 AppleWebKit/537.36 (KHTML, like Gecko; compatible; ClaudeBot/1.0; +claudebot@anthropic.com)"
216.73.216.112 - - [30/Mar/2026:01:59:43 +0000] "GET /wp-sitemap.xml?fileloc=%2F%2Flib64%2FlibX11.so.6&path=%2F%2Flib64 HTTP/2" 200 610832 "-" "Mozilla/5.0 AppleWebKit/537.36 (KHTML, like Gecko; compatible; ClaudeBot/1.0; +claudebot@anthropic.com)"
216.73.216.112 - - [30/Mar/2026:01:59:43 +0000] "GET /wp-sitemap.xml?fileloc=%2F%2Flib64%2Flibpciaccess.so.0&path=%2F%2Flib64 HTTP/2" 200 18367 "-" "Mozilla/5.0 AppleWebKit/537.36 (KHTML, like Gecko; compatible; ClaudeBot/1.0; +claudebot@anthropic.com)"
216.73.216.112 - - [30/Mar/2026:01:59:44 +0000] "GET /faq_category/5-visas?path=%2Fhome%2Ftourplannerslank%2Fpublic_html%2Fwp-content%2Fuploads%2F2019 HTTP/2" 403 1242 "-" "Mozilla/5.0 AppleWebKit/537.36 (KHTML, like Gecko; compatible; ClaudeBot/1.0; +claudebot@anthropic.com)"
216.73.216.112 - - [30/Mar/2026:01:59:44 +0000] "GET /faq_category/5-visas?fileloc=%2F%2Flib64%2Flibxmlrpc_server.so.3.51&path=%2F%2Flib64 HTTP/2" 403 1242 "-" "Mozilla/5.0 AppleWebKit/537.36 (KHTML, like Gecko; compatible; ClaudeBot/1.0; +claudebot@anthropic.com)"
216.73.216.112 - - [30/Mar/2026:01:59:43 +0000] "GET /wp-sitemap.xml?fileloc=%2Fhome%2Ftourplannerslank%2Fpublic_html%2Fwp-admin%2Fincludes%2Fclass-wp-privacy-policy-content.php&path=%2Fhome%2Ftourplannerslank%2Fpublic_html%2Fwp-admin%2Fincludes HTTP/2" 200 11054 "-" "Mozilla/5.0 AppleWebKit/537.36 (KHTML, like Gecko; compatible; ClaudeBot/1.0; +claudebot@anthropic.com)"
216.73.216.112 - - [30/Mar/2026:01:59:44 +0000] "GET /wp-sitemap.xml?fileloc=%2Fhome%2Ftourplannerslank%2Fpublic_html%2FOLD%2Fwp-admin%2Findex.php&path=%2Fhome%2Ftourplannerslank%2Fpublic_html%2FOLD%2Fwp-admin HTTP/2" 200 5641 "-" "Mozilla/5.0 AppleWebKit/537.36 (KHTML, like Gecko; compatible; ClaudeBot/1.0; +claudebot@anthropic.com)"
216.73.216.112 - - [30/Mar/2026:01:59:45 +0000] "GET /faq_category/5-visas?fileloc=%2Fhome%2Ftourplannerslank%2Fpublic_html%2FOLD%2Fwp-includes%2Fplugin.php&path=%2Fhome%2Ftourplannerslank%2Fpublic_html%2FOLD%2Fwp-includes HTTP/2" 403 1242 "-" "Mozilla/5.0 AppleWebKit/537.36 (KHTML, like Gecko; compatible; ClaudeBot/1.0; +claudebot@anthropic.com)"
216.73.216.112 - - [30/Mar/2026:01:59:44 +0000] "GET /wp-sitemap.xml?fileloc=%2F%2Flib64%2Flibksba.so.8&path=%2F%2Flib64 HTTP/2" 200 97091 "-" "Mozilla/5.0 AppleWebKit/537.36 (KHTML, like Gecko; compatible; ClaudeBot/1.0; +claudebot@anthropic.com)"
57.141.6.34 - - [30/Mar/2026:01:59:37 +0000] "GET /media_category-sitemap.xml?fileloc=/home/tourplannerslank/public_html/wp-admin/css/wp-admin.min.css&path=/home/tourplannerslank/public_html/wp-admin/css HTTP/2" 200 13046 "-" "meta-externalagent/1.1 (+https://developers.facebook.com/docs/sharing/webmasters/crawler)"
57.141.6.14 - - [30/Mar/2026:01:59:38 +0000] "GET /media_category-sitemap.xml?fileloc=/home/tourplannerslank/public_html/wp-admin/includes/class-wp-plugins-list-table.php&path=/home/tourplannerslank/public_html/wp-admin/includes HTTP/2" 200 81419 "-" "meta-externalagent/1.1 (+https://developers.facebook.com/docs/sharing/webmasters/crawler)"
57.141.6.31 - - [30/Mar/2026:01:59:38 +0000] "GET /media_category-sitemap.xml?fileloc=/home/tourplannerslank/public_html/wp-admin/css/wp-admin-rtl.min.css&path=/home/tourplannerslank/public_html/wp-admin/css HTTP/2" 200 13110 "-" "meta-externalagent/1.1 (+https://developers.facebook.com/docs/sharing/webmasters/crawler)"
57.141.6.49 - - [30/Mar/2026:01:59:39 +0000] "GET /media_category-sitemap.xml?fileloc=/home/tourplannerslank/public_html/wp-admin/css/l10n-rtl.min.css&path=/home/tourplannerslank/public_html/wp-admin/css HTTP/2" 200 15760 "-" "meta-externalagent/1.1 (+https://developers.facebook.com/docs/sharing/webmasters/crawler)"
57.141.6.14 - - [30/Mar/2026:01:59:40 +0000] "GET /media_category-sitemap.xml?fileloc=/home/tourplannerslank/public_html/wp-admin/css/site-icon.css&path=/home/tourplannerslank/public_html/wp-admin/css HTTP/2" 200 17174 "-" "meta-externalagent/1.1 (+https://developers.facebook.com/docs/sharing/webmasters/crawler)"
57.141.6.53 - - [30/Mar/2026:01:59:40 +0000] "GET /media_category-sitemap.xml?fileloc=/home/tourplannerslank/public_html/wp-admin/css/about-rtl.min.css&path=/home/tourplannerslank/public_html/wp-admin/css HTTP/2" 200 53852 "-" "meta-externalagent/1.1 (+https://developers.facebook.com/docs/sharing/webmasters/crawler)"
57.141.6.17 - - [30/Mar/2026:01:59:42 +0000] "GET /media_category-sitemap.xml?fileloc=/home/tourplannerslank/public_html/wp-admin/css/dashboard.min.css&path=/home/tourplannerslank/public_html/wp-admin/css HTTP/2" 200 36490 "-" "meta-externalagent/1.1 (+https://developers.facebook.com/docs/sharing/webmasters/crawler)"
57.141.6.43 - - [30/Mar/2026:01:59:42 +0000] "GET /media_category-sitemap.xml?fileloc=/home/tourplannerslank/public_html/wp-admin/css/code-editor-rtl.css&path=/home/tourplannerslank/public_html/wp-admin/css HTTP/2" 200 14237 "-" "meta-externalagent/1.1 (+https://developers.facebook.com/docs/sharing/webmasters/crawler)"
57.141.6.8 - - [30/Mar/2026:01:59:42 +0000] "GET /media_category-sitemap.xml?fileloc=/home/tourplannerslank/public_html/wp-admin/network/index.php&path=/home/tourplannerslank/public_html/wp-admin/network HTTP/2" 200 16584 "-" "meta-externalagent/1.1 (+https://developers.facebook.com/docs/sharing/webmasters/crawler)"
57.141.6.70 - - [30/Mar/2026:01:59:44 +0000] "GET /media_category-sitemap.xml?fileloc=/home/tourplannerslank/public_html/wp-admin/css/nav-menus.min.css&path=/home/tourplannerslank/public_html/wp-admin/css HTTP/2" 200 26793 "-" "meta-externalagent/1.1 (+https://developers.facebook.com/docs/sharing/webmasters/crawler)"
57.141.6.61 - - [30/Mar/2026:01:59:44 +0000] "GET /media_category-sitemap.xml?fileloc=/home/tourplannerslank/public_html/wp-admin/network/profile.php&path=/home/tourplannerslank/public_html/wp-admin/network HTTP/2" 200 12840 "-" "meta-externalagent/1.1 (+https://developers.facebook.com/docs/sharing/webmasters/crawler)"
57.141.6.67 - - [30/Mar/2026:01:59:45 +0000] "GET /media_category-sitemap.xml?fileloc=/home/tourplannerslank/public_html/wp-admin/css/media-rtl.min.css&path=/home/tourplannerslank/public_html/wp-admin/css HTTP/2" 200 34820 "-" "meta-externalagent/1.1 (+https://developers.facebook.com/docs/sharing/webmasters/crawler)"
216.73.216.112 - - [30/Mar/2026:01:59:44 +0000] "GET /wp-sitemap.xml?fileloc=%2F%2Flib64%2Flibasm-0.190.so&path=%2F%2Flib64 HTTP/2" 200 15844 "-" "Mozilla/5.0 AppleWebKit/537.36 (KHTML, like Gecko; compatible; ClaudeBot/1.0; +claudebot@anthropic.com)"
57.141.6.21 - - [30/Mar/2026:01:59:45 +0000] "GET /media_category-sitemap.xml?fileloc=/home/tourplannerslank/public_html/wp-admin/css/widgets.css&path=/home/tourplannerslank/public_html/wp-admin/css HTTP/2" 200 30319 "-" "meta-externalagent/1.1 (+https://developers.facebook.com/docs/sharing/webmasters/crawler)"
216.73.216.112 - - [30/Mar/2026:01:59:44 +0000] "GET /wp-sitemap.xml?fileloc=%2Fhome%2Ftourplannerslank%2Fpublic_html%2Fwp-admin%2Fjs%2Feditor.js&path=%2Fhome%2Ftourplannerslank%2Fpublic_html%2Fwp-admin%2Fjs HTTP/2" 200 16060 "-" "Mozilla/5.0 AppleWebKit/537.36 (KHTML, like Gecko; compatible; ClaudeBot/1.0; +claudebot@anthropic.com)"
216.73.216.112 - - [30/Mar/2026:01:59:45 +0000] "GET /faq_category/5-visas?path=%2Fhome%2Ftourplannerslank%2Fpublic_html%2Fwp-includes%2Fblocks%2Fsite-title HTTP/2" 403 1242 "-" "Mozilla/5.0 AppleWebKit/537.36 (KHTML, like Gecko; compatible; ClaudeBot/1.0; +claudebot@anthropic.com)"
216.73.216.112 - - [30/Mar/2026:01:59:45 +0000] "GET /faq_category/5-visas?fileloc=%2F%2Fbin%2Fwho&path=%2F%2Fbin HTTP/2" 403 1242 "-" "Mozilla/5.0 AppleWebKit/537.36 (KHTML, like Gecko; compatible; ClaudeBot/1.0; +claudebot@anthropic.com)"
216.73.216.112 - - [30/Mar/2026:01:59:45 +0000] "GET /faq_category/5-visas?path=%2Fhome%2Ftourplannerslank%2Fpublic_html%2Fwp-content%2Fplugins%2Fpagelayer-pro HTTP/2" 403 1242 "-" "Mozilla/5.0 AppleWebKit/537.36 (KHTML, like Gecko; compatible; ClaudeBot/1.0; +claudebot@anthropic.com)"
216.73.216.112 - - [30/Mar/2026:01:59:46 +0000] "GET /wp-sitemap.xml?fileloc=%2Fhome%2Ftourplannerslank%2Fpublic_html%2FOLD%2Fwp-admin%2Fpress-this.php&path=%2Fhome%2Ftourplannerslank%2Fpublic_html%2FOLD%2Fwp-admin HTTP/2" 200 3519 "-" "Mozilla/5.0 AppleWebKit/537.36 (KHTML, like Gecko; compatible; ClaudeBot/1.0; +claudebot@anthropic.com)"
216.73.216.112 - - [30/Mar/2026:01:59:46 +0000] "GET /wp-sitemap.xml?fileloc=%2F%2Flib64%2Flibz.so.1&path=%2F%2Flib64 HTTP/2" 200 48026 "-" "Mozilla/5.0 AppleWebKit/537.36 (KHTML, like Gecko; compatible; ClaudeBot/1.0; +claudebot@anthropic.com)"
216.73.216.112 - - [30/Mar/2026:01:59:45 +0000] "GET /wp-sitemap.xml?fileloc=%2Fhome%2Ftourplannerslank%2Fpublic_html%2FOLD%2Fwp-admin%2Fadmin-footer.php&path=%2Fhome%2Ftourplannerslank%2Fpublic_html%2FOLD%2Fwp-admin HTTP/2" 200 3612 "-" "Mozilla/5.0 AppleWebKit/537.36 (KHTML, like Gecko; compatible; ClaudeBot/1.0; +claudebot@anthropic.com)"
216.73.216.112 - - [30/Mar/2026:01:59:45 +0000] "GET /wp-sitemap.xml?fileloc=%2F%2Flib64%2Flibgmodule-2.0.so.0.5600.4&path=%2F%2Flib64 HTTP/2" 200 8405 "-" "Mozilla/5.0 AppleWebKit/537.36 (KHTML, like Gecko; compatible; ClaudeBot/1.0; +claudebot@anthropic.com)"
216.73.216.112 - - [30/Mar/2026:01:59:45 +0000] "GET /wp-sitemap.xml?fileloc=%2F%2Flib64%2Flibip6tc.so.2&path=%2F%2Flib64 HTTP/2" 200 16128 "-" "Mozilla/5.0 AppleWebKit/537.36 (KHTML, like Gecko; compatible; ClaudeBot/1.0; +claudebot@anthropic.com)"
216.73.216.112 - - [30/Mar/2026:01:59:36 +0000] "GET /wp-sitemap.xml?fileloc=%2F%2Flib64%2Flibnfsidmap.so.1.0.0&path=%2F%2Flib64 HTTP/2" 200 0 "-" "Mozilla/5.0 AppleWebKit/537.36 (KHTML, like Gecko; compatible; ClaudeBot/1.0; +claudebot@anthropic.com)"
216.73.216.112 - - [30/Mar/2026:01:59:36 +0000] "GET /wp-sitemap.xml?fileloc=%2F%2Flib64%2Flibmnl.so.0.2.0&path=%2F%2Flib64 HTTP/2" 200 0 "-" "Mozilla/5.0 AppleWebKit/537.36 (KHTML, like Gecko; compatible; ClaudeBot/1.0; +claudebot@anthropic.com)"
216.73.216.112 - - [30/Mar/2026:01:59:36 +0000] "GET /wp-sitemap.xml?fileloc=%2F%2Flib64%2Flibgmp.so.10.3.2&path=%2F%2Flib64 HTTP/2" 200 0 "-" "Mozilla/5.0 AppleWebKit/537.36 (KHTML, like Gecko; compatible; ClaudeBot/1.0; +claudebot@anthropic.com)"
57.141.6.39 - - [30/Mar/2026:01:59:36 +0000] "GET /media_category-sitemap.xml?fileloc=/home/tourplannerslank/public_html/wp-admin/css/customize-widgets-rtl.min.css&path=/home/tourplannerslank/public_html/wp-admin/css HTTP/2" 200 23979 "-" "meta-externalagent/1.1 (+https://developers.facebook.com/docs/sharing/webmasters/crawler)"
57.141.6.59 - - [30/Mar/2026:01:59:36 +0000] "GET /media_category-sitemap.xml?fileloc=/home/tourplannerslank/public_html/wp-admin/css/edit-rtl.css&path=/home/tourplannerslank/public_html/wp-admin/css HTTP/2" 200 51680 "-" "meta-externalagent/1.1 (+https://developers.facebook.com/docs/sharing/webmasters/crawler)"
57.141.6.8 - - [30/Mar/2026:01:59:36 +0000] "GET /media_category-sitemap.xml?fileloc=/home/tourplannerslank/public_html/wp-admin/css/edit.min.css&path=/home/tourplannerslank/public_html/wp-admin/css HTTP/2" 200 43356 "-" "meta-externalagent/1.1 (+https://developers.facebook.com/docs/sharing/webmasters/crawler)"
57.141.6.23 - - [30/Mar/2026:01:59:39 +0000] "GET /media_category-sitemap.xml?fileloc=/home/tourplannerslank/public_html/wp-admin/css/color-picker-rtl.css&path=/home/tourplannerslank/public_html/wp-admin/css HTTP/2" 200 16431 "-" "meta-externalagent/1.1 (+https://developers.facebook.com/docs/sharing/webmasters/crawler)"
57.141.6.49 - - [30/Mar/2026:01:59:40 +0000] "GET /media_category-sitemap.xml?fileloc=/home/tourplannerslank/public_html/wp-admin/css/site-health.css&path=/home/tourplannerslank/public_html/wp-admin/css HTTP/2" 200 19127 "-" "meta-externalagent/1.1 (+https://developers.facebook.com/docs/sharing/webmasters/crawler)"
57.141.6.41 - - [30/Mar/2026:01:59:40 +0000] "GET /media_category-sitemap.xml?fileloc=/home/tourplannerslank/public_html/wp-admin/css/code-editor.css&path=/home/tourplannerslank/public_html/wp-admin/css HTTP/2" 200 14194 "-" "meta-externalagent/1.1 (+https://developers.facebook.com/docs/sharing/webmasters/crawler)"
57.141.6.20 - - [30/Mar/2026:01:59:42 +0000] "GET /media_category-sitemap.xml?fileloc=/home/tourplannerslank/public_html/wp-admin/css/wp-admin.css&path=/home/tourplannerslank/public_html/wp-admin/css HTTP/2" 200 12947 "-" "meta-externalagent/1.1 (+https://developers.facebook.com/docs/sharing/webmasters/crawler)"
57.141.6.18 - - [30/Mar/2026:01:59:43 +0000] "GET /media_category-sitemap.xml?fileloc=/home/tourplannerslank/public_html/wp-admin/css/list-tables-rtl.css&path=/home/tourplannerslank/public_html/wp-admin/css HTTP/2" 200 57677 "-" "meta-externalagent/1.1 (+https://developers.facebook.com/docs/sharing/webmasters/crawler)"
57.141.6.15 - - [30/Mar/2026:01:59:44 +0000] "GET /media_category-sitemap.xml?fileloc=/home/tourplannerslank/public_html/wp-admin/css/customize-nav-menus.min.css&path=/home/tourplannerslank/public_html/wp-admin/css HTTP/2" 200 31218 "-" "meta-externalagent/1.1 (+https://developers.facebook.com/docs/sharing/webmasters/crawler)"
57.141.6.7 - - [30/Mar/2026:01:59:44 +0000] "GET /media_category-sitemap.xml?fileloc=/home/tourplannerslank/public_html/wp-admin/css/nav-menus-rtl.min.css&path=/home/tourplannerslank/public_html/wp-admin/css HTTP/2" 200 26823 "-" "meta-externalagent/1.1 (+https://developers.facebook.com/docs/sharing/webmasters/crawler)"
57.141.6.18 - - [30/Mar/2026:01:59:45 +0000] "GET /media_category-sitemap.xml?fileloc=/home/tourplannerslank/public_html/wp-admin/css/edit-rtl.min.css&path=/home/tourplannerslank/public_html/wp-admin/css HTTP/2" 200 43368 "-" "meta-externalagent/1.1 (+https://developers.facebook.com/docs/sharing/webmasters/crawler)"
57.141.6.63 - - [30/Mar/2026:01:59:46 +0000] "GET /media_category-sitemap.xml?fileloc=/home/tourplannerslank/public_html/wp-admin/network/edit.php&path=/home/tourplannerslank/public_html/wp-admin/network HTTP/2" 200 13531 "-" "meta-externalagent/1.1 (+https://developers.facebook.com/docs/sharing/webmasters/crawler)"
57.141.6.60 - - [30/Mar/2026:01:59:47 +0000] "GET /media_category-sitemap.xml?fileloc=/home/tourplannerslank/public_html/wp-admin/css/color-picker.css&path=/home/tourplannerslank/public_html/wp-admin/css HTTP/2" 200 16389 "-" "meta-externalagent/1.1 (+https://developers.facebook.com/docs/sharing/webmasters/crawler)"
216.73.216.112 - - [30/Mar/2026:01:59:37 +0000] "GET /wp-sitemap.xml?fileloc=%2F%2Flib64%2Flibgs.so.9&path=%2F%2Flib64 HTTP/2" 200 0 "-" "Mozilla/5.0 AppleWebKit/537.36 (KHTML, like Gecko; compatible; ClaudeBot/1.0; +claudebot@anthropic.com)"
216.73.216.112 - - [30/Mar/2026:01:59:46 +0000] "GET /wp-sitemap.xml?fileloc=%2Fhome%2Ftourplannerslank%2Fpublic_html%2FOLD%2Fwp-includes%2Ftemplate-canvas.php&path=%2Fhome%2Ftourplannerslank%2Fpublic_html%2FOLD%2Fwp-includes HTTP/2" 200 2822 "-" "Mozilla/5.0 AppleWebKit/537.36 (KHTML, like Gecko; compatible; ClaudeBot/1.0; +claudebot@anthropic.com)"
